000
CXUS53 KPAH 010658
CLSPAH

CLIMATE REPORT
NATIONAL WEATHER SERVICE PADUCAH KY
1248 AM CST FRI MAR 1 2019

...................................

...THE PADUCAH KY CLIMATE SUMMARY FOR THE WINTER SEASON, FROM
12/1/2018 TO 2/28/2019...

CLIMATE NORMAL PERIOD 1981 TO 2010
CLIMATE RECORD PERIOD 1937 TO 2019

WEATHER         OBSERVED          NORMAL  DEPART
                 VALUE   DATE(S)  VALUE   FROM
                                          NORMAL
................................................
TEMPERATURE (F)
RECORD
 HIGH              78   02/13/1962
 LOW              -15   01/20/1985
HIGHEST            70   02/03        45      25
LOWEST             12   01/30        27     -15
AVG. MAXIMUM     48.9              46.1     2.8
AVG. MINIMUM     32.4              28.0     4.4
MEAN             40.6              37.0     3.6
DAYS MAX >= 90      0               0.0     0.0
DAYS MAX <= 32      6              10.8    -4.8
DAYS MIN <= 32     50              59.4    -9.4
DAYS MIN <= 0       0               1.1    -1.1

PRECIPITATION (INCHES)
RECORD
 MAXIMUM        27.23   1949
 MINIMUM         3.98   1962
TOTALS          20.79             12.18    8.61
DAILY AVG.       0.23              0.14    0.09
DAYS >= .01        39              28.7    10.3
DAYS >= .10        21              18.6     2.4
DAYS >= .50        17               8.4     8.6
DAYS >= 1.00        9               3.3     5.7
GREATEST
 24 HR. TOTAL    1.81   MM
 STORM TOTAL       MM
 (MM/DD(HH))            MM

SNOWFALL (INCHES)
RECORDS
 TOTAL           24.7   1978
 24 HR TOTAL     14.0   12/22/2004 TO 12/22/2004
TOTALS            3.5               8.4    -4.9
 LIQUID EQUIV    0.35
SINCE 7/1         5.8               8.5    -2.7
 LIQUID 7/1      0.58
SNOWDEPTH AVG.      0
DAYS >= TRACE      18
DAYS >= 1.0         1
GREATEST
 SNOW DEPTH         2   01/20
 24 HR TOTAL      1.8   MM
 STORM TOTAL       MM
 (MM/DD(HH))            MM

DEGREE_DAYS
HEATING TOTAL    2179              2519    -340
 SINCE 7/1         MM              3296      MM
COOLING TOTAL       0                 1      -1
 SINCE 1/1          0                 0       0

FREEZE DATES
RECORD
 EARLIEST     10/01/1984
 LATEST       04/28/1992
EARLIEST                        10/26
LATEST                          04/04
.................................................

WIND (MPH)
AVERAGE WIND SPEED              7.7
HIGHEST WIND SPEED/DIRECTION    41/250    DATE  02/07
HIGHEST GUST SPEED/DIRECTION    60/270    DATE  02/07

SKY COVER
POSSIBLE SUNSHINE (PERCENT)   MM
AVERAGE SKY COVER           0.50
NUMBER OF DAYS FAIR           29
NUMBER OF DAYS PC             24
NUMBER OF DAYS CLOUDY         37

AVERAGE RH (PERCENT)     71

WEATHER CONDITIONS. NUMBER OF DAYS WITH
THUNDERSTORM              6     MIXED PRECIP               0
HEAVY RAIN               14     RAIN                      21
LIGHT RAIN               39     FREEZING RAIN              1
LT FREEZING RAIN          2     HAIL                       0
HEAVY SNOW                0     SNOW                       1
LIGHT SNOW               13     SLEET                      2
FOG                      51     FOG W/VIS <= 1/4 MILE      2
HAZE                     16

-  INDICATES NEGATIVE NUMBERS.
R  INDICATES RECORD WAS SET OR TIED.
MM INDICATES DATA IS MISSING.
T  INDICATES TRACE AMOUNT.

$$
