000
CXUS53 KPAH 291549
CLSPAH


CLIMATE REPORT
NATIONAL WEATHER SERVICE PADUCAH
949 AM CST WED JAN 29 2020

...................................

...THE PADUCAH KY CLIMATE SUMMARY FOR THE SEASON, FROM
9/1/2019 TO 11/30/2019...

CLIMATE NORMAL PERIOD 1981 TO 2010
CLIMATE RECORD PERIOD 1937 TO 2020

WEATHER         OBSERVED          NORMAL  DEPART   LAST YEAR`S
                VALUE   DATE(S)   VALUE   FROM     VALUE
                                          NORMAL
..............................................................
TEMPERATURE (F)
RECORD
 HIGH            104   09/05/1954
                       09/09/1939
 LOW              -3   11/25/1950
HIGHEST           97   09/16         70      27
LOWEST            10   11/13         48     -38
AVG. MAXIMUM    72.1               70.5     1.6
AVG. MINIMUM    47.4               47.4    -0.0
MEAN            59.7               59.0     0.7
DAYS MAX >= 90    24                4.3    19.7
DAYS MAX <= 32     1                0.1     0.9
DAYS MIN <= 32    17               10.8     6.2
DAYS MIN <= 0      0                0.0     0.0

PRECIPITATION (INCHES)
RECORD
 MAXIMUM       22.54   2006
 MINIMUM        3.10   1963
TOTALS         12.35              12.01    0.34
DAILY AVG.      0.14               0.13    0.01
DAYS >= .01       23               24.5    -1.5
DAYS >= .10       19               16.6     2.4
DAYS >= .50        8                7.8     0.2
DAYS >= 1.00       5                3.8     1.2
GREATEST
 24 HR. TOTAL   2.60   10/26 TO 10/26


SNOWFALL (INCHES)
RECORDS
 TOTAL           2.8   2014
 24 HR TOTAL     2.1   MM
TOTALS           1.2                0.1     1.1
 LIQUID EQUIV   0.10
SINCE 7/1        1.2                0.1     1.1
 LIQUID 7/1     0.12
SNOWDEPTH AVG.     0
DAYS >= TRACE      2
DAYS >= 1.0        1
GREATEST
 SNOW DEPTH        1   11/12


DEGREE DAYS
HEATING TOTAL    887                776     111
 SINCE 7/1       887                777     110
COOLING TOTAL    431                228     203
 SINCE 1/1      1856               1542     314

FREEZE DATES
RECORD
 EARLIEST     10/01/1984
 LATEST       04/28/1992
EARLIEST                        10/26
LATEST                          04/04
..............................................................

WIND (MPH)
AVERAGE WIND SPEED              5.3
HIGHEST WIND SPEED/DIRECTION    32/260    DATE  11/27
HIGHEST GUST SPEED/DIRECTION    44/250    DATE  11/27

SKY COVER
POSSIBLE SUNSHINE (PERCENT)   MM
AVERAGE SKY COVER           0.25
NUMBER OF DAYS FAIR           65
NUMBER OF DAYS PC             17
NUMBER OF DAYS CLOUDY          9

AVERAGE RH (PERCENT)     68

WEATHER CONDITIONS. NUMBER OF DAYS WITH
THUNDERSTORM              5     MIXED PRECIP               0
HEAVY RAIN               15     RAIN                      17
LIGHT RAIN               27     FREEZING RAIN              1
LT FREEZING RAIN          1     HAIL                       0
HEAVY SNOW                0     SNOW                       0
LIGHT SNOW                1     SLEET                      0
FOG                      52     FOG W/VIS <= 1/4 MILE      3
HAZE                     17

-  INDICATES NEGATIVE NUMBERS.
R  INDICATES RECORD WAS SET OR TIED.
MM INDICATES DATA IS MISSING.
T  INDICATES TRACE AMOUNT.

$$
