000
CXUS53 KPAH 012130
CLSPAH

SDFCLMPAS 000
TTAA00 KPAH 012125


CLIMATE REPORT
NATIONAL WEATHER SERVICE PADUCAH KY
322 PM CST SAT DEC 1 2018

...................................

...THE PADUCAH KY CLIMATE SUMMARY FOR THE FALL SEASON, FROM
9/1/2018 TO 11/30/2018...

CLIMATE NORMAL PERIOD 1981 TO 2010
CLIMATE RECORD PERIOD 1937 TO 2018

WEATHER         OBSERVED          NORMAL  DEPART
                 VALUE   DATE(S)  VALUE   FROM
                                          NORMAL
................................................
TEMPERATURE (F)
RECORD
 HIGH             104   09/05/1954
                        09/09/1939
 LOW               -3   11/25/1950
HIGHEST            97   09/20        70      27
LOWEST             18   11/28        48     -30
AVG. MAXIMUM     69.5              70.5    -1.0
AVG. MINIMUM     49.3              47.4     1.9
MEAN             59.4              59.0     0.4
DAYS MAX >= 90     21               4.3    16.7
DAYS MAX <= 32      0               0.1    -0.1
DAYS MIN <= 32     15              10.8     4.2
DAYS MIN <= 0       0               0.0     0.0

PRECIPITATION (INCHES)
RECORD
 MAXIMUM        22.54   2006
 MINIMUM         3.10   1963
TOTALS          16.68             12.01    4.67
DAILY AVG.       0.19              0.13    0.06
DAYS >= .01        33              24.5     8.5
DAYS >= .10        24              16.6     7.4
DAYS >= .50         9               7.8     1.2
DAYS >= 1.00        5               3.8     1.2
GREATEST
 24 HR. TOTAL    2.59   MM
 STORM TOTAL       MM
 (MM/DD(HH))            MM

SNOWFALL (INCHES)
RECORDS
 TOTAL            2.8   2014
 24 HR TOTAL      2.1   MM
TOTALS            2.3               0.1     2.2
 LIQUID EQUIV    0.23
SINCE 7/1         2.3               0.1     2.2
 LIQUID 7/1      0.23
SNOWDEPTH AVG.      0
DAYS >= TRACE       5
DAYS >= 1.0         1
GREATEST
 SNOW DEPTH         2R  11/14
 24 HR TOTAL      1.6   MM
 STORM TOTAL       MM
 (MM/DD(HH))            MM

DEGREE_DAYS
HEATING TOTAL     933               776     157
 SINCE 7/1         MM               777      MM
COOLING TOTAL     449               228     221
 SINCE 1/1       2138              1542     596

FREEZE DATES
RECORD
 EARLIEST     10/01/1984
 LATEST       04/28/1992
EARLIEST                        10/26
LATEST                          04/04
.................................................

WIND (MPH)
AVERAGE WIND SPEED              5.6
HIGHEST WIND SPEED/DIRECTION    46/260    DATE  11/25
HIGHEST GUST SPEED/DIRECTION    49/250    DATE  11/25

SKY COVER
POSSIBLE SUNSHINE (PERCENT)   MM
AVERAGE SKY COVER           0.40
NUMBER OF DAYS FAIR           49
NUMBER OF DAYS PC             24
NUMBER OF DAYS CLOUDY         18

AVERAGE RH (PERCENT)     71

WEATHER CONDITIONS. NUMBER OF DAYS WITH
THUNDERSTORM              8     MIXED PRECIP               0
HEAVY RAIN               14     RAIN                      20
LIGHT RAIN               36     FREEZING RAIN              0
LT FREEZING RAIN          0     HAIL                       0
HEAVY SNOW                0     SNOW                       1
LIGHT SNOW                3     SLEET                      2
FOG                      61     FOG W/VIS <= 1/4 MILE      5
HAZE                     20

-  INDICATES NEGATIVE NUMBERS.
R  INDICATES RECORD WAS SET OR TIED.
MM INDICATES DATA IS MISSING.
T  INDICATES TRACE AMOUNT.

$$
