897
CXUS55 KPUB 101913
CLSPUB

CLIMATE REPORT
NATIONAL WEATHER SERVICE
1212 PM MST TUE DEC 10 2019

...................................

...THE PUEBLO CO CLIMATE SUMMARY FOR THE SEASON, FROM
9/1/2019 TO 11/30/2019...

CLIMATE NORMAL PERIOD: 1981 TO 2010
CLIMATE RECORD PERIOD: 1888 TO 2019

WEATHER         OBSERVED          NORMAL  DEPART   LAST YEAR`S
                VALUE   DATE(S)   VALUE   FROM     VALUE DATE(S)
                                          NORMAL
................................................................
TEMPERATURE (F)
RECORD
 HIGH            102   09/05/2019
                       09/02/2019

 LOW             -17   11/29/1896

HIGHEST          102R  09/02                          99  09/13
                       09/05
LOWEST            -6   10/30                          11  11/26

AVG. MAXIMUM    69.3               69.0     0.3     68.7
AVG. MINIMUM    35.7               34.8     0.9     37.8
MEAN            52.5               51.9     0.6     53.3

DAYS MAX >= 90    18
DAYS MAX <= 32     5
DAYS MIN <= 32    48
DAYS MIN <= 0      2

PRECIPITATION (INCHES)
RECORD
 MAXIMUM        7.74   1957
 MINIMUM        0.19   1948

TOTALS          2.18               1.96    0.22     1.95
DAILY AVG.      0.02               0.02    0.00

DAYS >= .01       15
DAYS >= .10        9
DAYS >= .50        0
DAYS >= 1.00       0

GREATEST
 24 HR. TOTAL   0.61   10/23 TO 10/24               0.58  10/24 TO 10/24

SNOWFALL (INCHES)
RECORDS
 MAXIMUM        41.9   1991
 MINIMUM         0.0   2005

TOTALS          17.0                6.0    11.0      4.6
SINCE 7/1       17.0                6.0    11.0      4.6

SNOWDEPTH AVG.     0
DAYS >= TRACE     12                3.5     8.5
DAYS >= 1.0        7                1.6     5.4

GREATEST
 SNOW DEPTH        5   10/30                           3  11/12
 24 HR TOTAL     5.2   10/29 TO 10/30                4.2  11/11 TO 11/12

DEGREE DAYS
HEATING TOTAL   1372               1276      96     1244
 SINCE 7/1      1372               1281      91     1244
COOLING TOTAL    247                 85     162      199
 SINCE 1/1      1226                897     329     1419
................................................................

WIND (MPH)
AVERAGE WIND SPEED              7.6
HIGHEST WIND SPEED/DIRECTION    46/010    DATE  10/09
HIGHEST GUST SPEED/DIRECTION    62/010    DATE  10/09

SKY COVER
POSSIBLE SUNSHINE (PERCENT)   MM
AVERAGE SKY COVER           0.17
NUMBER OF DAYS FAIR           72
NUMBER OF DAYS PC             12
NUMBER OF DAYS CLOUDY          7

AVERAGE RH (PERCENT)     52

WEATHER CONDITIONS. NUMBER OF DAYS WITH
THUNDERSTORM              4     MIXED PRECIP               1
HEAVY RAIN                2     RAIN                       5
LIGHT RAIN               11     FREEZING RAIN              0
LT FREEZING RAIN          5     HAIL                       1
HEAVY SNOW                2     SNOW                       7
LIGHT SNOW               11     SLEET                      0
FOG                      21     FOG W/VIS <= 1/4 MILE      4
HAZE                     12

-  INDICATES NEGATIVE NUMBERS.
R  INDICATES RECORD WAS SET OR TIED.
MM INDICATES DATA IS MISSING.
T  INDICATES TRACE AMOUNT.

$$
