445
CXUS55 KPUB 020252
CLSPUB

CLIMATE REPORT
NATIONAL WEATHER SERVICE PUEBLO
752 PM MST SAT DEC 1 2018

...................................

...THE PUEBLO CO CLIMATE SUMMARY FOR THE SEASON, FROM
9/1/2018 TO 11/30/2018...

CLIMATE NORMAL PERIOD 1981 TO 2010
CLIMATE RECORD PERIOD 1888 TO 2018

WEATHER         OBSERVED          NORMAL  DEPART  LAST YEAR`S
                 VALUE   DATE(S)  VALUE   FROM    VALUE  DATE(S)
                                          NORMAL
................................................................
TEMPERATURE (F)
RECORD
 HIGH             101   09/05/1995
 LOW              -17   11/29/1896

HIGHEST            99   09/13                         98  09/03
LOWEST             11   11/26                         17  11/19

AVG. MAXIMUM     68.7              69.0    -0.3     71.3
AVG. MINIMUM     37.8              34.8     3.0     38.9

MEAN             53.3              51.9     1.4     55.1

DAYS MAX >= 90     13
DAYS MAX <= 32      0
DAYS MIN <= 32     36
DAYS MIN <= 0       0

PRECIPITATION (INCHES)
RECORD
 MAXIMUM         7.74   1957
 MINIMUM         0.19   1948

TOTALS           1.95              1.96   -0.01     1.72

DAILY AVG.       0.02              0.02    0.00
DAYS >= .01        15
DAYS >= .10         7
DAYS >= .50         1
DAYS >= 1.00        0

GREATEST
 24 HR. TOTAL    0.58   10/24 TO 10/24

SNOWFALL (INCHES)
RECORDS
 MAXIMUM         41.9   1991
 MINIMUM          0.0   2005 1901 1899 1888

TOTALS            4.6               6.0    -1.4      1.4
SINCE 7/1         4.6               6.0    -1.4

SNOWDEPTH AVG.      0
DAYS >= TRACE       6               3.5     2.5
DAYS >= 1.0         1               1.6    -0.6

GREATEST
 SNOW DEPTH         3   11/12                          1
 24 HR TOTAL      4.2   11/11 TO 11/12


DEGREE_DAYS
HEATING TOTAL    1244              1276     -32     1021
 SINCE 7/1       1244              1281     -37     1021
COOLING TOTAL     199                85     114      146
 SINCE 1/1       1419               897     522     1027
.................................................................

WIND (MPH)
AVERAGE WIND SPEED              7.0
HIGHEST WIND SPEED/DIRECTION    47/020    DATE  10/14
HIGHEST GUST SPEED/DIRECTION    65/010    DATE  10/14

SKY COVER

AVERAGE SKY COVER           0.30
NUMBER OF DAYS FAIR           60
NUMBER OF DAYS PC             19
NUMBER OF DAYS CLOUDY         12

AVERAGE RH (PERCENT)     56

WEATHER CONDITIONS. NUMBER OF DAYS WITH

THUNDERSTORM          5   MIXED PRECIP           1
HEAVY RAIN            2   RAIN                   5
LIGHT RAIN           23   FREEZING RAIN          0
LT FREEZING RAIN      1   HAIL                   0
HEAVY SNOW            0   SNOW                   1
LIGHT SNOW            6   SLEET                  0
FOG                  18   FOG W/VIS <= 1/4 MILE  4
HAZE                  9

-  INDICATES NEGATIVE NUMBERS.
R  INDICATES RECORD WAS SET OR TIED.
MM INDICATES DATA IS MISSING.
T  INDICATES TRACE AMOUNT.

$$
!--NOT SENT--!
