000
CXUS55 KPUB 031742 CCA
CLSPUB

CLIMATE REPORT
NATIONAL WEATHER SERVICE PUEBLO
823 AM MDT SUN JUN 2 2019

...................................

...THE PUEBLO CO CLIMATE SUMMARY FOR THE SEASON, FROM
3/1/2019 TO 5/31/2019...

CLIMATE NORMAL PERIOD 1981 TO 2010
CLIMATE RECORD PERIOD 1888 TO 2019

WEATHER         OBSERVED          NORMAL  DEPART  LAST YEAR`S
                 VALUE   DATE(S)  VALUE   FROM    VALUE  DATE(S)
                                          NORMAL
................................................................
TEMPERATURE (F)
RECORD
 HIGH             102   05/31/2002
                        05/30/2000
                        05/29/2000
 LOW              -20   03/05/1948

HIGHEST            90   05/15                         98  05/26
LOWEST              2   03/05                         11  03/07

AVG. MAXIMUM     66.2              67.7    -1.5     73.0
AVG. MINIMUM     34.7              34.5     0.2     36.4
MEAN             50.5              51.1    -0.6     54.7

DAYS MAX >= 90      1
DAYS MAX <= 32      3
DAYS MIN <= 32     30
DAYS MIN <= 0       0

PRECIPITATION (INCHES)
RECORD
 MAXIMUM         9.78   1900
 MINIMUM         0.42   2002

TOTALS           3.59              3.84   -0.25     1.13
DAILY AVG.       0.04              0.04    0.00

DAYS >= .01        22
DAYS >= .10         7
DAYS >= .50         3
DAYS >= 1.00        1

GREATEST
 24 HR. TOTAL    1.87   05/20 TO 05/21

SNOWFALL (INCHES)
RECORDS
 MAXIMUM         31.5   1990
 MINIMUM            T   2018
                        1910

TOTALS            2.2              10.0    -7.8        T
SINCE 7/1        17.8              31.8   -14.0

SNOWDEPTH AVG.      0

DAYS >= TRACE      10               6.2     3.8
DAYS >= 1.0         1               2.9    -1.9
GREATEST
 SNOW DEPTH         2   03/03                          0
                        03/04
 24 HR TOTAL      1.7   03/02 TO 03/03

DEGREE_DAYS
HEATING TOTAL    1320              1311       9     1060
 SINCE 7/1       5400              5613    -213     4876
COOLING TOTAL       9                34     -25      137
 SINCE 1/1          9                34     -25      137
.................................................................

WIND (MPH)
AVERAGE WIND SPEED              8.9

HIGHEST WIND SPEED/DIRECTION    59/350    DATE  03/13
HIGHEST GUST SPEED/DIRECTION    78/340    DATE  03/13

SKY COVER
POSSIBLE SUNSHINE (PERCENT)   MM
AVERAGE SKY COVER           0.30
NUMBER OF DAYS FAIR           53
NUMBER OF DAYS PC             19
NUMBER OF DAYS CLOUDY         20

AVERAGE RH (PERCENT)     56

WEATHER CONDITIONS. NUMBER OF DAYS WITH
THUNDERSTORM              6     MIXED PRECIP                1
HEAVY RAIN                4     RAIN                        7
LIGHT RAIN               33     FREEZING RAIN               0
LT FREEZING RAIN          0     HAIL                        1
HEAVY SNOW                0     SNOW                        0
LIGHT SNOW                8     SLEET                       0
FOG                      27     FOG W/VIS <= 1/4 MILE       6
HAZE                      9

-  INDICATES NEGATIVE NUMBERS.
R  INDICATES RECORD WAS SET OR TIED.
MM INDICATES DATA IS MISSING.
T  INDICATES TRACE AMOUNT.

$$
