000
CXUS51 KCLE 041956
CLSTOL


CLIMATE REPORT
NATIONAL WEATHER SERVICE CLEVELAND OH
339 PM EDT TUE JUN 4 2019

...................................

...THE TOLEDO OH CLIMATE SUMMARY FOR THE SEASON, FROM
3/1/2019 TO 5/31/2019...

CLIMATE NORMAL PERIOD 1981 TO 2010
CLIMATE RECORD PERIOD 1873 TO 2019

WEATHER         OBSERVED          NORMAL  DEPART
                 VALUE   DATE(S)  VALUE   FROM
                                          NORMAL
................................................
TEMPERATURE (F)
RECORD
 HIGH              98   05/28/2018
 LOW              -10   03/12/1948
HIGHEST            87   05/25
LOWEST              6   03/06
                        03/04
AVG. MAXIMUM     58.6              59.3    -0.7
AVG. MINIMUM     39.2              38.5     0.7
MEAN             48.9              48.9     0.0
DAYS MAX >= 90      0               0.8
DAYS MAX <= 32      5               3.5
DAYS MIN <= 32     25              27.2
DAYS MIN <= 0       0               0.0

PRECIPITATION (INCHES)
RECORD
 MAXIMUM        17.75   1913
 MINIMUM         4.11   1981
TOTALS          13.02              9.25    3.77
DAYS >= .01        46              35.8
DAYS >= .10        29              20.8
DAYS >= .50         8               5.5
DAYS >= 1.00        2               1.6

SNOWFALL (INCHES)
RECORDS
 TOTAL           20.9   1916
TOTALS            3.8               7.1
DAYS >= TRACE      10
DAYS >= 1.0         2               2.1

DEGREE_DAYS
HEATING TOTAL    1502              1534     -32
COOLING TOTAL      47                53      -6
.................................................

WIND (MPH)
HIGHEST GUST SPEED/DIRECTION    53/230    DATE  03/10

SKY COVER
POSSIBLE SUNSHINE (PERCENT)   MM
NUMBER OF DAYS FAIR           28
NUMBER OF DAYS PC             41
NUMBER OF DAYS CLOUDY         23


WEATHER CONDITIONS. NUMBER OF DAYS WITH
THUNDERSTORM             11     MIXED PRECIP               0
HEAVY RAIN               15     RAIN                      27
LIGHT RAIN               49     FREEZING RAIN              1
LT FREEZING RAIN          1     HAIL                       0
HEAVY SNOW                1     SNOW                       1
LIGHT SNOW               10     SLEET                      0
FOG                      46     FOG W/VIS <= 1/4 MILE      3
HAZE                     15

-  INDICATES NEGATIVE NUMBERS.
R  INDICATES RECORD WAS SET OR TIED.
MM INDICATES DATA IS MISSING.
T  INDICATES TRACE AMOUNT.

$$
