000
CXUS51 KCLE 082331
CLSTOL


CLIMATE REPORT
NATIONAL WEATHER SERVICE CLEVELAND OH
627 PM EST SAT DEC 8 2018

...................................

...THE TOLEDO OH CLIMATE SUMMARY FOR THE SEASON, FROM
9/1/2018 TO 11/30/2018...

CLIMATE NORMAL PERIOD 1981 TO 2010
CLIMATE RECORD PERIOD 1873 TO 2018

WEATHER         OBSERVED          NORMAL  DEPART
                 VALUE   DATE(S)  VALUE   FROM
                                          NORMAL
................................................
TEMPERATURE (F)
RECORD
 HIGH             100   09/02/1953
                        09/01/1953
                        09/15/1939
 LOW                0   10/10/2008
HIGHEST            94   09/05
LOWEST             17   11/14
AVG. MAXIMUM     61.2              62.6    -1.4
AVG. MINIMUM     45.3              42.6     2.7
MEAN             53.2              52.6     0.6
DAYS MAX >= 90      5               0.9
DAYS MAX <= 32      4               1.1
DAYS MIN <= 32     22              18.7
DAYS MIN <= 0       0               0.0

PRECIPITATION (INCHES)
RECORD
 MAXIMUM        18.56   1881
 MINIMUM         2.50   1908
TOTALS           9.04              8.24    0.80
DAYS >= .01        33              31.1
DAYS >= .10        22              16.9
DAYS >= .50         5               5.0
DAYS >= 1.00        1               1.6

SNOWFALL (INCHES)
RECORDS
 TOTAL           17.9   1996
TOTALS            3.7               2.1
DAYS >= TRACE      11
DAYS >= 1.0         2               0.8

DEGREE_DAYS
HEATING TOTAL    1292              1219      73
COOLING TOTAL     248                91     157
.................................................

WIND (MPH)
HIGHEST GUST SPEED/DIRECTION    46/250    DATE  11/06

SKY COVER
POSSIBLE SUNSHINE (PERCENT)   MM
NUMBER OF DAYS FAIR           27
NUMBER OF DAYS PC             32
NUMBER OF DAYS CLOUDY         32


WEATHER CONDITIONS. NUMBER OF DAYS WITH
THUNDERSTORM              6     MIXED PRECIP               0
HEAVY RAIN                7     RAIN                      13
LIGHT RAIN               42     FREEZING RAIN              1
LT FREEZING RAIN          3     HAIL                       0
HEAVY SNOW                0     SNOW                       2
LIGHT SNOW               11     SLEET                      1
FOG                      53     FOG W/VIS <= 1/4 MILE      8
HAZE                     17

-  INDICATES NEGATIVE NUMBERS.
R  INDICATES RECORD WAS SET OR TIED.
MM INDICATES DATA IS MISSING.
T  INDICATES TRACE AMOUNT.

$$
