000
CXUS51 KCLE 041050
CLSTOL

CLIMATE REPORT
NATIONAL WEATHER SERVICE CLEVELAND, OH
650 AM EDT THU JUN 04 2020

...................................

...THE TOLEDO OH CLIMATE SUMMARY FOR THE SEASON, FROM
3/1/2020 TO 5/31/2020...

CLIMATE NORMAL PERIOD 1981 TO 2010
CLIMATE RECORD PERIOD 1873 TO 2020

WEATHER         OBSERVED          NORMAL  DEPART
                VALUE   DATE(S)   VALUE   FROM
                                          NORMAL
................................................
TEMPERATURE (F)
RECORD
 HIGH             98   05/28/2018
 LOW             -10   03/12/1948
HIGHEST           91   05/26
LOWEST            15   03/01
AVG. MAXIMUM    59.7               59.3     0.4
AVG. MINIMUM    40.1               38.5     1.6
MEAN            49.9               48.9     1.0
DAYS MAX >= 90     3                0.8
DAYS MAX <= 32     0                3.5
DAYS MIN <= 32    28               27.2
DAYS MIN <= 0      0                0.0

PRECIPITATION (INCHES)
RECORD
 MAXIMUM       17.75   1913
 MINIMUM        4.11   1981
TOTALS          9.80               9.25    0.55
DAYS >= .01       45               35.8
DAYS >= .10       20               20.8
DAYS >= .50        5                5.5
DAYS >= 1.00       2                1.6

SNOWFALL (INCHES)
RECORDS
 TOTAL          20.9   1916
TOTALS           3.6                7.1
DAYS >= TRACE      8
DAYS >= 1.0        1                2.1

DEGREE DAYS
HEATING TOTAL   1432               1534    -102
COOLING TOTAL     65                 53      12
................................................

WIND (MPH)
HIGHEST GUST SPEED/DIRECTION    55/230    DATE  03/29

SKY COVER
POSSIBLE SUNSHINE (PERCENT)   MM
NUMBER OF DAYS FAIR           18
NUMBER OF DAYS PC             21
NUMBER OF DAYS CLOUDY         23


WEATHER CONDITIONS. NUMBER OF DAYS WITH
THUNDERSTORM             10     MIXED PRECIP               0
HEAVY RAIN               15     RAIN                      20
LIGHT RAIN               52     FREEZING RAIN              0
LT FREEZING RAIN          0     HAIL                       0
HEAVY SNOW                1     SNOW                       2
LIGHT SNOW                7     SLEET                      0
FOG                      48     FOG W/VIS <= 1/4 MILE      6
HAZE                     22

-  INDICATES NEGATIVE NUMBERS.
R  INDICATES RECORD WAS SET OR TIED.
MM INDICATES DATA IS MISSING.
T  INDICATES TRACE AMOUNT.

$$
