348
CXUS54 KMAF 011110
CF6CNM
PRELIMINARY LOCAL CLIMATOLOGICAL DATA (WS FORM: F-6)
STATION: CARLSBAD
MONTH: MARCH
YEAR: 2021
LATITUDE: 32 20 N
LONGITUDE: 104 15 W
TEMPERATURE IN F: :PCPN: SNOW: WIND :SUNSHINE: SKY :PK WND
================================================================================
1 2 3 4 5 6A 6B 7 8 9 10 11 12 13 14 15 16 17 18
12Z AVG MX 2MIN
DY MAX MIN AVG DEP HDD CDD WTR SNW DPTH SPD SPD DIR MIN PSBL S-S WX SPD DR
================================================================================
1 48 30 39 -12 26 0 0.11 M M 8.2 26 350 M M 5 32 350
2 61 25 43 -8 22 0 0.00 M M 7.7 18 170 M M 0 24 170
3 77 27 52 0 13 0 0.00 M M 6.2 16 190 M M 0 20 170
4 75 41 58 6 7 0 0.00 M M 13.1 37 250 M M 0 46 240
5 65 38 52 0 13 0 0.00 M M 13.6 33 360 M M 1 46 360
6 62 31 47 -5 18 0 0.00 M M 7.2 16 140 M M 0 21 150
7 70 34 52 0 13 0 0.00 M M 8.3 15 140 M M 0 21 160
8 78 39 59 6 6 0 0.00 M M 9.9 16 150 M M 0 20 140
9 83 46 65 12 0 0 0.00 M M 10.1 25 240 M M 0 30 240
10 80 53 67 14 0 2 0.00 M M 13.0 28 220 M M 0 36 240
11 78 41 60 6 5 0 0.00 M M 10.6 22 160 M M 0 27 160
12 74 56 65 11 0 0 0.00 M M 8.4 20 90 M M 2 26 80
13 69 46 58 4 7 0 0.00 M M 24.6 44 260 M M 1 8 56 260
14 63 44 54 0 11 0 T M M 31.6 51 250 M M 2 8 61 250
15 75 48 62 8 3 0 0.00 M M 14.3 26 250 M M 0 33 260
16 82 42 62 7 3 0 T M M 19.2 38 210 M M 3 8 46 210
17 65 41 53 -2 12 0 0.00 M M 12.1 18 80 M M 0 28 10
18 63 30 47 -8 18 0 0.00 M M 6.3 14 120 M M 0 8 21 70
19 67 35 51 -5 14 0 0.00 M M 10.6 21 150 M M 0 8 27 150
20 76 35 56 0 9 0 0.00 M M 11.7 22 130 M M 0 29 130
21 79 43 61 5 4 0 0.00 M M 8.7 23 250 M M 1 29 220
22 69 39 54 -2 11 0 0.00 M M 18.5 44 260 M M 1 8 59 240
23 72 31 52 -5 13 0 0.00 M M 8.7 25 260 M M 0 8 36 250
24 60 36 48 -9 17 0 T M M 15.0 30 320 M M 2 8 37 310
25 69 29 49 -8 16 0 0.00 M M 8.1 22 260 M M 0 27 260
26 76 39 58 1 7 0 0.00 M M 10.4 32 250 M M 0 38 250
27 71 47 59 1 6 0 0.00 M M 11.1 29 330 M M 2 34 330
28 69 40 55 -3 10 0 0.00 M M 8.7 21 160 M M 1 26 160
29 84 36 60 2 5 0 0.00 M M 10.3 21 180 M M 0 31 170
30 86 50 68 10 0 3 0.00 M M 14.2 32 250 M M 0 41 260
31 64 39 52 -7 13 0 0.00 M M 8.8 20 30 M M 0 24 30
================================================================================
SM 2210 1211 302 5 0.11 M 369.2 M 21
================================================================================
AV 71.3 39.1 11.9 FASTST M M 1 MAX(MPH)
MISC ----> 51 250 61 250
================================================================================
NOTES:
# LAST OF SEVERAL OCCURRENCES
COLUMN 17 PEAK WIND IN M.P.H.
PRELIMINARY LOCAL CLIMATOLOGICAL DATA (WS FORM: F-6) , PAGE 2
STATION: CARLSBAD
MONTH: MARCH
YEAR: 2021
LATITUDE: 32 20 N
LONGITUDE: 104 15 W
[TEMPERATURE DATA] [PRECIPITATION DATA] SYMBOLS USED IN COLUMN 16
AVERAGE MONTHLY: 55.2 TOTAL FOR MONTH: 0.11 1 = FOG OR MIST
DPTR FM NORMAL: 0.4 DPTR FM NORMAL: -0.41 2 = FOG REDUCING VISIBILITY
HIGHEST: 86 ON 30 GRTST 24HR 0.11 ON 1- 1 TO 1/4 MILE OR LESS
LOWEST: 25 ON 2 3 = THUNDER
SNOW, ICE PELLETS, HAIL 4 = ICE PELLETS
TOTAL MONTH: M 5 = HAIL
GRTST 24HR M ON M 6 = FREEZING RAIN OR DRIZZLE
GRTST DEPTH: M ON M 7 = DUSTSTORM OR SANDSTORM:
VSBY 1/2 MILE OR LESS
8 = SMOKE OR HAZE
[NO. OF DAYS WITH] [WEATHER - DAYS WITH] 9 = BLOWING SNOW
X = TORNADO
MAX 32 OR BELOW: 0 0.01 INCH OR MORE: 1
MAX 90 OR ABOVE: 0 0.10 INCH OR MORE: 1
MIN 32 OR BELOW: 7 0.50 INCH OR MORE: 0
MIN 0 OR BELOW: 0 1.00 INCH OR MORE: 0
[HDD (BASE 65) ]
TOTAL THIS MO. 302 CLEAR (SCALE 0-3) 30
DPTR FM NORMAL -23 PTCLDY (SCALE 4-7) 1
TOTAL FM JUL 1 2759 CLOUDY (SCALE 8-10) 0
DPTR FM NORMAL 74
[CDD (BASE 65) ]
TOTAL THIS MO. 5
DPTR FM NORMAL -4 [PRESSURE DATA]
TOTAL FM JAN 1 5 HIGHEST SLP 30.42 ON 1
DPTR FM NORMAL -5 LOWEST SLP 29.38 ON 16
[REMARKS]
#FINAL-03-21#