000
CXUS54 KMAF 011803
CF6FST
PRELIMINARY LOCAL CLIMATOLOGICAL DATA (WS FORM: F-6)
STATION: FORT STOCKTON
MONTH: DECEMBER
YEAR: 2023
LATITUDE: 30 55 N
LONGITUDE: 102 55 W
TEMPERATURE IN F: :PCPN: SNOW: WIND :SUNSHINE: SKY :PK WND
================================================================================
1 2 3 4 5 6A 6B 7 8 9 10 11 12 13 14 15 16 17 18
12Z AVG MX 2MIN
DY MAX MIN AVG DEP HDD CDD WTR SNW DPTH SPD SPD DIR MIN PSBL S-S WX SPD DR
================================================================================
1 69 45 57 5 8 0 0.00 M M 8.1 15 260 M M 0 19 250
2 66 46 56 4 9 0 0.00 M M 12.8 28 280 M M 2 37 290
3 73 42 58 7 7 0 0.00 M M 11.8 22 290 M M 0 27 300
4 72 40 56 5 9 0 0.00 M M 7.8 15 200 M M 0 18 210
5 67 46 57 6 8 0 0.00 M M 9.7 15 220 M M 0 19 320
6 72 44 58 7 7 0 0.00 M M 11.5 18 130 M M 0 26 130
7 81 46 64 13 1 0 0.00 M M 10.8 22 220 M M 0 29 220
8 81 55 68 18 0 3 0.00 M M 13.6 31 270 M M 0 43 260
9 60 35 48 -2 17 0 0.00 M M 13.3 25 320 M M 0 32 320
10 60 31 46 -4 19 0 0.00 M M 7.1 13 250 M M 0 19 250
11 67 37 52 2 13 0 0.00 M M 11.3 16 170 M M 0 23 150
12 61 41 51 1 14 0 0.00 M M 15.1 25 150 M M 2 37 150
13 58 54 56 6 9 0 T M M 15.0 29 140 M M 10 1 41 140
14 63 51 57 8 8 0 0.00 M M 17.9 26 160 M M 7 39 150
15 63 40 52 3 13 0 0.00 M M 7.8 16 330 M M 3 22 290
16 66 39 53 4 12 0 0.00 M M 7.5 14 220 M M 0 17 220
17 75 42 59 10 6 0 0.00 M M 8.2 15 310 M M 0 22 310
18 62 38 50 1 15 0 0.00 M M 7.4 13 220 M M 0 15 250
19 71 46 59 10 6 0 0.00 M M 13.4 22 150 M M 0 31 160
20 69 45 57 9 8 0 0.00 M M 13.3 21 150 M M 1 30 150
21 71 51 61 13 4 0 0.00 M M 6.6 14 160 M M 2 20 140
22 71 45 58 10 7 0 0.00 M M 10.2 21 160 M M 0 29 150
23 76 53 65 17 0 0 T M M 13.8 24 290 M M 3 35 280
24 65 41 53 5 12 0 0.00 M M 11.5 26 290 M M 2 35 300
25 49 32 41 -7 24 0 0.00 M M 5.5 12 170 M M 3 14 170
26 60 34 47 -1 18 0 0.00 M M 12.2 29 310 M M 0 37 280
27 56 35 46 -2 19 0 0.00 M M 8.2 14 230 M M 0 18 210
28 55 32 44 -4 21 0 0.00 M M 7.0 15 340 M M 0 20 350
29 59 29 44 -4 21 0 0.00 M M 7.7 16 220 M M 0 21 220
30 69 39 54 6 11 0 0.00 M M 12.2 17 230 M M 0 23 230
31 72 43 58 10 7 0 0.00 M M 9.4 17 310 M M 0 24 280
================================================================================
SM 2059 1297 333 3 T M 327.7 M 35
================================================================================
AV 66.4 41.8 10.6 FASTST M M 1 MAX(MPH)
MISC ----> 31 270 43 260
================================================================================
NOTES:
# LAST OF SEVERAL OCCURRENCES
COLUMN 17 PEAK WIND IN M.P.H.
PRELIMINARY LOCAL CLIMATOLOGICAL DATA (WS FORM: F-6) , PAGE 2
STATION: FORT STOCKTON
MONTH: DECEMBER
YEAR: 2023
LATITUDE: 30 55 N
LONGITUDE: 102 55 W
[TEMPERATURE DATA] [PRECIPITATION DATA] SYMBOLS USED IN COLUMN 16
AVERAGE MONTHLY: 54.1 TOTAL FOR MONTH: T 1 = FOG OR MIST
DPTR FM NORMAL: 4.9 DPTR FM NORMAL: -0.59 2 = FOG REDUCING VISIBILITY
HIGHEST: 81 ON 8, 7 GRTST 24HR T ON 13-13 TO 1/4 MILE OR LESS
LOWEST: 29 ON 29 3 = THUNDER
SNOW, ICE PELLETS, HAIL 4 = ICE PELLETS
TOTAL MONTH: M 5 = HAIL
GRTST 24HR M ON M 6 = FREEZING RAIN OR DRIZZLE
GRTST DEPTH: M ON M 7 = DUSTSTORM OR SANDSTORM:
VSBY 1/2 MILE OR LESS
8 = SMOKE OR HAZE
[NO. OF DAYS WITH] [WEATHER - DAYS WITH] 9 = BLOWING SNOW
X = TORNADO
MAX 32 OR BELOW: 0 0.01 INCH OR MORE: 0
MAX 90 OR ABOVE: 0 0.10 INCH OR MORE: 0
MIN 32 OR BELOW: 4 0.50 INCH OR MORE: 0
MIN 0 OR BELOW: 0 1.00 INCH OR MORE: 0
[HDD (BASE 65) ]
TOTAL THIS MO. 333 CLEAR (SCALE 0-3) 29
DPTR FM NORMAL -158 PTCLDY (SCALE 4-7) 1
TOTAL FM JUL 1 636 CLOUDY (SCALE 8-10) 1
DPTR FM NORMAL -202
[CDD (BASE 65) ]
TOTAL THIS MO. 3
DPTR FM NORMAL 0 [PRESSURE DATA]
TOTAL FM JAN 1 3405 HIGHEST SLP 30.48 ON 10
DPTR FM NORMAL 801 LOWEST SLP 29.66 ON 23
[REMARKS]
#FINAL-12-23#