000
CXUS54 KHGX 011410
CF6IAH
PRELIMINARY LOCAL CLIMATOLOGICAL DATA (WS FORM: F-6)
STATION: HOUSTON INTERCONTINENTAL
MONTH: OCTOBER
YEAR: 2021
LATITUDE: 29 58 N
LONGITUDE: 95 21 W
TEMPERATURE IN F: :PCPN: SNOW: WIND :SUNSHINE: SKY :PK WND
================================================================================
1 2 3 4 5 6A 6B 7 8 9 10 11 12 13 14 15 16 17 18
12Z AVG MX 2MIN
DY MAX MIN AVG DEP HDD CDD WTR SNW DPTH SPD SPD DIR MIN PSBL S-S WX SPD DR
================================================================================
1 78 73 76 -1 0 11 1.37 0.0 0 7.2 18 110 M M 9 13 23 120
2 82 72 77 1 0 12 0.29 0.0 0 4.8 21 140 M M 8 13 26 140
3 88 71 80 4 0 15 T 0.0 0 2.9 12 20 M M 8 12 16 20
4 89 68 79 3 0 14 0.00 0.0 0 4.7 17 20 M M 5 24 40
5 89 65 77 1 0 12 0.00 0.0 0 3.8 13 30 M M 1 15 30
6 89 64 77 2 0 12 0.00 0.0 0 2.2 9 20 M M 1 12 10
7 89 63 76 1 0 11 0.00 0.0 0 2.3 9 120 M M 1 14 130
8 90 65 78 3 0 13 0.00 0.0 0 3.1 13 130 M M 2 14 120
9 89 65 77 3 0 12 0.00 0.0 0 5.2 15 130 M M 3 1 19 140
10 90 69 80 6 0 15 0.00 0.0 0 12.7 23 150 M M 7 29 170
11 86 71 79 5 0 14 0.50 0.0 0 4.9 16 160 M M 4 13 23 160
12 91 72 82 9 0 17 0.10 0.0 0 8.8 23 140 M M 7 1 27 140
13 92 74 83 10 0 18 0.00 0.0 0 10.1 18 150 M M 7 25 150
14 83 76 80 7 0 15 0.58 0.0 0 7.8 29 140 M M 8 13 36 140
15 91 70 81 9 0 16 0.01 0.0 0 7.7 24 350 M M 6 31 350
16 76 57 67 -5 0 2 0.00 0.0 0 12.1 25 40 M M 4 34 40
17 75 50 63 -9 2 0 0.00 0.0 0 3.1 13 110 M M 6 16 70
18 79 51 65 -6 0 0 0.00 0.0 0 3.8 12 100 M M 3 16 80
19 82 57 70 -1 0 5 0.00 0.0 0 6.4 14 120 M M 6 18 110
20 88 66 77 6 0 12 0.00 0.0 0 4.6 12 110 M M 7 1 15 120
21 87 68 78 8 0 13 T 0.0 0 2.7 10 60 M M 7 128 17 30
22 88 67 78 8 0 13 0.00 0.0 0 2.9 12 150 M M 4 1 14 140
23 84 67 76 6 0 11 0.01 0.0 0 5.9 24 160 M M 6 13 31 180
24 88 66 77 8 0 12 0.00 0.0 0 6.5 16 140 M M 5 20 140
25 91 73 82 13 0 17 0.00 0.0 0 3.2 9 110 M M 5 11 120
26 87 70 79 11 0 14 T 0.0 0 8.9 18 130 M M 8 12 23 140
27 81 63 72 4 0 7 0.78 0.0 0 10.0 28 280 M M 5 13 39 310
28 79 60 70 2 0 5 0.00 0.0 0 14.4 33 320 M M 0 46 300
29 75 55 65 -2 0 0 0.00 0.0 0 12.0 28 310 M M 0 36 340
30 77 47 62 -5 3 0 0.00 0.0 0 4.3 13 330 M M 0 17 330
31 81 48 65 -2 0 0 0.00 0.0 0 3.0 10 120 M M 0 15 150
================================================================================
SM 2634 2003 5 318 3.64 0.0 192.0 M 143
================================================================================
AV 85.0 64.6 6.2 FASTST M M 5 MAX(MPH)
MISC ----> 33 320 46 300
================================================================================
NOTES:
# LAST OF SEVERAL OCCURRENCES
COLUMN 17 PEAK WIND IN M.P.H.
PRELIMINARY LOCAL CLIMATOLOGICAL DATA (WS FORM: F-6) , PAGE 2
STATION: HOUSTON INTERCONTINENTAL
MONTH: OCTOBER
YEAR: 2021
LATITUDE: 29 58 N
LONGITUDE: 95 21 W
[TEMPERATURE DATA] [PRECIPITATION DATA] SYMBOLS USED IN COLUMN 16
AVERAGE MONTHLY: 74.8 TOTAL FOR MONTH: 3.64 1 = FOG OR MIST
DPTR FM NORMAL: 3.0 DPTR FM NORMAL: -1.82 2 = FOG REDUCING VISIBILITY
HIGHEST: 92 ON 13 GRTST 24HR 1.44 ON 30- 1 TO 1/4 MILE OR LESS
LOWEST: 47 ON 30 3 = THUNDER
SNOW, ICE PELLETS, HAIL 4 = ICE PELLETS
TOTAL MONTH: 0.0 INCH 5 = HAIL
GRTST 24HR 0.0 6 = FREEZING RAIN OR DRIZZLE
GRTST DEPTH: 0 7 = DUSTSTORM OR SANDSTORM:
VSBY 1/2 MILE OR LESS
8 = SMOKE OR HAZE
[NO. OF DAYS WITH] [WEATHER - DAYS WITH] 9 = BLOWING SNOW
X = TORNADO
MAX 32 OR BELOW: 0 0.01 INCH OR MORE: 8
MAX 90 OR ABOVE: 6 0.10 INCH OR MORE: 6
MIN 32 OR BELOW: 0 0.50 INCH OR MORE: 4
MIN 0 OR BELOW: 0 1.00 INCH OR MORE: 1
[HDD (BASE 65) ]
TOTAL THIS MO. 5 CLEAR (SCALE 0-3) 9
DPTR FM NORMAL -21 PTCLDY (SCALE 4-7) 21
TOTAL FM JUL 1 5 CLOUDY (SCALE 8-10) 1
DPTR FM NORMAL -18
[CDD (BASE 65) ]
TOTAL THIS MO. 318
DPTR FM NORMAL 79 [PRESSURE DATA]
TOTAL FM JAN 1 3243 HIGHEST SLP 30.33 ON 17
DPTR FM NORMAL 54 LOWEST SLP 29.59 ON 27
[REMARKS]
#FINAL-10-21#