000
CXUS52 TJSJ 112119
CF6IST
PRELIMINARY LOCAL CLIMATOLOGICAL DATA (WS FORM: F-6)
STATION: CYRIL E. KING AP/ST THOMAS
MONTH: DECEMBER
YEAR: 2023
LATITUDE: 18 19 N
LONGITUDE: 64 58 W
TEMPERATURE IN F: :PCPN: SNOW: WIND :SUNSHINE: SKY :PK WND
================================================================================
1 2 3 4 5 6A 6B 7 8 9 10 11 12 13 14 15 16 17 18
12Z AVG MX 2MIN
DY MAX MIN AVG DEP HDD CDD WTR SNW DPTH SPD SPD DIR MIN PSBL S-S WX SPD DR
================================================================================
1 86 78 82 1 0 17 T M M 10.9 22 80 M M 1 18 29 70
2 87 78 83 2 0 18 0.06 M M 11.0 17 30 M M 1 23 80
3 86 78 82 1 0 17 T M M 8.3 17 40 M M 2 24 20
4 87 78 83 2 0 18 T M M 11.4 18 120 M M 2 25 110
5 87 78 83 2 0 18 T M M 10.6 15 130 M M 1 M M
6 86 76 81 0 0 16 0.00 M M 9.6 18 120 M M 3 24 110
7 86 74 80 0 0 15 0.00 M M 4.6 12 30 M M 0 22 20
8 88 77 83 3 0 18 0.00 M M 10.7 20 80 M M 2 25 80
9 88 77 83 3 0 18 T M M 14.1 23 80 M M 1 1 31 90
10 85 75 80 0 0 15 M M M 14.4 28 70 M M 6 1 37 70
11 86 77 82 2 0 17 T M M 13.8 25 90 M M 2 32 90
12 84 76 80 0 0 15 0.01 M M 12.5 26 70 M M 2 1 32 80
13 84 78 81 1 0 16 T M M 17.1 28 80 M M 4 42 70
14 85 77 81 1 0 16 0.01 M M 12.8 22 80 M M 2 28 80
15 82 74 78 -2 0 13 M M M 9.3 22 90 M M 6 1 29 90
16 83 76 80 0 0 15 M M M 13.2 22 90 M M 5 1 28 100
17 84 75 80 0 0 15 T M M 15.0 26 90 M M 3 1 32 90
18 85 75 80 0 0 15 0.02 M M 11.8 21 120 M M 2 25 120
19 85 74 80 0 0 15 T M M 6.7 14 80 M M 1 19 80
20 84 74 79 -1 0 14 0.00 M M 5.5 14 60 M M 2 19 40
21 84 77 81 1 0 16 0.00 M M 7.9 20 20 M M 3 24 20
22 83 74 79 -1 0 14 T M M 10.0 18 40 M M 5 1 23 30
23 83 74 79 -1 0 14 T M M 5.8 18 40 M M 2 26 360
24 83 73 78 -2 0 13 M M M 5.3 14 320 M M 4 1 23 340
25 84 75 80 0 0 15 0.00 M M 6.7 13 350 M M 3 17 340
26 83 74 79 -1 0 14 T M M 3.7 14 100 M M 4 20 20
27 84 73 79 -1 0 14 T M M 3.8 10 30 M M 3 18 20
28 84 72 78 -1 0 13 0.00 M M 4.2 12 40 M M 1 18 60
29 84 71 78 -1 0 13 0.00 M M 6.0 14 140 M M 2 16 90
30 84 70 77 -2 0 12 0.00 M M 5.9 13 30 M M 1 25 20
31 83 73 78 -1 0 13 M M M 8.3 18 40 M M 5 1 27 10
================================================================================
SM 2627 2331 0 472 0.10 M 290.9 M 81
================================================================================
AV 84.7 75.2 9.4 FASTST M M 3 MAX(MPH)
MISC ----> # 28 80 42 70
================================================================================
NOTES:
# LAST OF SEVERAL OCCURRENCES
COLUMN 17 PEAK WIND IN M.P.H.
PRELIMINARY LOCAL CLIMATOLOGICAL DATA (WS FORM: F-6) , PAGE 2
STATION: CYRIL E. KING AP/ST THOMAS
MONTH: DECEMBER
YEAR: 2023
LATITUDE: 18 19 N
LONGITUDE: 64 58 W
[TEMPERATURE DATA] [PRECIPITATION DATA] SYMBOLS USED IN COLUMN 16
AVERAGE MONTHLY: 80.0 TOTAL FOR MONTH: 0.10 1 = FOG OR MIST
DPTR FM NORMAL: -0.1 DPTR FM NORMAL: -2.83 2 = FOG REDUCING VISIBILITY
HIGHEST: 88 ON 9, 8 GRTST 24HR 0.06 ON 2- 2 TO 1/4 MILE OR LESS
LOWEST: 70 ON 30 3 = THUNDER
SNOW, ICE PELLETS, HAIL 4 = ICE PELLETS
TOTAL MONTH: M 5 = HAIL
GRTST 24HR M ON M 6 = FREEZING RAIN OR DRIZZLE
GRTST DEPTH: M ON M 7 = DUSTSTORM OR SANDSTORM:
VSBY 1/2 MILE OR LESS
8 = SMOKE OR HAZE
[NO. OF DAYS WITH] [WEATHER - DAYS WITH] 9 = BLOWING SNOW
X = TORNADO
MAX 32 OR BELOW: 0 0.01 INCH OR MORE: 4
MAX 90 OR ABOVE: 0 0.10 INCH OR MORE: 0
MIN 32 OR BELOW: 0 0.50 INCH OR MORE: 0
MIN 0 OR BELOW: 0 1.00 INCH OR MORE: 0
[HDD (BASE 65) ]
TOTAL THIS MO. 0 CLEAR (SCALE 0-3) 21
DPTR FM NORMAL 0 PTCLDY (SCALE 4-7) 10
TOTAL FM JUL 1 0 CLOUDY (SCALE 8-10) 0
DPTR FM NORMAL 0
[CDD (BASE 65) ]
TOTAL THIS MO. 472
DPTR FM NORMAL 5 [PRESSURE DATA]
TOTAL FM JAN 1 6389 HIGHEST SLP M ON M
DPTR FM NORMAL 224 LOWEST SLP 29.82 ON 19
[REMARKS]
#FINAL-12-23#
CORRECTED DUE TO RAIN GAUGE MALFUNCTIONING DURING THIS PERIOD.