000
CXUS54 KJAN 020446
CF6JAN
PRELIMINARY LOCAL CLIMATOLOGICAL DATA (WS FORM: F-6)
STATION: JACKSON
MONTH: JUNE
YEAR: 2021
LATITUDE: 32 19 N
LONGITUDE: 90 5 W
TEMPERATURE IN F: :PCPN: SNOW: WIND :SUNSHINE: SKY :PK WND
================================================================================
1 2 3 4 5 6A 6B 7 8 9 10 11 12 13 14 15 16 17 18
12Z AVG MX 2MIN
DY MAX MIN AVG DEP HDD CDD WTR SNW DPTH SPD SPD DIR MIN PSBL S-S WX SPD DR
================================================================================
1 88 63 76 -1 0 11 0.16 0.0 0 6.4 17 150 M M 5 18 26 170
2 86 70 78 1 0 13 1.30 0.0 0 7.2 40 230 M M 7 123 74 210
3 87 69 78 0 0 13 0.00 0.0 0 2.0 8 290 M M 7 128 11 300
4 81 69 75 -3 0 10 0.01 0.0 0 1.5 14 140 M M 6 18 19 140
5 85 71 78 0 0 13 0.01 0.0 0 6.7 20 130 M M 9 25 140
6 75 70 73 -5 0 8 0.68 0.0 0 8.5 18 140 M M 9 13 25 110
7 90 71 81 3 0 16 1.38 0.0 0 5.8 24 230 M M 8 138 37 240
8 91 71 81 2 0 16 0.02 0.0 0 8.4 18 180 M M 7 3 28 230
9 90 73 82 3 0 17 0.01 0.0 0 8.1 20 210 M M 5 13 26 220
10 80 72 76 -3 0 11 0.03 0.0 0 5.6 16 20 M M 6 18 22 250
11 91 73 82 3 0 17 0.00 0.0 0 5.8 14 220 M M 2 20 200
12 94 74 84 5 0 19 0.00 0.0 0 4.8 13 260 M M 4 19 270
13 97 72 85 5 0 20 0.06 0.0 0 4.9 28 80 M M 3 138 41 80
14 97 70 84 4 0 19 0.00 0.0 0 2.9 18 80 M M 3 3 25 80
15 96 72 84 4 0 19 0.00 0.0 0 4.3 13 350 M M 1 18 18 350
16 90 68 79 -1 0 14 0.00 0.0 0 5.3 15 360 M M 0 20 20
17 91 63 77 -3 0 12 0.00 0.0 0 3.6 16 60 M M 1 22 50
18 90 66 78 -2 0 13 0.00 0.0 0 6.8 16 160 M M 4 23 160
19 86 71 79 -1 0 14 0.16 0.0 0 9.2 21 20 M M 7 1 31 140
20 93 69 81 1 0 16 0.00 0.0 0 6.3 16 160 M M 2 26 170
21 93 71 82 1 0 17 0.44 0.0 0 7.7 21 190 M M 8 138 32 220
22 85 68 77 -4 0 12 T 0.0 0 5.4 13 40 M M 6 1 17 350
23 90 68 79 -2 0 14 0.00 0.0 0 4.3 9 350 M M 7 12 40
24 94 75 85 4 0 20 T 0.0 0 5.4 21 140 M M 5 138 28 130
25 91 73 82 1 0 17 0.21 0.0 0 7.5 23 130 M M 5 31 140
26 91 74 83 2 0 18 T 0.0 0 7.8 16 140 M M 5 23 140
27 92 72 82 1 0 17 0.00 0.0 0 6.1 25 110 M M 3 32 110
28 93 75 84 3 0 19 T 0.0 0 8.1 16 140 M M 4 3 23 130
29 93 71 82 1 0 17 T 0.0 0 3.9 20 100 M M 3 28 100
30 94 71 83 2 0 18 0.00 0.0 0 3.3 8 150 M M 4 16 70
================================================================================
SM 2694 2115 0 460 4.47 0.0 173.6 M 146
================================================================================
AV 89.8 70.5 5.8 FASTST M M 5 MAX(MPH)
MISC ----> 40 230 74 210
================================================================================
NOTES:
# LAST OF SEVERAL OCCURRENCES
COLUMN 17 PEAK WIND IN M.P.H.
PRELIMINARY LOCAL CLIMATOLOGICAL DATA (WS FORM: F-6) , PAGE 2
STATION: JACKSON
MONTH: JUNE
YEAR: 2021
LATITUDE: 32 19 N
LONGITUDE: 90 5 W
[TEMPERATURE DATA] [PRECIPITATION DATA] SYMBOLS USED IN COLUMN 16
AVERAGE MONTHLY: 80.2 TOTAL FOR MONTH: 4.47 1 = FOG OR MIST
DPTR FM NORMAL: 0.6 DPTR FM NORMAL: 0.04 2 = FOG REDUCING VISIBILITY
HIGHEST: 97 ON 14,13 GRTST 24HR 1.46 ON 1- 2 TO 1/4 MILE OR LESS
LOWEST: 63 ON 17, 1 3 = THUNDER
SNOW, ICE PELLETS, HAIL 4 = ICE PELLETS
TOTAL MONTH: 0.0 INCH 5 = HAIL
GRTST 24HR 0.0 6 = FREEZING RAIN OR DRIZZLE
GRTST DEPTH: 0 7 = DUSTSTORM OR SANDSTORM:
VSBY 1/2 MILE OR LESS
8 = SMOKE OR HAZE
[NO. OF DAYS WITH] [WEATHER - DAYS WITH] 9 = BLOWING SNOW
X = TORNADO
MAX 32 OR BELOW: 0 0.01 INCH OR MORE: 13
MAX 90 OR ABOVE: 21 0.10 INCH OR MORE: 7
MIN 32 OR BELOW: 0 0.50 INCH OR MORE: 3
MIN 0 OR BELOW: 0 1.00 INCH OR MORE: 2
[HDD (BASE 65) ]
TOTAL THIS MO. 0 CLEAR (SCALE 0-3) 9
DPTR FM NORMAL 0 PTCLDY (SCALE 4-7) 18
TOTAL FM JUL 1 2106 CLOUDY (SCALE 8-10) 3
DPTR FM NORMAL -117
[CDD (BASE 65) ]
TOTAL THIS MO. 460
DPTR FM NORMAL 21 [PRESSURE DATA]
TOTAL FM JAN 1 835 HIGHEST SLP 30.16 ON 29
DPTR FM NORMAL 1 LOWEST SLP 29.74 ON 13
[REMARKS]
#FINAL-06-21#