000
CXUS53 KGRR 011010
CF6JXN
PRELIMINARY LOCAL CLIMATOLOGICAL DATA (WS FORM: F-6)
STATION: JACKSON
MONTH: NOVEMBER
YEAR: 2020
LATITUDE: 42 16 N
LONGITUDE: 84 28 W
TEMPERATURE IN F: :PCPN: SNOW: WIND :SUNSHINE: SKY :PK WND
================================================================================
1 2 3 4 5 6A 6B 7 8 9 10 11 12 13 14 15 16 17 18
12Z AVG MX 2MIN
DY MAX MIN AVG DEP HDD CDD WTR SNW DPTH SPD SPD DIR MIN PSBL S-S WX SPD DR
================================================================================
1 50 31 41 -4 24 0 0.10 M M 14.7 28 270 M M 6 18 44 270
2 46 25 36 -9 29 0 0.00 M M 12.3 22 220 M M 2 32 230
3 65 32 49 4 16 0 0.00 M M 8.8 17 220 M M 0 26 200
4 73 48 61 17 4 0 0.00 M M 12.8 21 200 M M 0 30 180
5 66 52 59 15 6 0 0.00 M M 11.2 17 210 M M 0 26 200
6 73 50 62 18 3 0 0.00 M M 9.2 20 230 M M 0 27 230
7 71 44 58 15 7 0 0.00 M M 7.9 17 190 M M 0 8 25 200
8 74 42 58 15 7 0 0.00 M M 4.0 13 150 M M 2 18 16 170
9 78 50 64 21 1 0 0.00 M M 6.9 20 170 M M 2 25 190
10 75 63 69 27 0 4 0.09 M M 14.1 29 240 M M 7 1 41 240
11 63 29 46 4 19 0 0.02 M M 8.9 20 240 M M 8 1 35 260
12 51 25 38 -3 27 0 0.00 M M 2.2 9 80 M M 0 18 13 80
13 42 27 35 -6 30 0 0.01 M M 6.5 17 260 M M 9 18 28 260
14 45 20 33 -8 32 0 0.11 M M 7.6 18 130 M M 4 1 28 150
15 54 36 45 5 20 0 0.60 M M 20.6 37 220 M M 10 138 62 240
16 45 34 40 0 25 0 T M M 12.2 23 250 M M 7 37 250
17 38 24 31 -8 34 0 T M M 10.8 23 270 M M 7 35 290
18 45 20 33 -6 32 0 0.00 M M 9.3 23 160 M M 2 35 160
19 65 40 53 15 12 0 0.00 M M 16.8 31 220 M M 0 46 240
20 65 41 53 15 12 0 0.00 M M 13.4 28 210 M M 2 39 270
21 46 30 38 0 27 0 0.00 M M 3.0 8 20 M M 1 11 10
22 37 33 35 -2 30 0 0.38 M M 6.5 13 70 M M 9 1 18 60
23 45 25 35 -2 30 0 0.01 M M 5.7 16 260 M M 6 1 24 280
24 38 22 30 -6 35 0 0.22 M M 6.6 15 130 M M 7 18 24 120
25 50 37 44 8 21 0 0.39 M M 5.5 10 130 M M 10 1 15 120
26 50 36 43 8 22 0 0.02 M M 8.1 16 240 M M 9 1 24 250
27 44 30 37 2 28 0 0.00 M M 7.6 16 290 M M 9 8 26 290
28 46 24 35 1 30 0 0.00 M M 7.6 18 210 M M 1 1 26 220
29 52 36 44 10 21 0 0.00 M M 9.3 18 220 M M 1 25 210
30 40 30 35 1 30 0 0.10 M M 10.6 17 320 M M 10 18 30 340
================================================================================
SM 1632 1036 614 4 2.05 M 280.7 M 131
================================================================================
AV 54.4 34.5 9.4 FASTST M M 4 MAX(MPH)
MISC ----> 37 220 62 240
================================================================================
NOTES:
# LAST OF SEVERAL OCCURRENCES
COLUMN 17 PEAK WIND IN M.P.H.
PRELIMINARY LOCAL CLIMATOLOGICAL DATA (WS FORM: F-6) , PAGE 2
STATION: JACKSON
MONTH: NOVEMBER
YEAR: 2020
LATITUDE: 42 16 N
LONGITUDE: 84 28 W
[TEMPERATURE DATA] [PRECIPITATION DATA] SYMBOLS USED IN COLUMN 16
AVERAGE MONTHLY: 44.5 TOTAL FOR MONTH: 2.05 1 = FOG OR MIST
DPTR FM NORMAL: 4.7 DPTR FM NORMAL: -0.55 2 = FOG REDUCING VISIBILITY
HIGHEST: 78 ON 9 GRTST 24HR 0.71 ON 14-15 TO 1/4 MILE OR LESS
LOWEST: 20 ON 18,14 3 = THUNDER
SNOW, ICE PELLETS, HAIL 4 = ICE PELLETS
TOTAL MONTH: M 5 = HAIL
GRTST 24HR M ON M 6 = FREEZING RAIN OR DRIZZLE
GRTST DEPTH: M ON M 7 = DUSTSTORM OR SANDSTORM:
VSBY 1/2 MILE OR LESS
8 = SMOKE OR HAZE
[NO. OF DAYS WITH] [WEATHER - DAYS WITH] 9 = BLOWING SNOW
X = TORNADO
MAX 32 OR BELOW: 0 0.01 INCH OR MORE: 12
MAX 90 OR ABOVE: 0 0.10 INCH OR MORE: 7
MIN 32 OR BELOW: 15 0.50 INCH OR MORE: 1
MIN 0 OR BELOW: 0 1.00 INCH OR MORE: 0
[HDD (BASE 65) ]
TOTAL THIS MO. 614 CLEAR (SCALE 0-3) 15
DPTR FM NORMAL -142 PTCLDY (SCALE 4-7) 8
TOTAL FM JUL 1 1265 CLOUDY (SCALE 8-10) 7
DPTR FM NORMAL -140
[CDD (BASE 65) ]
TOTAL THIS MO. 4
DPTR FM NORMAL 4 [PRESSURE DATA]
TOTAL FM JAN 1 673 HIGHEST SLP 30.58 ON 18
DPTR FM NORMAL 81 LOWEST SLP 29.28 ON 15
[REMARKS]
#FINAL-11-20#