000
CXUS53 KEAX 010836
CF6MKC
PRELIMINARY LOCAL CLIMATOLOGICAL DATA (WS FORM: F-6)
STATION: DOWNTOWN KANSAS CITY MO
MONTH: JANUARY
YEAR: 2024
LATITUDE: 39 7 N
LONGITUDE: 94 36 W
TEMPERATURE IN F: :PCPN: SNOW: WIND :SUNSHINE: SKY :PK WND
================================================================================
1 2 3 4 5 6A 6B 7 8 9 10 11 12 13 14 15 16 17 18
12Z AVG MX 2MIN
DY MAX MIN AVG DEP HDD CDD WTR SNW DPTH SPD SPD DIR MIN PSBL S-S WX SPD DR
================================================================================
1 39 27 33 1 32 0 0.00 M M 5.4 12 350 M M 5 14 340
2 45 25 35 3 30 0 0.00 M M 4.7 13 240 M M 0 18 220
3 45 25 35 3 30 0 0.00 M M 3.6 9 10 M M 3 1 13 30
4 38 29 34 3 31 0 0.00 M M 5.7 12 90 M M 6 1 17 70
5 35 31 33 2 32 0 0.07 M M 5.2 12 80 M M 6 1 16 70
6 35 32 34 3 31 0 T M M 6.2 10 280 M M 10 1 16 270
7 41 32 37 6 28 0 0.00 M M 6.1 13 100 M M 5 18 100
8 40 33 37 6 28 0 0.53 M M 8.2 16 90 M M 7 1 26 80
9 34 22 28 -3 37 0 0.22 M M 12.6 26 310 M M 9 18 37 320
10 38 16 27 -4 38 0 0.00 M M 8.9 20 210 M M 1 29 240
11 35 22 29 -2 36 0 0.00 M M 7.7 16 60 M M 3 1 24 70
12 31 9 20 -11 45 0 T M M 15.7 24 290 M M 10 168 37 300
13 9 -7 1 -30 64 0 T M M 12.2 21 310 M M 4 8 30 300
14 -1 -9 -5 -36 70 0 0.00 M M 10.4 20 290 M M 2 27 300
15 4 -8 -2 -33 67 0 0.02 M M 8.9 17 290 M M 5 8 24 290
16 14 -8 3 -28 62 0 0.00 M M 9.0 17 220 M M 0 21 230
17 35 12 24 -7 41 0 0.00 M M 7.8 17 220 M M 0 21 220
18 37 12 25 -6 40 0 T M M 6.6 25 330 M M 5 18 36 330
19 12 3 8 -23 57 0 0.00 M M 10.3 26 330 M M 1 36 330
20 14 -3 6 -25 59 0 0.00 M M 4.2 10 80 M M 0 18 13 70
21 34 7 21 -10 44 0 T M M 8.9 21 190 M M 5 27 200
22 35 30 33 2 32 0 0.13 M M 7.2 21 190 M M 10 16 30 190
23 39 33 36 5 29 0 0.26 M M 3.6 9 330 M M 10 1 12 70
24 41 35 38 7 27 0 0.02 M M 2.1 6 290 M M 10 12 8 50
25 40 36 38 7 27 0 0.47 M M 2.9 9 280 M M 10 12 12 320
26 37 34 36 5 29 0 0.00 M M 3.9 10 350 M M 10 1 15 360
27 39 32 36 5 29 0 0.00 M M 5.9 14 340 M M 10 1 19 340
28 53 31 42 11 23 0 0.00 M M 3.5 13 310 M M 5 18 21 310
29 62 27 45 13 20 0 0.00 M M 3.7 13 230 M M 0 1 18 300
30 57 32 45 13 20 0 0.00 M M 6.3 17 330 M M 1 25 340
31 64 28 46 14 19 0 0.00 M M 4.8 14 210 M M 0 1 17 200
================================================================================
SM 1081 620 1157 0 1.72 M 212.2 M 153
================================================================================
AV 34.9 20.0 6.8 FASTST M M 5 MAX(MPH)
MISC ----> # 26 310 # 37 320
================================================================================
NOTES:
# LAST OF SEVERAL OCCURRENCES
COLUMN 17 PEAK WIND IN M.P.H.
PRELIMINARY LOCAL CLIMATOLOGICAL DATA (WS FORM: F-6) , PAGE 2
STATION: DOWNTOWN KANSAS CITY MO
MONTH: JANUARY
YEAR: 2024
LATITUDE: 39 7 N
LONGITUDE: 94 36 W
[TEMPERATURE DATA] [PRECIPITATION DATA] SYMBOLS USED IN COLUMN 16
AVERAGE MONTHLY: 27.4 TOTAL FOR MONTH: 1.72 1 = FOG OR MIST
DPTR FM NORMAL: -3.6 DPTR FM NORMAL: 0.70 2 = FOG REDUCING VISIBILITY
HIGHEST: 64 ON 31 GRTST 24HR 0.69 ON 8- 9 TO 1/4 MILE OR LESS
LOWEST: -9 ON 14 3 = THUNDER
SNOW, ICE PELLETS, HAIL 4 = ICE PELLETS
TOTAL MONTH: M 5 = HAIL
GRTST 24HR M ON M 6 = FREEZING RAIN OR DRIZZLE
GRTST DEPTH: M ON M 7 = DUSTSTORM OR SANDSTORM:
VSBY 1/2 MILE OR LESS
8 = SMOKE OR HAZE
[NO. OF DAYS WITH] [WEATHER - DAYS WITH] 9 = BLOWING SNOW
X = TORNADO
MAX 32 OR BELOW: 7 0.01 INCH OR MORE: 8
MAX 90 OR ABOVE: 0 0.10 INCH OR MORE: 5
MIN 32 OR BELOW: 26 0.50 INCH OR MORE: 1
MIN 0 OR BELOW: 5 1.00 INCH OR MORE: 0
[HDD (BASE 65) ]
TOTAL THIS MO. 1157 CLEAR (SCALE 0-3) 10
DPTR FM NORMAL 105 PTCLDY (SCALE 4-7) 12
TOTAL FM JUL 1 2614 CLOUDY (SCALE 8-10) 9
DPTR FM NORMAL -229
[CDD (BASE 65) ]
TOTAL THIS MO. 0
DPTR FM NORMAL 0 [PRESSURE DATA]
TOTAL FM JAN 1 0 HIGHEST SLP 30.79 ON 20
DPTR FM NORMAL 0 LOWEST SLP 29.34 ON 9
[REMARKS]
#FINAL-01-24#