000
CXUS54 KEWX 011110
CF6PEZ
PRELIMINARY LOCAL CLIMATOLOGICAL DATA (WS FORM: F-6)
STATION: PLEASANTON MUNICIPAL AIRPORT
MONTH: FEBRUARY
YEAR: 2022
LATITUDE: 28 57 N
LONGITUDE: 98 31 W
TEMPERATURE IN F: :PCPN: SNOW: WIND :SUNSHINE: SKY :PK WND
================================================================================
1 2 3 4 5 6A 6B 7 8 9 10 11 12 13 14 15 16 17 18
12Z AVG MX 2MIN
DY MAX MIN AVG DEP HDD CDD WTR SNW DPTH SPD SPD DIR MIN PSBL S-S WX SPD DR
================================================================================
1 78 56 67 M 0 2 0.00 M M 3.1 7 90 M M 4 1 M M
2 72 42 57 M 8 0 0.05 M M 6.1 15 30 M M 9 1 22 10
3 42 28 35 M 30 0 0.18 M M 10.5 16 360 M M 8 26 360
4 47 27 37 M 28 0 0.00 M M 10.5 17 360 M M 4 25 360
5 55 19 37 M 28 0 0.00 M M 1.9 6 160 M M 0 9 230
6 65 24 45 M 20 0 0.00 M M 3.9 18 190 M M 0 23 200
7 66 37 52 M 13 0 0.00 M M 4.7 12 10 M M 0 18 360
8 69 30 50 M 15 0 0.00 M M 4.0 14 260 M M 0 22 270
9 74 30 52 M 13 0 0.00 M M 3.4 12 200 M M 0 M M
10 75 34 55 M 10 0 0.00 M M 2.3 8 210 M M 0 16 210
11 80 36 58 M 7 0 0.00 M M 5.1 17 160 M M 0 27 150
12 64 35 50 M 15 0 0.00 M M 8.3 21 30 M M 4 1 33 10
13 66 26 46 M 19 0 0.00 M M 3.6 16 300 M M 0 18 280
14 74 28 51 M 14 0 0.00 M M 7.5 20 180 M M 0 29 190
15 79 33 56 M 9 0 0.00 M M 6.5 17 140 M M 0 1 26 140
16 86 58 72 M 0 7 0.00 M M 12.1 27 170 M M 7 32 170
17 82 43 63 M 2 0 0.00 M M 9.6 21 310 M M 3 29 20
18 63 37 50 M 15 0 0.00 M M 6.1 12 360 M M 1 21 360
19 69 37 53 M 12 0 0.00 M M 5.1 14 170 M M 0 24 150
20 76 41 59 M 6 0 0.00 M M 6.8 23 170 M M 2 30 170
21 89 64 77 M 0 12 0.00 M M 12.8 28 180 M M 4 1 37 180
22 89 58 74 M 0 9 0.00 M M 10.3 22 80 M M 2 1 28 80
23 59 33 46 M 19 0 0.00 M M 11.5 16 40 M M 10 1 25 40
24 43 32 38 M 27 0 0.00 M M 6.9 13 20 M M 10 1 17 30
25 45 37 41 M 24 0 0.00 M M 7.9 10 50 M M 10 20 20
26 44 37 41 M 24 0 0.00 M M 6.3 9 20 M M 10 1 17 30
27 65 34 50 M 15 0 0.00 M M 4.9 12 360 M M 5 1 17 360
28 70 28 49 M 16 0 0.00 M M 3.6 10 180 M M 0 M M
================================================================================
SM 1886 1024 389 30 0.23 M 185.0 M 93
================================================================================
AV 67.4 36.6 6.6 FASTST M M 3 MAX(MPH)
MISC ----> 28 180 37 180
================================================================================
NOTES:
# LAST OF SEVERAL OCCURRENCES
COLUMN 17 PEAK WIND IN M.P.H.
PRELIMINARY LOCAL CLIMATOLOGICAL DATA (WS FORM: F-6) , PAGE 2
STATION: PLEASANTON MUNICIPAL AIRPORT
MONTH: FEBRUARY
YEAR: 2022
LATITUDE: 28 57 N
LONGITUDE: 98 31 W
[TEMPERATURE DATA] [PRECIPITATION DATA] SYMBOLS USED IN COLUMN 16
AVERAGE MONTHLY: 52.0 TOTAL FOR MONTH: 0.23 1 = FOG OR MIST
DPTR FM NORMAL: 0.0 DPTR FM NORMAL: 0.23 2 = FOG REDUCING VISIBILITY
HIGHEST: 89 ON 22,21 GRTST 24HR 0.18 ON 3- 3 TO 1/4 MILE OR LESS
LOWEST: 19 ON 5 3 = THUNDER
SNOW, ICE PELLETS, HAIL 4 = ICE PELLETS
TOTAL MONTH: M 5 = HAIL
GRTST 24HR M ON M 6 = FREEZING RAIN OR DRIZZLE
GRTST DEPTH: M ON M 7 = DUSTSTORM OR SANDSTORM:
VSBY 1/2 MILE OR LESS
8 = SMOKE OR HAZE
[NO. OF DAYS WITH] [WEATHER - DAYS WITH] 9 = BLOWING SNOW
X = TORNADO
MAX 32 OR BELOW: 0 0.01 INCH OR MORE: 2
MAX 90 OR ABOVE: 0 0.10 INCH OR MORE: 1
MIN 32 OR BELOW: 10 0.50 INCH OR MORE: 0
MIN 0 OR BELOW: 0 1.00 INCH OR MORE: 0
[HDD (BASE 65) ]
TOTAL THIS MO. 389 CLEAR (SCALE 0-3) 15
DPTR FM NORMAL M PTCLDY (SCALE 4-7) 8
TOTAL FM JUL 1 929 CLOUDY (SCALE 8-10) 5
DPTR FM NORMAL M
[CDD (BASE 65) ]
TOTAL THIS MO. 30
DPTR FM NORMAL M [PRESSURE DATA]
TOTAL FM JAN 1 44 HIGHEST SLP M ON M
DPTR FM NORMAL M LOWEST SLP M ON M
[REMARKS]
#FINAL-02-22#