000
CXUS56 KLOX 011155
CF6PRB
PRELIMINARY LOCAL CLIMATOLOGICAL DATA (WS FORM: F-6)
STATION: PASO ROBLES AIRPORT CA
MONTH: JUNE
YEAR: 2022
LATITUDE: 35 40 N
LONGITUDE: 120 38 W
TEMPERATURE IN F: :PCPN: SNOW: WIND :SUNSHINE: SKY :PK WND
================================================================================
1 2 3 4 5 6A 6B 7 8 9 10 11 12 13 14 15 16 17 18
12Z AVG MX 2MIN
DY MAX MIN AVG DEP HDD CDD WTR SNW DPTH SPD SPD DIR MIN PSBL S-S WX SPD DR
================================================================================
1 97 47 72 6 0 7 0.00 M M 5.8 18 320 M M 0 8 23 320
2 95 51 73 6 0 8 0.00 M M 9.3 22 310 M M 0 27 310
3 88 54 71 4 0 6 0.00 M M 8.1 21 200 M M 0 26 200
4 86 54 70 3 0 5 0.00 M M 8.2 21 200 M M 3 24 200
5 89 53 71 4 0 6 0.00 M M 7.8 22 200 M M 1 26 200
6 93 62 78 11 0 13 0.00 M M 11.1 23 320 M M 4 27 320
7 97 47 72 4 0 7 0.00 M M 10.3 24 320 M M 0 29 310
8 96 51 74 6 0 9 0.00 M M 10.5 23 330 M M 0 27 320
9 97 55 76 8 0 11 0.00 M M 10.5 21 310 M M 0 26 300
10 106 58 82 14 0 17 0.00 M M 6.1 21 320 M M 0 25 320
11 105 61 83 15 0 18 0.00 M M 9.6 21 320 M M 0 26 330
12 95 60 78 10 0 13 0.00 M M 10.4 22 320 M M 1 27 180
13 88 51 70 1 0 5 0.00 M M 12.8 24 330 M M 0 29 310
14 94 44 69 0 0 4 0.00 M M 7.1 21 320 M M 0 8 24 340
15 101 49 75 6 0 10 0.00 M M 8.6 23 320 M M 0 27 320
16 95 53 74 5 0 9 0.00 M M 9.9 21 190 M M 0 25 200
17 74 52 63 -6 2 0 0.00 M M 11.9 21 320 M M 0 26 320
18 80 50 65 -5 0 0 0.00 M M 10.6 22 330 M M 0 27 330
19 86 44 65 -5 0 0 0.00 M M 8.3 23 330 M M 0 29 320
20 95 47 71 1 0 6 0.00 M M 5.6 20 310 M M 0 25 320
21 100 53 77 7 0 12 0.00 M M 7.4 25 200 M M 0 8 34 180
22 99 51 75 5 0 10 0.00 M M 8.9 24 200 M M 0 8 31 90
23 98 58 78 7 0 13 0.00 M M 6.6 20 190 M M 0 23 210
24 102 58 80 9 0 15 0.00 M M 4.6 20 280 M M 0 23 220
25 104 58 81 10 0 16 0.00 M M 6.3 21 190 M M 0 24 210
26 106 54 80 9 0 15 0.00 M M 6.8 21 310 M M 0 26 330
27 109 56 83 12 0 18 0.00 M M 6.4 21 310 M M 0 26 320
28 106 59 83 12 0 18 0.00 M M 8.6 22 310 M M 0 27 300
29 94 55 75 3 0 10 0.00 M M 9.6 23 210 M M 0 27 210
30 91 50 71 -1 0 6 0.00 M M 8.3 22 210 M M 2 25 200
================================================================================
SM 2866 1595 2 287 0.00 M 256.0 M 11
================================================================================
AV 95.5 53.2 8.5 FASTST M M 0 MAX(MPH)
MISC ----> 25 200 34 180
================================================================================
NOTES:
# LAST OF SEVERAL OCCURRENCES
COLUMN 17 PEAK WIND IN M.P.H.
PRELIMINARY LOCAL CLIMATOLOGICAL DATA (WS FORM: F-6) , PAGE 2
STATION: PASO ROBLES AIRPORT CA
MONTH: JUNE
YEAR: 2022
LATITUDE: 35 40 N
LONGITUDE: 120 38 W
[TEMPERATURE DATA] [PRECIPITATION DATA] SYMBOLS USED IN COLUMN 16
AVERAGE MONTHLY: 74.4 TOTAL FOR MONTH: 0.00 1 = FOG OR MIST
DPTR FM NORMAL: 5.3 DPTR FM NORMAL: -0.04 2 = FOG REDUCING VISIBILITY
HIGHEST: 109 ON 27 GRTST 24HR 0.00 ON 1- 1 TO 1/4 MILE OR LESS
LOWEST: 44 ON 19,14 3 = THUNDER
SNOW, ICE PELLETS, HAIL 4 = ICE PELLETS
TOTAL MONTH: M 5 = HAIL
GRTST 24HR M ON M 6 = FREEZING RAIN OR DRIZZLE
GRTST DEPTH: M ON M 7 = DUSTSTORM OR SANDSTORM:
VSBY 1/2 MILE OR LESS
8 = SMOKE OR HAZE
[NO. OF DAYS WITH] [WEATHER - DAYS WITH] 9 = BLOWING SNOW
X = TORNADO
MAX 32 OR BELOW: 0 0.01 INCH OR MORE: 0
MAX 90 OR ABOVE: 23 0.10 INCH OR MORE: 0
MIN 32 OR BELOW: 0 0.50 INCH OR MORE: 0
MIN 0 OR BELOW: 0 1.00 INCH OR MORE: 0
[HDD (BASE 65) ]
TOTAL THIS MO. 2 CLEAR (SCALE 0-3) 29
DPTR FM NORMAL -24 PTCLDY (SCALE 4-7) 1
TOTAL FM JUL 1 2290 CLOUDY (SCALE 8-10) 0
DPTR FM NORMAL -472
[CDD (BASE 65) ]
TOTAL THIS MO. 287
DPTR FM NORMAL 137 [PRESSURE DATA]
TOTAL FM JAN 1 376 HIGHEST SLP 30.09 ON 19
DPTR FM NORMAL 163 LOWEST SLP 29.70 ON 16
[REMARKS]
#FINAL-06-22#