090
CXUS53 KLSX 030043 CCA
CLMUIN

CLIMATE REPORT
NATIONAL WEATHER SERVICE ST LOUIS MO
1153 AM CST THU MAR 1 2018

...................................

...THE QUINCY IL CLIMATE SUMMARY FOR THE MONTH OF FEBRUARY 2018...

CLIMATE NORMAL PERIOD 1981 TO 2010
CLIMATE RECORD PERIOD 1901 TO 2018

WEATHER         OBSERVED          NORMAL  DEPART  LAST YEAR`S
                 VALUE   DATE(S)  VALUE   FROM    VALUE
                                          NORMAL
.............................................................
TEMPERATURE (F)
RECORD
 HIGH              77   02/20/2017
 LOW              -29   02/13/1905
HIGHEST            68   02/27                         77
LOWEST              1   02/05                         11
AVG. MAXIMUM     42.0              39.1     2.9     53.8
AVG. MINIMUM     21.8              22.6    -0.8     31.5
MEAN             31.9              30.9     1.0     42.7
DAYS MAX >= 90      0               0.0     0.0        0
DAYS MAX <= 32      8               8.2    -0.2        4
DAYS MIN <= 32     21              21.5    -0.5       19
DAYS MIN <= 0       0               1.4    -1.4        0

PRECIPITATION (INCHES)
RECORD
 MAXIMUM         5.15   1997
 MINIMUM            T   1907
TOTALS           2.83              1.88    0.95     0.87
DAILY AVG.       0.10              0.07    0.03     0.03
DAYS >= .01         9               7.7     1.3        6
DAYS >= .10         4               3.4     0.6        2
DAYS >= .50         2               1.2     0.8        0
DAYS >= 1.00        2               0.6     1.4        0
GREATEST
 24 HR. TOTAL    1.08   02/19

DEGREE_DAYS
HEATING TOTAL     923               956     -33      614
 SINCE 7/1       4167              4342    -175     3441
COOLING TOTAL       0                 0       0        0
 SINCE 1/1          0                 0       0        0
..............................................................

WIND (MPH)
HIGHEST WIND SPEED/DIRECTION    32/300    DATE  02/20
HIGHEST GUST SPEED/DIRECTION    45/290    DATE  02/20

SKY COVER
NUMBER OF DAYS FAIR            9
NUMBER OF DAYS PC             11
NUMBER OF DAYS CLOUDY          8


WEATHER CONDITIONS. NUMBER OF DAYS WITH
THUNDERSTORM              2     MIXED PRECIP               0
HEAVY RAIN                2     RAIN                       4
LIGHT RAIN                7     FREEZING RAIN              1
LT FREEZING RAIN          4     HEAVY SNOW                 0
SNOW                      1     LIGHT SNOW                 9
SLEET                     0     FOG                       16
FOG W/VIS <= 1/4 MILE     2     HAZE                       7

-  INDICATES NEGATIVE NUMBERS.
R  INDICATES RECORD WAS SET OR TIED.
MM INDICATES DATA IS MISSING.
T  INDICATES TRACE AMOUNT.

$$


...MONTHLY...

14TH WETTEST FEBRUARY ON RECORD (2.83 INCHES).

TIED 3RD MOST OCCURENCES WITH AT LEAST ONE INCH OF PRECIPITATION (2 DAYS).


...DAILY...

NO RECORD OF NOTE.
