000
CXUS54 KLUB 021405
CF6CDS
PRELIMINARY LOCAL CLIMATOLOGICAL DATA (WS FORM: F-6)
STATION: CHILDRESS
MONTH: DECEMBER
YEAR: 2023
LATITUDE: 34 25 N
LONGITUDE: 100 17 W
TEMPERATURE IN F: :PCPN: SNOW: WIND :SUNSHINE: SKY :PK WND
================================================================================
1 2 3 4 5 6A 6B 7 8 9 10 11 12 13 14 15 16 17 18
12Z AVG MX 2MIN
DY MAX MIN AVG DEP HDD CDD WTR SNW DPTH SPD SPD DIR MIN PSBL S-S WX SPD DR
================================================================================
1 53 31 42 -4 23 0 0.00 0.0 0 7.0 14 310 M M 0 17 320
2 64 31 48 2 17 0 0.00 0.0 0 11.1 36 280 M M 3 12 48 270
3 71 32 52 7 13 0 0.00 0.0 0 14.8 30 270 M M 0 38 270
4 62 31 47 2 18 0 0.00 0.0 0 8.1 18 210 M M 0 24 190
5 64 30 47 2 18 0 0.00 0.0 0 6.4 20 10 M M 0 28 10
6 72 34 53 9 12 0 0.00 0.0 0 8.3 21 210 M M 0 27 210
7 76 46 61 17 4 0 0.00 0.0 0 15.6 28 220 M M 0 36 210
8 67 40 54 10 11 0 0.00 0.0 0 10.0 18 310 M M 0 24 350
9 51 28 40 -4 25 0 0.00 0.0 0 12.6 28 360 M M 1 34 360
10 58 24 41 -3 24 0 0.00 0.0 0 10.5 24 240 M M 0 32 240
11 59 27 43 0 22 0 0.00 0.0 0 6.5 12 110 M M 0 19 110
12 60 29 45 2 20 0 0.00 0.0 0 6.3 16 150 M M 2 23 160
13 53 41 47 4 18 0 1.87 0.0 0 8.5 18 140 M M 10 1 26 140
14 46 41 44 1 21 0 1.06 0.0 0 9.4 20 310 M M 10 1 24 320
15 50 35 43 1 22 0 0.16 0.0 0 10.4 21 310 M M 5 1 26 90
16 62 32 47 5 18 0 0.00 0.0 0 9.0 15 320 M M 0 18 320
17 70 36 53 11 12 0 0.00 0.0 0 5.3 12 350 M M 0 16 10
18 57 33 45 3 20 0 0.00 0.0 0 7.3 13 10 M M 0 16 10
19 62 36 49 7 16 0 0.00 0.0 0 11.6 24 190 M M 0 30 200
20 62 41 52 10 13 0 0.00 0.0 0 11.0 23 200 M M 0 29 180
21 64 47 56 14 9 0 0.00 0.0 0 8.7 20 180 M M 5 12 27 180
22 58 48 53 11 12 0 0.00 0.0 0 6.2 13 140 M M 9 12 16 150
23 61 48 55 13 10 0 0.52 0.0 0 10.3 23 180 M M 10 123 33 170
24 53 35 44 3 21 0 0.00 0.0 0 19.1 33 340 M M 5 45 350
25 47 28 38 -3 27 0 0.00 0.0 0 12.7 24 340 M M 0 32 320
26 50 25 38 -3 27 0 0.00 0.0 0 7.9 23 290 M M 0 29 300
27 51 32 42 1 23 0 0.00 0.0 0 9.1 21 340 M M 6 26 360
28 54 28 41 0 24 0 0.00 0.0 0 11.1 26 20 M M 3 35 20
29 59 27 43 2 22 0 0.00 0.0 0 8.9 20 340 M M 0 27 330
30 69 28 49 8 16 0 0.00 0.0 0 8.3 20 220 M M 0 26 220
31 51 32 42 1 23 0 0.00 0.0 0 8.9 18 50 M M 0 26 40
================================================================================
SM 1836 1056 561 0 3.61 0.0 300.9 M 69
================================================================================
AV 59.2 34.1 9.7 FASTST M M 2 MAX(MPH)
MISC ----> 36 280 48 270
================================================================================
NOTES:
# LAST OF SEVERAL OCCURRENCES
COLUMN 17 PEAK WIND IN M.P.H.
PRELIMINARY LOCAL CLIMATOLOGICAL DATA (WS FORM: F-6) , PAGE 2
STATION: CHILDRESS
MONTH: DECEMBER
YEAR: 2023
LATITUDE: 34 25 N
LONGITUDE: 100 17 W
[TEMPERATURE DATA] [PRECIPITATION DATA] SYMBOLS USED IN COLUMN 16
AVERAGE MONTHLY: 46.6 TOTAL FOR MONTH: 3.61 1 = FOG OR MIST
DPTR FM NORMAL: 3.8 DPTR FM NORMAL: 2.79 2 = FOG REDUCING VISIBILITY
HIGHEST: 76 ON 7 GRTST 24HR 1.89 ON 13-14 TO 1/4 MILE OR LESS
LOWEST: 24 ON 10 3 = THUNDER
SNOW, ICE PELLETS, HAIL 4 = ICE PELLETS
TOTAL MONTH: 0.0 INCH 5 = HAIL
GRTST 24HR 0.0 6 = FREEZING RAIN OR DRIZZLE
GRTST DEPTH: 0 7 = DUSTSTORM OR SANDSTORM:
VSBY 1/2 MILE OR LESS
8 = SMOKE OR HAZE
[NO. OF DAYS WITH] [WEATHER - DAYS WITH] 9 = BLOWING SNOW
X = TORNADO
MAX 32 OR BELOW: 0 0.01 INCH OR MORE: 4
MAX 90 OR ABOVE: 0 0.10 INCH OR MORE: 4
MIN 32 OR BELOW: 17 0.50 INCH OR MORE: 3
MIN 0 OR BELOW: 0 1.00 INCH OR MORE: 2
[HDD (BASE 65) ]
TOTAL THIS MO. 561 CLEAR (SCALE 0-3) 21
DPTR FM NORMAL -127 PTCLDY (SCALE 4-7) 6
TOTAL FM JUL 1 1078 CLOUDY (SCALE 8-10) 4
DPTR FM NORMAL -174
[CDD (BASE 65) ]
TOTAL THIS MO. 0
DPTR FM NORMAL 0 [PRESSURE DATA]
TOTAL FM JAN 1 2610 HIGHEST SLP 30.47 ON 10
DPTR FM NORMAL 346 LOWEST SLP 29.62 ON 8
[REMARKS]
#FINAL-12-23#