000
CDUS44 KLUB 200627
CLICDS

CLIMATE REPORT
NATIONAL WEATHER SERVICE LUBBOCK TX
127 AM CDT WED OCT 20 2021

...................................

...THE CHILDRESS CLIMATE SUMMARY FOR OCTOBER 19 2021...

CLIMATE NORMAL PERIOD 1991 TO 2020
CLIMATE RECORD PERIOD 1893 TO 2021


WEATHER ITEM   OBSERVED TIME   RECORD YEAR NORMAL DEPARTURE LAST
                VALUE   (LST)  VALUE       VALUE  FROM      YEAR
                                                  NORMAL
...................................................................
TEMPERATURE (F)
 YESTERDAY
  MAXIMUM         87    316 PM  94    1940  75     12       62
  MINIMUM         51    710 AM  31    1989  49      2       46
  AVERAGE         69                        62      7       54

PRECIPITATION (IN)
  YESTERDAY        0.00          1.47 1983   0.07  -0.07     0.00
  MONTH TO DATE    0.69                      1.26  -0.57     0.00
  SINCE SEP 1      1.28                      3.64  -2.36     1.47
  SINCE JAN 1     15.34                     20.97  -5.63    16.90

SNOWFALL (IN)
  YESTERDAY        0.0
  MONTH TO DATE    0.0
  SINCE SEP 1      0.0
  SINCE JUL 1      0.0
  SNOW DEPTH       0

DEGREE DAYS
 HEATING
  YESTERDAY        0                         5     -5       11
  MONTH TO DATE   23                        58    -35       37
  SINCE SEP 1     23                        71    -48       67
  SINCE JUL 1     23                        71    -48       67

 COOLING
  YESTERDAY        4                         2      2        0
  MONTH TO DATE   95                        65     30       80
  SINCE SEP 1    517                       359    158      307
  SINCE JAN 1   2300                      2241     59     2390
...................................................................


WIND (MPH)
  RESULTANT WIND SPEED  11   RESULTANT WIND DIRECTION   S (170)
  HIGHEST WIND SPEED    21   HIGHEST WIND DIRECTION     S (180)
  HIGHEST GUST SPEED    30   HIGHEST GUST DIRECTION     S (170)
  AVERAGE WIND SPEED    11.4


SKY COVER
  AVERAGE SKY COVER 0.1


WEATHER CONDITIONS
THE FOLLOWING WEATHER WAS RECORDED YESTERDAY.
  HAZE


RELATIVE HUMIDITY (PERCENT)
 HIGHEST    83           700 AM
 LOWEST     31           400 PM
 AVERAGE    57

..........................................................


THE CHILDRESS CLIMATE NORMALS FOR TODAY
                         NORMAL    RECORD    YEAR
 MAXIMUM TEMPERATURE (F)   75        95      2007
 MINIMUM TEMPERATURE (F)   48        29      1976


SUNRISE AND SUNSET
OCTOBER 20 2021.......SUNRISE   751 AM CDT   SUNSET   700 PM CDT
OCTOBER 21 2021.......SUNRISE   752 AM CDT   SUNSET   659 PM CDT


-  INDICATES NEGATIVE NUMBERS.
R  INDICATES RECORD WAS SET OR TIED.
MM INDICATES DATA IS MISSING.
T  INDICATES TRACE AMOUNT.




$$
