000
CDUS44 KLUB 300645
CLICDS

CLIMATE REPORT
NATIONAL WEATHER SERVICE LUBBOCK TX
145 AM CDT WED SEP 30 2020

...................................

...THE CHILDRESS CLIMATE SUMMARY FOR SEPTEMBER 29 2020...

CLIMATE NORMAL PERIOD 1981 TO 2010
CLIMATE RECORD PERIOD 1893 TO 2020


WEATHER ITEM   OBSERVED TIME   RECORD YEAR NORMAL DEPARTURE LAST
                VALUE   (LST)  VALUE       VALUE  FROM      YEAR
                                                  NORMAL
...................................................................
TEMPERATURE (F)
 YESTERDAY
  MAXIMUM         84    414 PM  98    1994  82      2       90
  MINIMUM         44    624 AM  41    1985  56    -12       74
  AVERAGE         64                        69     -5       82

PRECIPITATION (IN)
  YESTERDAY        0.00          1.53 1985   0.07  -0.07     0.00
  MONTH TO DATE    1.47                      2.36  -0.89     4.80
  SINCE SEP 1      1.47                      2.36  -0.89     4.80
  SINCE JAN 1     16.90                     19.45  -2.55    20.96

SNOWFALL (IN)
  YESTERDAY        0.0
  MONTH TO DATE    0.0
  SINCE SEP 1      0.0
  SINCE JUL 1      0.0
  SNOW DEPTH      MM

DEGREE DAYS
 HEATING
  YESTERDAY        1                         2     -1        0
  MONTH TO DATE   30                        14     16        0
  SINCE SEP 1     30                        14     16        0
  SINCE JUL 1     30                        14     16        0

 COOLING
  YESTERDAY        0                         6     -6       17
  MONTH TO DATE  218                       289    -71      464
  SINCE SEP 1    218                       289    -71      464
  SINCE JAN 1   2301                      2120    181     2310
...................................................................


WIND (MPH)
  RESULTANT WIND SPEED   6   RESULTANT WIND DIRECTION   W (290)
  HIGHEST WIND SPEED    18   HIGHEST WIND DIRECTION     W (290)
  HIGHEST GUST SPEED    23   HIGHEST GUST DIRECTION    NW (300)
  AVERAGE WIND SPEED     8.8


SKY COVER
  AVERAGE SKY COVER 0.0


WEATHER CONDITIONS
THE FOLLOWING WEATHER WAS RECORDED YESTERDAY.
  HAZE


RELATIVE HUMIDITY (PERCENT)
 HIGHEST    47           600 AM
 LOWEST     12           300 PM
 AVERAGE    30

..........................................................


THE CHILDRESS CLIMATE NORMALS FOR TODAY
                         NORMAL    RECORD    YEAR
 MAXIMUM TEMPERATURE (F)   82       104      1977
 MINIMUM TEMPERATURE (F)   56        34      1984


SUNRISE AND SUNSET
SEPTEMBER 30 2020.....SUNRISE   735 AM CDT   SUNSET   726 PM CDT
OCTOBER  1 2020.......SUNRISE   736 AM CDT   SUNSET   724 PM CDT


-  INDICATES NEGATIVE NUMBERS.
R  INDICATES RECORD WAS SET OR TIED.
MM INDICATES DATA IS MISSING.
T  INDICATES TRACE AMOUNT.




$$
