000
CXUS54 KLUB 011824
CLMCDS

CLIMATE REPORT
NATIONAL WEATHER SERVICE LUBBOCK TX
124 PM CDT FRI OCT 01 2021

...................................

...THE CHILDRESS CLIMATE SUMMARY FOR THE MONTH OF SEPTEMBER 2021...

CLIMATE NORMAL PERIOD 1991 TO 2020
CLIMATE RECORD PERIOD 1893 TO 2021

WEATHER         OBSERVED          NORMAL  DEPART   LAST YEAR`S
                VALUE   DATE(S)   VALUE   FROM     VALUE DATE(S)
                                          NORMAL
................................................................
TEMPERATURE (F)
RECORD
 HIGH            108   09/01/1951
 LOW              34   09/30/1984
HIGHEST          101   09/11                          98  09/25
LOWEST            50   09/22                          44  09/09
                                                          09/29
AVG. MAXIMUM    92.9               86.7     6.2     84.2
AVG. MINIMUM    64.7               62.0     2.7     58.6
MEAN            78.8               74.4     4.4     71.4
DAYS MAX >= 90    25               12.6    12.4        9
DAYS MAX <= 32     0                0.0     0.0        0
DAYS MIN <= 32     0                0.0     0.0        0
DAYS MIN <= 0      0                0.0     0.0        0

PRECIPITATION (INCHES)
RECORD
 MAXIMUM       11.70   1936
 MINIMUM        0.00   1939
TOTALS          0.59               2.38   -1.79     1.47
DAILY AVG.      0.02               0.08   -0.06     0.05
DAYS >= .01        3                6.3    -3.3        5
DAYS >= .10        2                3.8    -1.8        3
DAYS >= .50        0                1.2    -1.2        1
DAYS >= 1.00       0                0.5    -0.5        0
GREATEST
 24 HR. TOTAL   0.29   09/17 TO 09/17

SNOWFALL (INCHES)
RECORDS
 TOTAL             T   1992
TOTALS           0.0                0.0     0.0      0.0
SINCE 7/1        0.0                0.0     0.0       MM
SNOWDEPTH AVG.     0                                   0
DAYS >= TRACE      0                0.0     0.0        0
DAYS >= 1.0        0                0.0     0.0        0
GREATEST
 SNOW DEPTH        0                                   0  MM
 24 HR TOTAL     0.0    MM                           0.0

DEGREE DAYS
HEATING TOTAL      0                 13     -13       30
 SINCE 7/1         0                 10     -10       MM
COOLING TOTAL    422                294     128      227
 SINCE 1/1      2205               2176      29       MM
................................................................

WIND (MPH)
AVERAGE WIND SPEED              9.2
HIGHEST WIND SPEED/DIRECTION    28/010    DATE  09/21
HIGHEST GUST SPEED/DIRECTION    41/020    DATE  09/21

SKY COVER
POSSIBLE SUNSHINE (PERCENT)   MM
AVERAGE SKY COVER           0.07
NUMBER OF DAYS FAIR           30
NUMBER OF DAYS PC              0
NUMBER OF DAYS CLOUDY          0

AVERAGE RH (PERCENT)     49

WEATHER CONDITIONS. NUMBER OF DAYS WITH
THUNDERSTORM              5     MIXED PRECIP               0
HEAVY RAIN                2     RAIN                       1
LIGHT RAIN                6     FREEZING RAIN              0
LT FREEZING RAIN          0     HAIL                       0
HEAVY SNOW                0     SNOW                       0
LIGHT SNOW                0     SLEET                      0
FOG                       1     FOG W/VIS <= 1/4 MILE      1
HAZE                      4

-  INDICATES NEGATIVE NUMBERS.
R  INDICATES RECORD WAS SET OR TIED.
MM INDICATES DATA IS MISSING.
T  INDICATES TRACE AMOUNT.

$$
