000
CXUS52 KFFC 011010
CF6FTY
PRELIMINARY LOCAL CLIMATOLOGICAL DATA (WS FORM: F-6)
STATION: FULTON COUNTY AIRPORT
MONTH: AUGUST
YEAR: 2023
LATITUDE: 33 46 N
LONGITUDE: 84 31 W
TEMPERATURE IN F: :PCPN: SNOW: WIND :SUNSHINE: SKY :PK WND
================================================================================
1 2 3 4 5 6A 6B 7 8 9 10 11 12 13 14 15 16 17 18
12Z AVG MX 2MIN
DY MAX MIN AVG DEP HDD CDD WTR SNW DPTH SPD SPD DIR MIN PSBL S-S WX SPD DR
================================================================================
1 93 67 80 0 0 15 0.00 M M 3.2 12 320 M M 0 16 320
2 91 68 80 0 0 15 0.00 M M 5.5 12 90 M M 5 17 140
3 91 72 82 2 0 17 0.24 M M 5.4 25 320 M M 6 13 37 330
4 88 72 80 0 0 15 T M M 4.2 14 310 M M 6 19 320
5 94 73 84 4 0 19 0.00 M M 1.4 8 340 M M 4 11 250
6 91 71 81 1 0 16 1.00 M M 4.0 26 270 M M 5 13 44 270
7 94 70 82 2 0 17 0.46 M M 5.9 38 290 M M 3 138 52 300
8 84 70 77 -3 0 12 0.02 M M 5.0 20 320 M M 4 29 10
9 M M M M M M M M M 3.2 M M M M 3 1 M M
10 87 68 78 -2 0 13 0.26 M M 5.5 28 310 M M 5 13 41 330
11 89 72 81 1 0 16 0.43 M M 4.6 15 210 M M 4 13 23 220
12 93 71 82 2 0 17 0.42 M M 3.0 23 290 M M 3 138 37 190
13 93 70 82 2 0 17 0.00 M M 2.7 16 310 M M 3 13 24 300
14 96 72 84 4 0 19 T M M 5.2 12 220 M M 1 3 19 280
15 89 72 81 1 0 16 0.09 M M 4.0 25 330 M M 2 13 34 340
16 85 65 75 -5 0 10 0.00 M M 2.4 10 300 M M 1 14 320
17 86 63 75 -4 0 10 0.00 M M 3.7 15 300 M M 1 21 300
18 88 65 77 -2 0 12 0.00 M M 3.0 15 300 M M 1 22 300
19 89 65 77 -2 0 12 0.00 0.0 0 2.2 8 110 M M 1 12 80
20 92 67 80 1 0 15 0.00 M M 2.3 12 40 M M 0 15 50
21 95 69 82 3 0 17 0.00 M M 2.1 9 330 M M 1 13 300
22 96 72 84 5 0 19 0.00 M M 2.5 10 50 M M 0 13 40
23 93 75 84 5 0 19 0.00 M M 5.3 16 50 M M 1 22 70
24 94 72 83 5 0 18 0.00 M M 1.9 8 280 M M 2 18 11 250
25 97 77 87 9 0 22 0.00 M M 4.5 14 310 M M 1 1 21 280
26 98 72 85 7 0 20 0.00 M M 3.9 17 60 M M 0 3 23 70
27 98 72 85 7 0 20 0.00 M M 3.7 15 150 M M 2 3 23 140
28 92 71 82 4 0 17 1.89 M M 5.7 26 140 M M 6 13 37 130
29 90 71 81 3 0 16 0.39 M M 4.0 17 90 M M 7 13 25 110
30 86 70 78 1 0 13 0.02 M M 5.6 13 340 M M 8 1 19 330
31 88 66 77 0 0 12 0.00 M M 3.1 12 80 M M 3 17 150
================================================================================
SM 2740 2100 0 476 5.22 0.0 118.7 M 89
================================================================================
AV 91.3 70.0 3.8 FASTST M M 3 MAX(MPH)
MISC ----> 38 290 52 300
================================================================================
NOTES:
# LAST OF SEVERAL OCCURRENCES
COLUMN 17 PEAK WIND IN M.P.H.
PRELIMINARY LOCAL CLIMATOLOGICAL DATA (WS FORM: F-6) , PAGE 2
STATION: FULTON COUNTY AIRPORT
MONTH: AUGUST
YEAR: 2023
LATITUDE: 33 46 N
LONGITUDE: 84 31 W
[TEMPERATURE DATA] [PRECIPITATION DATA] SYMBOLS USED IN COLUMN 16
AVERAGE MONTHLY: 80.7 TOTAL FOR MONTH: 5.22 1 = FOG OR MIST
DPTR FM NORMAL: 1.4 DPTR FM NORMAL: 1.24 2 = FOG REDUCING VISIBILITY
HIGHEST: 98 ON 27,26 GRTST 24HR 1.89 ON 28-28 TO 1/4 MILE OR LESS
LOWEST: 63 ON 17 3 = THUNDER
SNOW, ICE PELLETS, HAIL 4 = ICE PELLETS
TOTAL MONTH: 0.0 INCH 5 = HAIL
GRTST 24HR 0.0 6 = FREEZING RAIN OR DRIZZLE
GRTST DEPTH: 0 7 = DUSTSTORM OR SANDSTORM:
VSBY 1/2 MILE OR LESS
8 = SMOKE OR HAZE
[NO. OF DAYS WITH] [WEATHER - DAYS WITH] 9 = BLOWING SNOW
X = TORNADO
MAX 32 OR BELOW: 0 0.01 INCH OR MORE: 11
MAX 90 OR ABOVE: 19 0.10 INCH OR MORE: 8
MIN 32 OR BELOW: 0 0.50 INCH OR MORE: 2
MIN 0 OR BELOW: 0 1.00 INCH OR MORE: 2
[HDD (BASE 65) ]
TOTAL THIS MO. 0 CLEAR (SCALE 0-3) 19
DPTR FM NORMAL 0 PTCLDY (SCALE 4-7) 12
TOTAL FM JUL 1 0 CLOUDY (SCALE 8-10) 0
DPTR FM NORMAL 0
[CDD (BASE 65) ]
TOTAL THIS MO. 476
DPTR FM NORMAL 34 [PRESSURE DATA]
TOTAL FM JAN 1 1472 HIGHEST SLP 30.17 ON 21
DPTR FM NORMAL -24 LOWEST SLP 29.65 ON 30
[REMARKS]
#FINAL-08-23#