000
CXUS54 KFWD 010830
CF6GVT
PRELIMINARY LOCAL CLIMATOLOGICAL DATA (WS FORM: F-6)
STATION: GREENVILLE
MONTH: DECEMBER
YEAR: 2021
LATITUDE: 33 4 N
LONGITUDE: 96 4 W
TEMPERATURE IN F: :PCPN: SNOW: WIND :SUNSHINE: SKY :PK WND
================================================================================
1 2 3 4 5 6A 6B 7 8 9 10 11 12 13 14 15 16 17 18
12Z AVG MX 2MIN
DY MAX MIN AVG DEP HDD CDD WTR SNW DPTH SPD SPD DIR MIN PSBL S-S WX SPD DR
================================================================================
1 74 44 59 9 6 0 0.00 M M 7.3 15 200 M M 1 22 200
2 79 39 59 9 6 0 0.00 M M 4.0 12 190 M M 0 1 M M
3 74 53 64 14 1 0 0.01 M M 8.9 17 160 M M 7 12 25 160
4 69 62 66 17 0 1 0.00 M M 7.5 12 170 M M 8 1 M M
5 76 55 66 17 0 1 0.00 M M 10.5 25 190 M M 7 1 32 190
6 70 39 55 7 10 0 M M M 15.3 27 360 M M 3 32 360
7 57 32 45 -3 20 0 0.00 M M 5.7 12 150 M M 0 M M
8 58 40 49 1 16 0 0.00 M M 6.2 9 160 M M 6 1 M M
9 78 53 66 18 0 1 0.00 M M 13.8 20 200 M M 5 1 29 200
10 82 66 74 27 0 9 0.00 M M 13.3 21 190 M M 7 1 29 200
11 71 28 50 3 15 0 0.00 M M 10.8 21 320 M M 1 30 290
12 57 23 40 -7 25 0 0.00 M M 6.5 17 140 M M 1 12 21 150
13 64 33 49 2 16 0 0.00 M M 8.2 16 140 M M 6 25 150
14 69 53 61 15 4 0 0.03 M M 7.2 14 160 M M 10 1 M M
15 79 68 74 28 0 9 0.01 M M 17.1 24 180 M M 8 32 170
16 80 60 70 24 0 5 0.00 M M 9.5 15 200 M M 7 8 24 240
17 79 60 70 24 0 5 0.00 M M 10.6 22 190 M M 9 26 170
18 70 39 55 9 10 0 0.01 M M 16.3 23 340 M M 4 32 340
19 46 31 39 -7 26 0 0.00 M M 6.5 15 350 M M 1 22 10
20 50 39 45 -1 20 0 T M M 3.5 7 90 M M 9 M M
21 60 29 45 0 20 0 0.00 M M 2.8 9 160 M M 3 12 M M
22 68 33 51 6 14 0 0.00 M M 6.7 14 140 M M 1 17 140
23 73 52 63 18 2 0 0.00 M M 15.8 24 190 M M 3 30 180
24 77 61 69 24 0 4 0.00 M M 19.9 28 170 M M 4 33 170
25 81 59 70 25 0 5 0.00 M M 10.4 20 200 M M 2 24 190
26 75 51 63 18 2 0 0.00 M M 11.7 18 190 M M 5 12 25 170
27 79 61 70 25 0 5 0.00 M M 11.4 18 200 M M 8 1 26 200
28 80 52 66 21 0 1 0.00 M M 11.8 18 240 M M 4 28 180
29 72 48 60 15 5 0 0.17 M M 3.7 15 150 M M 6 12 20 270
30 77 42 60 15 5 0 0.00 M M 1.6 9 230 M M 4 12 M M
31 70 51 61 16 4 0 0.01 M M 6.8 14 170 M M 7 1 17 170
================================================================================
SM 2194 1456 227 46 0.24 M 291.4 M 147
================================================================================
AV 70.8 47.0 9.4 FASTST M M 5 MAX(MPH)
MISC ----> 28 170 33 170
================================================================================
NOTES:
# LAST OF SEVERAL OCCURRENCES
COLUMN 17 PEAK WIND IN M.P.H.
PRELIMINARY LOCAL CLIMATOLOGICAL DATA (WS FORM: F-6) , PAGE 2
STATION: GREENVILLE
MONTH: DECEMBER
YEAR: 2021
LATITUDE: 33 4 N
LONGITUDE: 96 4 W
[TEMPERATURE DATA] [PRECIPITATION DATA] SYMBOLS USED IN COLUMN 16
AVERAGE MONTHLY: 58.9 TOTAL FOR MONTH: 0.24 1 = FOG OR MIST
DPTR FM NORMAL: 12.3 DPTR FM NORMAL: -3.34 2 = FOG REDUCING VISIBILITY
HIGHEST: 82 ON 10 GRTST 24HR 0.17 ON 29-29 TO 1/4 MILE OR LESS
LOWEST: 23 ON 12 3 = THUNDER
SNOW, ICE PELLETS, HAIL 4 = ICE PELLETS
TOTAL MONTH: M 5 = HAIL
GRTST 24HR M ON M 6 = FREEZING RAIN OR DRIZZLE
GRTST DEPTH: M ON M 7 = DUSTSTORM OR SANDSTORM:
VSBY 1/2 MILE OR LESS
8 = SMOKE OR HAZE
[NO. OF DAYS WITH] [WEATHER - DAYS WITH] 9 = BLOWING SNOW
X = TORNADO
MAX 32 OR BELOW: 0 0.01 INCH OR MORE: 6
MAX 90 OR ABOVE: 0 0.10 INCH OR MORE: 1
MIN 32 OR BELOW: 5 0.50 INCH OR MORE: 0
MIN 0 OR BELOW: 0 1.00 INCH OR MORE: 0
[HDD (BASE 65) ]
TOTAL THIS MO. 227 CLEAR (SCALE 0-3) 9
DPTR FM NORMAL -348 PTCLDY (SCALE 4-7) 18
TOTAL FM JUL 1 585 CLOUDY (SCALE 8-10) 4
DPTR FM NORMAL -357
[CDD (BASE 65) ]
TOTAL THIS MO. 46
DPTR FM NORMAL 41 [PRESSURE DATA]
TOTAL FM JAN 1 2322 HIGHEST SLP M ON M
DPTR FM NORMAL -325 LOWEST SLP M ON M
[REMARKS]
#FINAL-12-21#