000
CXUS51 KCAR 010600
CF6HUL
PRELIMINARY LOCAL CLIMATOLOGICAL DATA (WS FORM: F-6)
STATION: HOULTON ME
MONTH: OCTOBER
YEAR: 2021
LATITUDE: 46 7 N
LONGITUDE: 67 48 W
TEMPERATURE IN F: :PCPN: SNOW: WIND :SUNSHINE: SKY :PK WND
================================================================================
1 2 3 4 5 6A 6B 7 8 9 10 11 12 13 14 15 16 17 18
12Z AVG MX 2MIN
DY MAX MIN AVG DEP HDD CDD WTR SNW DPTH SPD SPD DIR MIN PSBL S-S WX SPD DR
================================================================================
1 53 44 49 -1 16 0 0.03 M M 3.3 9 310 M M 10 1 13 250
2 55 43 49 0 16 0 0.01 M M 3.3 17 290 M M 10 25 280
3 58 34 46 -3 19 0 0.00 M M 2.2 14 30 M M 4 1 17 20
4 62 32 47 -2 18 0 0.00 M M 1.5 13 10 M M 1 16 20
5 68 31 50 2 15 0 0.00 M M 0.4 7 20 M M 0 9 20
6 70 33 52 4 13 0 0.00 M M 1.9 12 320 M M 0 1 14 320
7 72 38 55 8 10 0 0.00 M M 1.9 12 270 M M 0 15 280
8 61 35 48 1 17 0 0.00 M M 5.0 15 70 M M 1 20 70
9 59 30 45 -2 20 0 0.00 M M 2.0 9 230 M M 0 14 200
10 57 38 48 2 17 0 0.00 M M 5.3 15 220 M M 6 12 20 230
11 70 47 59 13 6 0 0.00 M M 2.5 9 270 M M 5 1 12 280
12 76 43 60 14 5 0 0.00 M M 1.8 9 340 M M 1 8 13 340
13 76 48 62 17 3 0 T M M 3.3 9 220 M M 1 14 220
14 74 52 63 18 2 0 0.00 M M 4.6 15 20 M M 7 12 20 360
15 60 54 57 13 8 0 0.01 M M 3.4 9 190 M M 10 1 13 170
16 64 55 60 16 5 0 0.45 M M 8.5 16 150 M M 10 1 28 180
17 62 50 56 12 9 0 1.17 M M 5.7 16 160 M M 10 1 28 150
18 54 42 48 5 17 0 0.03 M M 6.4 14 310 M M 8 1 18 300
19 49 42 46 3 19 0 0.02 M M 7.5 17 260 M M 7 23 250
20 51 43 47 4 18 0 T M M 4.1 13 330 M M 10 18 16 310
21 58 43 51 9 14 0 T M M 4.2 9 160 M M 10 14 160
22 65 49 57 15 8 0 0.02 M M 6.9 15 330 M M 9 1 23 300
23 54 41 48 6 17 0 0.00 M M 6.2 12 360 M M 9 15 360
24 49 32 41 -1 24 0 0.00 M M 8.1 21 290 M M 5 28 290
25 46 31 39 -2 26 0 0.00 M M 2.0 8 250 M M 2 12 260
26 59 38 49 8 16 0 0.00 M M 8.9 18 50 M M 5 23 50
27 49 38 44 4 21 0 0.00 M M 14.0 23 30 M M 8 32 40
28 53 31 42 2 23 0 0.00 M M 9.4 21 20 M M 5 25 40
29 55 27 41 1 24 0 0.00 M M 2.8 12 30 M M 0 15 40
30 51 33 42 2 23 0 T M M 4.8 10 70 M M 8 13 50
31 60 44 52 13 13 0 0.69 M M 9.8 22 120 M M 9 1 34 100
================================================================================
SM 1850 1241 462 0 2.43 M 151.7 M 171
================================================================================
AV 59.7 40.0 4.9 FASTST M M 6 MAX(MPH)
MISC ----> 23 30 34 100
================================================================================
NOTES:
# LAST OF SEVERAL OCCURRENCES
COLUMN 17 PEAK WIND IN M.P.H.
PRELIMINARY LOCAL CLIMATOLOGICAL DATA (WS FORM: F-6) , PAGE 2
STATION: HOULTON ME
MONTH: OCTOBER
YEAR: 2021
LATITUDE: 46 7 N
LONGITUDE: 67 48 W
[TEMPERATURE DATA] [PRECIPITATION DATA] SYMBOLS USED IN COLUMN 16
AVERAGE MONTHLY: 49.9 TOTAL FOR MONTH: 2.43 1 = FOG OR MIST
DPTR FM NORMAL: 5.6 DPTR FM NORMAL: -1.61 2 = FOG REDUCING VISIBILITY
HIGHEST: 76 ON 13,12 GRTST 24HR 1.45 ON 16-17 TO 1/4 MILE OR LESS
LOWEST: 27 ON 29 3 = THUNDER
SNOW, ICE PELLETS, HAIL 4 = ICE PELLETS
TOTAL MONTH: M 5 = HAIL
GRTST 24HR M ON M 6 = FREEZING RAIN OR DRIZZLE
GRTST DEPTH: M ON M 7 = DUSTSTORM OR SANDSTORM:
VSBY 1/2 MILE OR LESS
8 = SMOKE OR HAZE
[NO. OF DAYS WITH] [WEATHER - DAYS WITH] 9 = BLOWING SNOW
X = TORNADO
MAX 32 OR BELOW: 0 0.01 INCH OR MORE: 9
MAX 90 OR ABOVE: 0 0.10 INCH OR MORE: 3
MIN 32 OR BELOW: 7 0.50 INCH OR MORE: 2
MIN 0 OR BELOW: 0 1.00 INCH OR MORE: 1
[HDD (BASE 65) ]
TOTAL THIS MO. 462 CLEAR (SCALE 0-3) 10
DPTR FM NORMAL -182 PTCLDY (SCALE 4-7) 9
TOTAL FM JUL 1 778 CLOUDY (SCALE 8-10) 12
DPTR FM NORMAL -283
[CDD (BASE 65) ]
TOTAL THIS MO. 0
DPTR FM NORMAL 0 [PRESSURE DATA]
TOTAL FM JAN 1 329 HIGHEST SLP M ON M
DPTR FM NORMAL 123 LOWEST SLP 29.44 ON 31
[REMARKS]
#FINAL-10-21#