000
CDUS44 KLUB 302229
CLILBB

CLIMATE REPORT
NATIONAL WEATHER SERVICE LUBBOCK TX
529 PM CDT WED SEP 30 2020

...................................

...THE LUBBOCK CLIMATE SUMMARY FOR SEPTEMBER 30 2020...
VALID TODAY AS OF 0500 PM LOCAL TIME.

CLIMATE NORMAL PERIOD 1981 TO 2010
CLIMATE RECORD PERIOD 1911 TO 2020


WEATHER ITEM   OBSERVED TIME   RECORD YEAR NORMAL DEPARTURE LAST
                VALUE   (LST)  VALUE       VALUE  FROM      YEAR
                                                  NORMAL
...................................................................
TEMPERATURE (F)
 TODAY
  MAXIMUM         92    351 PM  99    1977  80     12       83
  MINIMUM         48    554 AM  35    1985  53     -5       68
  AVERAGE         70                        67      3       76

PRECIPITATION (IN)
  TODAY            0.00          1.78 1941   0.07  -0.07     0.00
  MONTH TO DATE    1.04                      2.51  -1.47     5.97
  SINCE SEP 1      1.04                      2.51  -1.47     5.97
  SINCE JAN 1     10.61                     15.58  -4.97    21.56

SNOWFALL (IN)
  TODAY            0.0           0.0  2002   0.0    0.0      0.0
  MONTH TO DATE    0.0                       0.0    0.0      0.0
  SINCE SEP 1      0.0                       0.0    0.0      0.0
  SINCE JUL 1      0.0                       0.0    0.0      0.0
  SNOW DEPTH       0

DEGREE DAYS
 HEATING
  TODAY            0                         2     -2        0
  MONTH TO DATE   52                        23     29        0
  SINCE SEP 1     52                        23     29        0
  SINCE JUL 1     52                        23     29        0

 COOLING
  TODAY            5                         4      1       11
  MONTH TO DATE  215                       223     -8      383
  SINCE SEP 1    215                       223     -8      383
  SINCE JAN 1   2206                      1749    457     2101
...................................................................


WIND (MPH)
  RESULTANT WIND SPEED   4   RESULTANT WIND DIRECTION   W (270)
  HIGHEST WIND SPEED    13   HIGHEST WIND DIRECTION     S (200)
  HIGHEST GUST SPEED    15   HIGHEST GUST DIRECTION     S (200)
  AVERAGE WIND SPEED     6.2


SKY COVER
  AVERAGE SKY COVER 0.0


WEATHER CONDITIONS
THE FOLLOWING WEATHER WAS RECORDED TODAY.
  NO SIGNIFICANT WEATHER WAS OBSERVED.


RELATIVE HUMIDITY (PERCENT)
 HIGHEST    44           700 AM
 LOWEST     10           400 PM
 AVERAGE    27

..........................................................


THE LUBBOCK CLIMATE NORMALS FOR TOMORROW
                         NORMAL    RECORD    YEAR
 MAXIMUM TEMPERATURE (F)   80        98      2000
 MINIMUM TEMPERATURE (F)   53        39      1985


SUNRISE AND SUNSET
SEPTEMBER 30 2020.....SUNRISE   741 AM CDT   SUNSET   732 PM CDT
OCTOBER  1 2020.......SUNRISE   742 AM CDT   SUNSET   731 PM CDT


-  INDICATES NEGATIVE NUMBERS.
R  INDICATES RECORD WAS SET OR TIED.
MM INDICATES DATA IS MISSING.
T  INDICATES TRACE AMOUNT.




$$
