000
CDUS44 KLUB 280125
CLILBB

CLIMATE REPORT
NATIONAL WEATHER SERVICE LUBBOCK TX
825 PM CDT WED OCT 27 2021

...................................

...THE LUBBOCK CLIMATE SUMMARY FOR OCTOBER 27 2021...
VALID AS OF 0800 PM LOCAL TIME.

CLIMATE NORMAL PERIOD 1991 TO 2020
CLIMATE RECORD PERIOD 1911 TO 2021


WEATHER ITEM   OBSERVED TIME   RECORD YEAR NORMAL DEPARTURE LAST
                VALUE   (LST)  VALUE       VALUE  FROM      YEAR
                                                  NORMAL
...................................................................
TEMPERATURE (F)
 TODAY
  MAXIMUM         68    433 PM  87    1922  72     -4       33
  MINIMUM         50    721 AM  22    2020  44      6       22
  AVERAGE         59                        58      1       28

PRECIPITATION (IN)
  TODAY            0.00          0.80 2011   0.04  -0.04     0.62
  MONTH TO DATE    0.63                      1.38  -0.75     0.68
  SINCE SEP 1      1.23                      3.93  -2.70     1.72
  SINCE JAN 1     19.94                     16.63   3.31    11.29

SNOWFALL (IN)
  TODAY            0.0           T    1991   0.0    0.0      0.6
                                      2011
  MONTH TO DATE    0.0                       0.1   -0.1      0.6
  SINCE SEP 1      0.0                       0.1   -0.1      0.6
  SINCE JUL 1      0.0                       0.1   -0.1      0.6
  SNOW DEPTH       0

DEGREE DAYS
 HEATING
  TODAY            6                         8     -2       37
  MONTH TO DATE   50                       123    -73      160
  SINCE SEP 1     52                       143    -91      212
  SINCE JUL 1     52                       143    -91      212

 COOLING
  TODAY            0                         1     -1        0
  MONTH TO DATE  102                        58     44       95
  SINCE SEP 1    437                       298    139      310
  SINCE JAN 1   1969                      1942     27     2301
...................................................................


WIND (MPH)
  RESULTANT WIND SPEED  21   RESULTANT WIND DIRECTION  NW (330)
  HIGHEST WIND SPEED    38   HIGHEST WIND DIRECTION     N (350)
  HIGHEST GUST SPEED    53   HIGHEST GUST DIRECTION     N (340)
  AVERAGE WIND SPEED    22.2


SKY COVER
  AVERAGE SKY COVER 0.1


WEATHER CONDITIONS
THE FOLLOWING WEATHER WAS RECORDED TODAY.
  HAZE


RELATIVE HUMIDITY (PERCENT)
 HIGHEST    54           600 AM
 LOWEST     16           600 PM
 AVERAGE    35

..........................................................


THE LUBBOCK CLIMATE NORMALS FOR TOMORROW
                         NORMAL    RECORD    YEAR
 MAXIMUM TEMPERATURE (F)   71        91      1943
 MINIMUM TEMPERATURE (F)   43        25      1925
                                             1970


SUNRISE AND SUNSET
OCTOBER 27 2021.......SUNRISE   802 AM CDT   SUNSET   700 PM CDT
OCTOBER 28 2021.......SUNRISE   803 AM CDT   SUNSET   659 PM CDT


-  INDICATES NEGATIVE NUMBERS.
R  INDICATES RECORD WAS SET OR TIED.
MM INDICATES DATA IS MISSING.
T  INDICATES TRACE AMOUNT.




$$
