000
CXUS54 KLUB 011824
CLMLBB

CLIMATE REPORT
NATIONAL WEATHER SERVICE LUBBOCK TX
124 PM CDT FRI OCT 01 2021

...................................

...THE LUBBOCK CLIMATE SUMMARY FOR THE MONTH OF SEPTEMBER 2021...

CLIMATE NORMAL PERIOD 1991 TO 2020
CLIMATE RECORD PERIOD 1911 TO 2021

WEATHER         OBSERVED          NORMAL  DEPART   LAST YEAR`S
                VALUE   DATE(S)   VALUE   FROM     VALUE DATE(S)
                                          NORMAL
................................................................
TEMPERATURE (F)
RECORD
 HIGH            105   09/19/1930
 LOW              33   09/21/1983
                       09/29/1916
HIGHEST           99   09/10                         100  09/26
                       09/20
LOWEST            46   09/22                          38  09/29
AVG. MAXIMUM    89.5               84.9     4.6     84.2
AVG. MINIMUM    62.2               59.8     2.4     56.1
MEAN            75.9               72.3     3.6     70.1
DAYS MAX >= 90    16                9.6     6.4       10
DAYS MAX <= 32     0                0.0     0.0        0
DAYS MIN <= 32     0                0.0     0.0        0
DAYS MIN <= 0      0                0.0     0.0        0

PRECIPITATION (INCHES)
RECORD
 MAXIMUM       13.93   1936
 MINIMUM        0.00   1954
TOTALS          0.60               2.55   -1.95     1.04
DAILY AVG.      0.02               0.08   -0.06     0.03
DAYS >= .01        3                6.0    -3.0        5
DAYS >= .10        1                3.8    -2.8        2
DAYS >= .50        1                1.5    -0.5        1
DAYS >= 1.00       0                0.6    -0.6        0
GREATEST
 24 HR. TOTAL   0.54   09/27 TO 09/27

SNOWFALL (INCHES)
RECORDS
 TOTAL             T   2010
 24 HR TOTAL      MM
 SNOW DEPTH        0   MM
TOTALS           0.0                0.0     0.0      0.0
SINCE 7/1        0.0                0.0     0.0       MM
SNOWDEPTH AVG.     0                                   0
DAYS >= TRACE      0                0.0     0.0        0
DAYS >= 1.0        0                0.0     0.0        0
GREATEST
 SNOW DEPTH        0                                   0  MM
 24 HR TOTAL     0.0    MM                           0.0

DEGREE DAYS
HEATING TOTAL      2                 20     -18       52
 SINCE 7/1         2                 18     -16       MM
COOLING TOTAL    335                240      95      215
 SINCE 1/1      1867               1884     -17       MM
................................................................

WIND (MPH)
AVERAGE WIND SPEED              10.0
HIGHEST WIND SPEED/DIRECTION    38/320    DATE  09/27
HIGHEST GUST SPEED/DIRECTION    61/310    DATE  09/27

SKY COVER
POSSIBLE SUNSHINE (PERCENT)   MM
AVERAGE SKY COVER           0.29
NUMBER OF DAYS FAIR           16
NUMBER OF DAYS PC             14
NUMBER OF DAYS CLOUDY          0

AVERAGE RH (PERCENT)     50

WEATHER CONDITIONS. NUMBER OF DAYS WITH
THUNDERSTORM              2     MIXED PRECIP               0
HEAVY RAIN                1     RAIN                       2
LIGHT RAIN                5     FREEZING RAIN              0
LT FREEZING RAIN          0     HAIL                       0
HEAVY SNOW                0     SNOW                       0
LIGHT SNOW                0     SLEET                      0
FOG                       2     FOG W/VIS <= 1/4 MILE      1
HAZE                      1

-  INDICATES NEGATIVE NUMBERS.
R  INDICATES RECORD WAS SET OR TIED.
MM INDICATES DATA IS MISSING.
T  INDICATES TRACE AMOUNT.

$$
