000
CXUS51 KBTV 011402
CLMMVL
CLIMATE REPORT
NATIONAL WEATHER SERVICE BURLINGTON VT
1002 AM EDT SUN OCT 01 2023
...................................
...THE MORRISVILLE VT CLIMATE SUMMARY FOR THE MONTH OF SEPTEMBER 2023...
CLIMATE NORMAL PERIOD: 1991 TO 2020
CLIMATE RECORD PERIOD: 9999 TO 9999
WEATHER OBSERVED NORMAL DEPART LAST YEAR`S
VALUE DATE(S) VALUE FROM VALUE DATE(S)
NORMAL
................................................................
TEMPERATURE (F)
RECORD
HIGH 95
LOW 26
HIGHEST 89 09/06 MM MM 84 09/10
09/07
LOWEST 37 09/26 MM MM 32 09/30
09/27
AVG. MAXIMUM 73.6 70.0 3.6 69.2
AVG. MINIMUM 51.1 45.4 5.7 47.3
MEAN 62.3 57.7 4.6 58.3
DAYS MAX >= 90 0 0.4 -0.4 0
DAYS MAX <= 32 0 0.0 0.0 0
DAYS MIN <= 32 0 1.0 -1.0 1
DAYS MIN <= 0 0 0.0 0.0 0
PRECIPITATION (INCHES)
RECORD
MAXIMUM 6.15 1989
MINIMUM 0.89 2016
TOTALS 2.79 3.15 -0.36 5.25
DAILY AVG. 0.09 0.10 -0.01 0.18
DAYS >= .01 8 12.2 -4.2 13
DAYS >= .10 6 5.9 0.1 9
DAYS >= .50 1 1.8 -0.8 4
DAYS >= 1.00 1 0.7 0.3 2
GREATEST
24 HR. TOTAL 1.14 09/08 TO 09/09 1.71 09/18 TO 09/19
STORM TOTAL 1.13 1.38
(MM/DD(HH)) MM
DEGREE DAYS
HEATING TOTAL 140 241 -101 213
SINCE 7/1 196 347 -151 MM
COOLING TOTAL 67 22 45 18
SINCE 1/1 365 245 120 MM
................................................................
WIND (MPH)
AVERAGE WIND SPEED 2.4
HIGHEST WIND SPEED/DIRECTION 21/270 DATE 09/07
HIGHEST GUST SPEED/DIRECTION 38/280 DATE 09/07
SKY COVER
POSSIBLE SUNSHINE (PERCENT) MM
AVERAGE SKY COVER 0.48
NUMBER OF DAYS FAIR 9
NUMBER OF DAYS PC 15
NUMBER OF DAYS CLOUDY 6
AVERAGE RH (PERCENT) 76
WEATHER CONDITIONS. NUMBER OF DAYS WITH
THUNDERSTORM 3 MIXED PRECIP 0
HEAVY RAIN 3 RAIN 6
LIGHT RAIN 8 FREEZING RAIN 0
LT FREEZING RAIN 0 HAIL 0
HEAVY SNOW 0 SNOW 0
LIGHT SNOW 0 SLEET 0
FOG 26 FOG W/VIS <= 1/4 MILE 17
HAZE 0
- INDICATES NEGATIVE NUMBERS.
R INDICATES RECORD WAS SET OR TIED.
MM INDICATES DATA IS MISSING.
T INDICATES TRACE AMOUNT.
$$