000
CXUS54 KLIX 010810
CF6NEW
PRELIMINARY LOCAL CLIMATOLOGICAL DATA (WS FORM: F-6)
STATION: LAKEFRONT AIRPORT
MONTH: SEPTEMBER
YEAR: 2023
LATITUDE: 30 1 N
LONGITUDE: 90 2 W
TEMPERATURE IN F: :PCPN: SNOW: WIND :SUNSHINE: SKY :PK WND
================================================================================
1 2 3 4 5 6A 6B 7 8 9 10 11 12 13 14 15 16 17 18
12Z AVG MX 2MIN
DY MAX MIN AVG DEP HDD CDD WTR SNW DPTH SPD SPD DIR MIN PSBL S-S WX SPD DR
================================================================================
1 93 82 88 4 0 23 0.00 M M 9.1 16 120 M M 2 3 22 120
2 89 78 84 0 0 19 0.86 M M 7.3 23 270 M M 3 38 42 250
3 93 81 87 3 0 22 0.01 M M 7.0 14 100 M M 2 1 18 100
4 87 77 82 -2 0 17 2.71 0.0 M 6.3 25 30 M M 6 123 31 20
5 92 81 87 4 0 22 0.00 0.0 M 7.6 14 120 M M 3 20 100
6 93 81 87 4 0 22 0.00 0.0 M 6.8 13 160 M M 0 18 130
7 99 80 90 7 0 25 T 0.0 M 7.4 38 40 M M 1 3 47 40
8 91 79 85 2 0 20 0.00 0.0 M 6.8 14 310 M M 1 19 270
9 90 81 86 3 0 21 0.00 0.0 M 5.9 14 60 M M 0 19 70
10 92 80 86 3 0 21 0.00 0.0 M 8.5 20 50 M M 0 23 50
11 94 80 87 5 0 22 0.00 M M 8.1 18 10 M M 0 21 10
12 91 81 86 4 0 21 0.02 M M 6.3 15 170 M M 1 3 20 170
13 94 81 88 6 0 23 0.01 M M 9.1 24 310 M M 0 29 310
14 91 80 86 4 0 21 0.03 M M 6.4 18 330 M M 1 3 23 330
15 93 80 87 5 0 22 0.00 M M 7.1 13 70 M M 2 17 40
16 93 80 87 5 0 22 0.00 M M 8.4 22 20 M M 1 8 25 20
17 91 81 86 5 0 21 0.00 M M 9.1 20 20 M M 0 22 20
18 91 76 84 3 0 19 0.00 M M 9.4 16 60 M M 0 19 30
19 91 74 83 2 0 18 0.00 M M 5.5 13 150 M M 0 19 120
20 90 75 83 2 0 18 0.00 M M 11.1 18 50 M M 1 23 90
21 91 79 85 5 0 20 0.00 M M 10.0 18 60 M M 1 22 60
22 91 80 86 6 0 21 0.00 0.0 M 8.1 15 60 M M 1 17 50
23 91 79 85 5 0 20 0.00 0.0 M 5.4 13 170 M M 4 16 170
24 92 78 85 5 0 20 0.00 M M 6.0 15 180 M M 2 3 20 220
25 91 78 85 5 0 20 0.18 M M 5.1 15 250 M M 5 3 17 260
26 90 79 85 6 0 20 0.00 M M 6.2 12 330 M M 2 15 330
27 91 80 86 7 0 21 0.00 M M 11.5 21 60 M M 1 24 60
28 87 77 82 3 0 17 0.00 M M 15.5 22 60 M M 2 26 90
29 88 76 82 4 0 17 0.00 M M 12.6 20 70 M M 0 24 60
30 90 77 84 6 0 19 0.00 M M 12.3 25 80 M M 0 33 70
================================================================================
SM 2740 2371 0 614 3.82 0.0 245.9 M 42
================================================================================
AV 91.3 79.0 8.2 FASTST M M 1 MAX(MPH)
MISC ----> 38 40 47 40
================================================================================
NOTES:
# LAST OF SEVERAL OCCURRENCES
COLUMN 17 PEAK WIND IN M.P.H.
PRELIMINARY LOCAL CLIMATOLOGICAL DATA (WS FORM: F-6) , PAGE 2
STATION: LAKEFRONT AIRPORT
MONTH: SEPTEMBER
YEAR: 2023
LATITUDE: 30 1 N
LONGITUDE: 90 2 W
[TEMPERATURE DATA] [PRECIPITATION DATA] SYMBOLS USED IN COLUMN 16
AVERAGE MONTHLY: 85.2 TOTAL FOR MONTH: 3.82 1 = FOG OR MIST
DPTR FM NORMAL: 3.8 DPTR FM NORMAL: -0.82 2 = FOG REDUCING VISIBILITY
HIGHEST: 99 ON 7 GRTST 24HR 2.71 ON 4- 4 TO 1/4 MILE OR LESS
LOWEST: 74 ON 19 3 = THUNDER
SNOW, ICE PELLETS, HAIL 4 = ICE PELLETS
TOTAL MONTH: 0.0 INCH 5 = HAIL
GRTST 24HR 0.0 6 = FREEZING RAIN OR DRIZZLE
GRTST DEPTH: M ON M 7 = DUSTSTORM OR SANDSTORM:
VSBY 1/2 MILE OR LESS
8 = SMOKE OR HAZE
[NO. OF DAYS WITH] [WEATHER - DAYS WITH] 9 = BLOWING SNOW
X = TORNADO
MAX 32 OR BELOW: 0 0.01 INCH OR MORE: 7
MAX 90 OR ABOVE: 26 0.10 INCH OR MORE: 3
MIN 32 OR BELOW: 0 0.50 INCH OR MORE: 2
MIN 0 OR BELOW: 0 1.00 INCH OR MORE: 1
[HDD (BASE 65) ]
TOTAL THIS MO. 0 CLEAR (SCALE 0-3) 26
DPTR FM NORMAL 0 PTCLDY (SCALE 4-7) 4
TOTAL FM JUL 1 0 CLOUDY (SCALE 8-10) 0
DPTR FM NORMAL 0
[CDD (BASE 65) ]
TOTAL THIS MO. 614
DPTR FM NORMAL 122 [PRESSURE DATA]
TOTAL FM JAN 1 3827 HIGHEST SLP M ON M
DPTR FM NORMAL 885 LOWEST SLP 29.81 ON 8
[REMARKS]
#FINAL-09-23#