000
CXUS56 KLOX 011655
CF6SMO
PRELIMINARY LOCAL CLIMATOLOGICAL DATA (WS FORM: F-6)
STATION: SANTA MONICA AIRPORT CA
MONTH: MAY
YEAR: 2019
LATITUDE: 34 0 N
LONGITUDE: 118 27 W
TEMPERATURE IN F: :PCPN: SNOW: WIND :SUNSHINE: SKY :PK WND
================================================================================
1 2 3 4 5 6A 6B 7 8 9 10 11 12 13 14 15 16 17 18
12Z AVG MX 2MIN
DY MAX MIN AVG DEP HDD CDD WTR SNW DPTH SPD SPD DIR MIN PSBL S-S WX SPD DR
================================================================================
1 66 52 59 -1 6 0 0.00 0.0 0 5.6 17 240 M M 1 24 240
2 65 54 60 0 5 0 0.00 0.0 0 3.7 13 210 M M 4 16 240
3 66 57 62 1 3 0 0.00 0.0 0 5.8 12 230 M M 6 18 16 200
4 68 58 63 2 2 0 0.00 0.0 0 5.8 15 210 M M 6 8 20 220
5 M M M M M M 0.00 0.0 0 5.2 10 230 M M 7 16 210
6 66 M M M M M 0.00 0.0 0 9.3 15 230 M M 3 23 230
7 65 57 61 0 4 0 0.00 0.0 0 4.2 12 210 M M 7 16 210
8 64 59 62 1 3 0 0.00 0.0 0 4.6 12 230 M M 10 15 230
9 65 60 63 1 2 0 0.00 0.0 0 3.5 9 230 M M 10 12 210
10 69 58 64 2 1 0 T 0.0 0 2.2 10 240 M M 9 1 15 90
11 70 56 63 1 2 0 0.01 0.0 0 5.5 16 220 M M 2 21 240
12 69 57 63 1 2 0 0.00 0.0 0 4.8 14 230 M M 6 18 240
13 67 61 64 2 1 0 0.00 0.0 0 4.8 12 210 M M 8 1 15 220
14 69 60 65 3 0 0 0.00 0.0 0 5.0 13 240 M M 7 8 18 210
15 65 60 63 1 2 0 T 0.0 0 5.1 13 210 M M 10 18 16 220
16 66 56 61 -1 4 0 0.74 0.0 0 8.8 23 240 M M 5 1 34 260
17 68 53 61 -1 4 0 0.00 0.0 0 6.8 17 260 M M 0 25 260
18 69 54 62 -1 3 0 T 0.0 0 4.3 14 230 M M 3 20 230
19 64 52 58 -5 7 0 0.23 0.0 0 6.1 16 240 M M 7 1 24 240
20 67 52 60 -3 5 0 0.00 0.0 0 6.4 17 260 M M 1 24 270
21 64 56 60 -3 5 0 0.00 0.0 0 6.6 20 250 M M 5 28 260
22 67 54 61 -2 4 0 0.35 0.0 0 4.6 17 240 M M 1 3 22 230
23 63 54 59 -4 6 0 0.00 0.0 0 4.8 13 210 M M 7 17 220
24 66 53 60 -3 5 0 0.00 0.0 0 5.6 16 240 M M 0 22 240
25 66 55 61 -2 4 0 0.00 0.0 0 4.9 15 210 M M 5 17 200
26 61 52 57 -6 8 0 0.06 0.0 0 6.2 14 210 M M 10 1 20 250
27 64 49 57 -6 8 0 0.00 0.0 0 4.9 15 220 M M 1 22 210
28 66 53 60 -4 5 0 0.00 0.0 0 4.4 13 220 M M 0 18 240
29 68 55 62 -2 3 0 0.00 0.0 0 4.8 14 230 M M 0 17 230
30 67 58 63 -1 2 0 0.00 0.0 0 4.1 13 220 M M 7 18 17 240
31 67 58 63 -1 2 0 0.00 0.0 0 4.5 14 230 M M 9 18 18 210
================================================================================
SM 1987 1613 108 0 1.39 0.0 163.0 M 157
================================================================================
AV 66.2 55.6 5.3 FASTST M M 5 MAX(MPH)
MISC ----> # 23 240 # 34 260
================================================================================
NOTES:
# LAST OF SEVERAL OCCURRENCES
COLUMN 17 PEAK WIND IN M.P.H.
PRELIMINARY LOCAL CLIMATOLOGICAL DATA (WS FORM: F-6) , PAGE 2
STATION: SANTA MONICA AIRPORT CA
MONTH: MAY
YEAR: 2019
LATITUDE: 34 0 N
LONGITUDE: 118 27 W
[TEMPERATURE DATA] [PRECIPITATION DATA] SYMBOLS USED IN COLUMN 16
AVERAGE MONTHLY: 60.9 TOTAL FOR MONTH: 1.39 1 = FOG OR MIST
DPTR FM NORMAL: -1.3 DPTR FM NORMAL: 1.17 2 = FOG REDUCING VISIBILITY
HIGHEST: 70 ON 11 GRTST 24HR 0.74 ON 16-16 TO 1/4 MILE OR LESS
LOWEST: 49 ON 27 3 = THUNDER
SNOW, ICE PELLETS, HAIL 4 = ICE PELLETS
TOTAL MONTH: 0.0 INCH 5 = HAIL
GRTST 24HR 0.0 6 = FREEZING RAIN OR DRIZZLE
GRTST DEPTH: 0 7 = DUSTSTORM OR SANDSTORM:
VSBY 1/2 MILE OR LESS
8 = SMOKE OR HAZE
[NO. OF DAYS WITH] [WEATHER - DAYS WITH] 9 = BLOWING SNOW
X = TORNADO
MAX 32 OR BELOW: 0 0.01 INCH OR MORE: 5
MAX 90 OR ABOVE: 0 0.10 INCH OR MORE: 3
MIN 32 OR BELOW: 0 0.50 INCH OR MORE: 1
MIN 0 OR BELOW: 0 1.00 INCH OR MORE: 0
[HDD (BASE 65) ]
TOTAL THIS MO. 108 CLEAR (SCALE 0-3) 10
DPTR FM NORMAL 11 PTCLDY (SCALE 4-7) 15
TOTAL FM JUL 1 964 CLOUDY (SCALE 8-10) 6
DPTR FM NORMAL -541
[CDD (BASE 65) ]
TOTAL THIS MO. 0
DPTR FM NORMAL -11 [PRESSURE DATA]
TOTAL FM JAN 1 32 HIGHEST SLP 30.09 ON 7
DPTR FM NORMAL -2 LOWEST SLP 29.70 ON 22
[REMARKS]
#FINAL-05-19#