000
CXUS54 KEWX 301010
CF62R9
PRELIMINARY LOCAL CLIMATOLOGICAL DATA (WS FORM: F-6)

                                          STATION:   Kenedy Regional Airport
                                          MONTH:     NOVEMBER
                                          YEAR:      2020
                                          LATITUDE:   28 49 N
                                          LONGITUDE:  97 52 W

  TEMPERATURE IN F:       :PCPN:    SNOW:  WIND      :SUNSHINE: SKY     :PK WND
================================================================================
1   2   3   4   5  6A  6B    7    8   9   10  11  12  13   14  15   16   17  18
                                     12Z  AVG MX 2MIN
DY MAX MIN AVG DEP HDD CDD  WTR  SNW DPTH SPD SPD DIR MIN PSBL S-S WX    SPD DR
================================================================================

 1  83  45  64   M   1   0 0.00  0.0    0  4.5 12  40   M    M   3 12     20  40
 2  78  40  59   M   6   0 0.00  0.0    0  3.5 10  90   M    M   0        17  60
 3  82  37  60   M   5   0 0.00  0.0    0  3.5 10 140   M    M   0         M  M
 4  83  43  63   M   2   0 0.00  0.0    0  4.7 12 180   M    M   2 1      16 180
 5  85  53  69   M   0   4 0.00  0.0    0  2.1  8 120   M    M   2 1       M  M
 6  83  58  71   M   0   6 0.00  0.0    0  4.0  9  70   M    M   4 12      M  M
 7  84  53  69   M   0   4 0.00  0.0    0  4.3  9 120   M    M   5 12      M  M
 8  86  63  75   M   0  10 0.00  0.0    0  6.4 13 130   M    M   6 1       M  M
 9  87  66  77   M   0  12 0.00  0.0    0  7.0 14 150   M    M   5 1      18 160
10  78  63  71   M   0   6 0.00  0.0    0  4.1 12 350   M    M   9 12     20 350
11  87  54  71   M   0   6 0.00  0.0    0  2.6  7 130   M    M   3 18      M  M
12  85  67  76   M   0  11 0.00  0.0    0  3.3  8 140   M    M   7 1       M  M
13  83  68  76   M   0  11 0.00  0.0    0  6.5 10 130   M    M  10 1       M  M
14  90  71  81   M   0  16 0.00  0.0    0 10.7 18 180   M    M   5        28 180
15  78  49  64   M   1   0 0.00  0.0    0  9.1 21  30   M    M   1 1      30  20
16  78  41  60   M   5   0 0.00  0.0    0  3.3  8  50   M    M   0         M  M
17  78  37  58   M   7   0 0.00  0.0    0  3.7  9  60   M    M   0 8       M  M
18  83  39  61   M   4   0 0.00  0.0    0  5.2 12 120   M    M   3         M  M
19  84  51  68   M   0   3 0.00  0.0    0  5.6 13 160   M    M   4 12     21 160
20  86  55  71   M   0   6 0.00  0.0    0  4.4 13 110   M    M   4 12      M  M
21  83  62  73   M   0   8 0.00  0.0    0  5.3 10 100   M    M   7 12      M  M
22  82  58  70   M   0   5 0.00  0.0    0  3.0 12  80   M    M   8         M  M
23  77  56  67   M   0   2 0.00  0.0    0  9.0 14 120   M    M   6         M  M
24  87  63  75   M   0  10 0.00  0.0    0 10.1 17 180   M    M   6 1      28 170
25  77  51  64   M   1   0 0.00  0.0    0  6.9 18  10   M    M   6        29  10
26  85  49  67   M   0   2 0.00  0.0    0  3.6 13 130   M    M   5         M  M
27  83  61  72   M   0   7 0.00  0.0    0  8.1 16  30   M    M   8 1      21  20
28  67  54  61   M   4   0 1.16  0.0    0  9.4 16 340   M    M  10 13     23 340
29  66  47  57   M   8   0 0.00  0.0    0 10.3 17 340   M    M   3        23 360
================================================================================
SM 2368 1554        44 129  1.16     0.0 164.2          M      132
================================================================================
AV 81.7 53.6                               5.7 FASTST   M    M   5    MAX(MPH)
                                 MISC ---->  # 21  30               # 30   20
================================================================================
NOTES:
# LAST OF SEVERAL OCCURRENCES

COLUMN 17 PEAK WIND IN M.P.H.

PRELIMINARY LOCAL CLIMATOLOGICAL DATA (WS FORM: F-6) , PAGE 2

                                          STATION:  Kenedy Regional Airport
                                          MONTH:    NOVEMBER
                                          YEAR:     2020
                                          LATITUDE:   28 49 N
                                          LONGITUDE:  97 52 W

[TEMPERATURE DATA]      [PRECIPITATION DATA]       SYMBOLS USED IN COLUMN 16

AVERAGE MONTHLY: 67.6   TOTAL FOR MONTH:   1.16    1 = FOG OR MIST
DPTR FM NORMAL:     M   DPTR FM NORMAL:       M    2 = FOG REDUCING VISIBILITY
HIGHEST:    90 ON 14    GRTST 24HR  1.16 ON 28-28      TO 1/4 MILE OR LESS
LOWEST:     37 ON 17, 3                            3 = THUNDER
                        SNOW, ICE PELLETS, HAIL    4 = ICE PELLETS
                        TOTAL MONTH:   0.0 INCH    5 = HAIL
                        GRTST 24HR     0.0         6 = FREEZING RAIN OR DRIZZLE
                        GRTST DEPTH:   0           7 = DUSTSTORM OR SANDSTORM:
                                                       VSBY 1/2 MILE OR LESS
                                                   8 = SMOKE OR HAZE
[NO. OF DAYS WITH]      [WEATHER - DAYS WITH]      9 = BLOWING SNOW
                                                   X = TORNADO
MAX 32 OR BELOW:   0    0.01 INCH OR MORE:   1
MAX 90 OR ABOVE:   1    0.10 INCH OR MORE:   1
MIN 32 OR BELOW:   0    0.50 INCH OR MORE:   1
MIN  0 OR BELOW:   0    1.00 INCH OR MORE:   1

[HDD (BASE 65) ]
TOTAL THIS MO.    44    CLEAR  (SCALE 0-3)  10
DPTR FM NORMAL     M    PTCLDY (SCALE 4-7)  14
TOTAL FM JUL 1    99    CLOUDY (SCALE 8-10)  5
DPTR FM NORMAL     M

[CDD (BASE 65) ]
TOTAL THIS MO.   129
DPTR FM NORMAL     M    [PRESSURE DATA]
TOTAL FM JAN 1  3746    HIGHEST SLP M ON M
DPTR FM NORMAL     M    LOWEST  SLP M ON M

[REMARKS]
