000
CXUS54 KEWX 301010
CF65C1
PRELIMINARY LOCAL CLIMATOLOGICAL DATA (WS FORM: F-6)

                                          STATION:   Boerne
                                          MONTH:     NOVEMBER
                                          YEAR:      2020
                                          LATITUDE:   29 43 N
                                          LONGITUDE:  98 42 W

  TEMPERATURE IN F:       :PCPN:    SNOW:  WIND      :SUNSHINE: SKY     :PK WND
================================================================================
1   2   3   4   5  6A  6B    7    8   9   10  11  12  13   14  15   16   17  18
                                     12Z  AVG MX 2MIN
DY MAX MIN AVG DEP HDD CDD  WTR  SNW DPTH SPD SPD DIR MIN PSBL S-S WX    SPD DR
================================================================================

 1  77  43  60   M   5   0 0.00    M    M  4.5 14  50   M    M   0        21  50
 2  72  34  53   M  12   0 0.00    M    M  1.5  6  70   M    M   0         M  M
 3  73  36  55   M  10   0 0.00    M    M  3.5 12 160   M    M   0        16 160
 4  73  39  56   M   9   0 0.00    M    M  4.3 12 200   M    M   2        17 190
 5  77  54  66   M   0   1 0.00    M    M  4.7  9 160   M    M   5         M  M
 6  73  46  60   M   5   0 0.00    M    M  2.7  9 130   M    M   3         M  M
 7  73  52  63   M   2   0 0.00    M    M  3.3 10 180   M    M   5         M  M
 8  77  55  66   M   0   1 0.00    M    M  6.1 13 160   M    M   6        18 200
 9  79  63  71   M   0   6 0.00    M    M  7.6 13 190   M    M   6        20 190
10  70  50  60   M   5   0 0.01    M    M  5.2 15 160   M    M   8        21 160
11  79  48  64   M   1   0 0.00    M    M  2.5  8 160   M    M   2         M  M
12  77  52  65   M   0   0 0.00    M    M  3.0  9 190   M    M   5         M  M
13  75  52  64   M   1   0 0.00    M    M  3.0  9 160   M    M   8         M  M
14  81  61  71   M   0   6 0.00    M    M  8.3 15 190   M    M   6        25 200
15  70  39  55   M  10   0 0.00    M    M  7.6 20  10   M    M   0        30  20
16  72  34  53   M  12   0 0.00    M    M  1.8  8 160   M    M   0         M  M
17  72  34  53   M  12   0 0.00    M    M  2.3  8 120   M    M   0         M  M
18  72  34  53   M  12   0 0.00    M    M  4.1 14 190   M    M   2        18 190
19  73  52  63   M   2   0 0.00    M    M  4.4 14 190   M    M   4        20 190
20  75  54  65   M   0   0 0.00    M    M  4.6 12 160   M    M   4        17 190
21  75  54  65   M   0   0 0.00    M    M  3.3  8 190   M    M   8         M  M
22  75  61  68   M   0   3 0.00    M    M  5.2 13  40   M    M   9        17  40
23  68  50  59   M   6   0 0.00    M    M  6.6 13 150   M    M   8        17 170
24  77  61  69   M   0   4 0.00    M    M  9.4 16 170   M    M   6        24 180
25  73  43  58   M   7   0 0.00    M    M  4.6 14  10   M    M   1        18  10
26  72  41  57   M   8   0 0.00    M    M  1.5 10 200   M    M   3         M  M
27  70  55  63   M   2   0 0.14    M    M  5.3 10  20   M    M   9        16  30
28  55  46  51   M  14   0 1.01    M    M  6.8  9 350   M    M  10        20 350
29  54  39  47   M  18   0 0.03    M    M  9.4 15 350   M    M   6        28 360
================================================================================
SM 2109 1382       153  21  1.19    M    137.1          M      126
================================================================================
AV 72.7 47.7                               4.7 FASTST   M    M   4    MAX(MPH)
                                 MISC ---->  # 20  10               # 30   20
================================================================================
NOTES:
# LAST OF SEVERAL OCCURRENCES

COLUMN 17 PEAK WIND IN M.P.H.

PRELIMINARY LOCAL CLIMATOLOGICAL DATA (WS FORM: F-6) , PAGE 2

                                          STATION:  Boerne
                                          MONTH:    NOVEMBER
                                          YEAR:     2020
                                          LATITUDE:   29 43 N
                                          LONGITUDE:  98 42 W

[TEMPERATURE DATA]      [PRECIPITATION DATA]       SYMBOLS USED IN COLUMN 16

AVERAGE MONTHLY: 60.2   TOTAL FOR MONTH:   1.19    1 = FOG OR MIST
DPTR FM NORMAL:     M   DPTR FM NORMAL:       M    2 = FOG REDUCING VISIBILITY
HIGHEST:    81 ON 14    GRTST 24HR  1.01 ON 28-28      TO 1/4 MILE OR LESS
LOWEST:     34 ON 18,17                            3 = THUNDER
                        SNOW, ICE PELLETS, HAIL    4 = ICE PELLETS
                        TOTAL MONTH:    M          5 = HAIL
                        GRTST 24HR    M  ON   M    6 = FREEZING RAIN OR DRIZZLE
                        GRTST DEPTH:  M  ON   M    7 = DUSTSTORM OR SANDSTORM:
                                                       VSBY 1/2 MILE OR LESS
                                                   8 = SMOKE OR HAZE
[NO. OF DAYS WITH]      [WEATHER - DAYS WITH]      9 = BLOWING SNOW
                                                   X = TORNADO
MAX 32 OR BELOW:   0    0.01 INCH OR MORE:   4
MAX 90 OR ABOVE:   0    0.10 INCH OR MORE:   2
MIN 32 OR BELOW:   0    0.50 INCH OR MORE:   1
MIN  0 OR BELOW:   0    1.00 INCH OR MORE:   1

[HDD (BASE 65) ]
TOTAL THIS MO.   153    CLEAR  (SCALE 0-3)  11
DPTR FM NORMAL     M    PTCLDY (SCALE 4-7)  15
TOTAL FM JUL 1   259    CLOUDY (SCALE 8-10)  3
DPTR FM NORMAL     M

[CDD (BASE 65) ]
TOTAL THIS MO.    21
DPTR FM NORMAL     M    [PRESSURE DATA]
TOTAL FM JAN 1  2313    HIGHEST SLP M ON M
DPTR FM NORMAL     M    LOWEST  SLP M ON M

[REMARKS]
