000
CXUS54 KMAF 301210
CF66R6
PRELIMINARY LOCAL CLIMATOLOGICAL DATA (WS FORM: F-6)

                                          STATION:   TERRELL COUNTY AIRPORT
                                          MONTH:     NOVEMBER
                                          YEAR:      2020
                                          LATITUDE:   30  2 N
                                          LONGITUDE: 102 13 W

  TEMPERATURE IN F:       :PCPN:    SNOW:  WIND      :SUNSHINE: SKY     :PK WND
================================================================================
1   2   3   4   5  6A  6B    7    8   9   10  11  12  13   14  15   16   17  18
                                     12Z  AVG MX 2MIN
DY MAX MIN AVG DEP HDD CDD  WTR  SNW DPTH SPD SPD DIR MIN PSBL S-S WX    SPD DR
================================================================================

 1  80  55  68   5   0   3 0.00    M    M  9.4 20  30   M    M   0        26  30
 2  74  49  62  -1   3   0 0.00    M    M  7.5 16 110   M    M   0        21 120
 3  78  46  62   0   3   0 0.00    M    M  6.4 13 110   M    M   0        18 120
 4  80  47  64   2   1   0 0.00    M    M  6.8 14 120   M    M   0        17 150
 5  84  53  69   8   0   4 0.00    M    M  6.8 13 110   M    M   0        17  80
 6  80  55  68   7   0   3 0.00    M    M  8.6 17 100   M    M   0        22 130
 7  78  52  65   5   0   0 0.00    M    M 11.2 20 110   M    M   0        26 110
 8  83  53  68   8   0   3 0.00    M    M  8.0 17 110   M    M   0        25  90
 9  84  60  72  12   0   7 0.00    M    M  8.1 20 100   M    M   0        26 110
10  75  53  64   5   1   0 0.00    M    M  9.9 25 340   M    M   0        36 330
11  76  50  63   4   2   0 0.00    M    M  6.9 14 100   M    M   0        18 100
12  83  51  67   9   0   2 0.00    M    M  5.2 10 100   M    M   0        14 130
13  77  59  68  10   0   3 0.00    M    M  9.1 16 360   M    M   0        21  20
14  86  62  74  16   0   9 0.00    M    M  9.3 23 230   M    M   0        30 230
15  73  47  60   3   5   0 0.00    M    M  8.7 26 340   M    M   0        35 350
16  76  43  60   3   5   0 0.00    M    M  5.7 10  30   M    M   0        15 170
17  75  45  60   4   5   0 0.00    M    M  8.1 18 120   M    M   0        23 110
18  73  47  60   4   5   0 0.00    M    M  8.1 15 110   M    M   0        20 100
19  78  49  64   8   1   0 0.00    M    M  5.9 13 120   M    M   0        17 110
20  79  51  65  10   0   0 0.00    M    M  7.2 15 110   M    M   0        17 110
21  78  53  66  11   0   1 0.00    M    M  8.9 18  90   M    M   0        23 110
22  72  55  64  10   1   0 0.00    M    M 10.3 18  70   M    M   0        23  70
23  76  57  67  13   0   2 0.00    M    M 16.2 25 120   M    M   0        34 120
24  84  53  69  15   0   4 0.00    M    M  6.3 18  10   M    M   0        26  10
25  72  45  59   6   6   0 0.00    M    M  6.8 18 320   M    M   0        23 310
26  78  44  61   8   4   0 0.00    M    M  7.1 15 150   M    M   0        19 150
27  71  56  64  11   1   0 0.00    M    M 10.4 17  40   M    M   0        22  30
28  63  39  51  -1  14   0 0.00    M    M  9.5 22 360   M    M   0        29 350
29  69  38  54   2  11   0 0.00    M    M  9.9 23  10   M    M   0        30 360
================================================================================
SM 2235 1467        68  41  0.00    M    242.3          M        0
================================================================================
AV 77.1 50.6                               8.4 FASTST   M    M   0    MAX(MPH)
                                 MISC ---->    26 340                 36 330
================================================================================
NOTES:
# LAST OF SEVERAL OCCURRENCES

COLUMN 17 PEAK WIND IN M.P.H.

PRELIMINARY LOCAL CLIMATOLOGICAL DATA (WS FORM: F-6) , PAGE 2

                                          STATION:   TERRELL COUNTY AIRPORT
                                          MONTH:     NOVEMBER
                                          YEAR:      2020
                                          LATITUDE:   30  2 N
                                          LONGITUDE: 102 13 W

[TEMPERATURE DATA]      [PRECIPITATION DATA]       SYMBOLS USED IN COLUMN 16

AVERAGE MONTHLY: 63.8   TOTAL FOR MONTH:   0.00    1 = FOG OR MIST
DPTR FM NORMAL:   6.6   DPTR FM NORMAL:   -0.79    2 = FOG REDUCING VISIBILITY
HIGHEST:    86 ON 14    GRTST 24HR  0.00 ON  1- 1      TO 1/4 MILE OR LESS
LOWEST:     38 ON 29                               3 = THUNDER
                        SNOW, ICE PELLETS, HAIL    4 = ICE PELLETS
                        TOTAL MONTH:  M            5 = HAIL
                        GRTST 24HR    M  ON   M    6 = FREEZING RAIN OR DRIZZLE
                        GRTST DEPTH:  M  ON   M    7 = DUSTSTORM OR SANDSTORM:
                                                       VSBY 1/2 MILE OR LESS
                                                   8 = SMOKE OR HAZE
[NO. OF DAYS WITH]      [WEATHER - DAYS WITH]      9 = BLOWING SNOW
                                                   X = TORNADO
MAX 32 OR BELOW:   0    0.01 INCH OR MORE:   0
MAX 90 OR ABOVE:   0    0.10 INCH OR MORE:   0
MIN 32 OR BELOW:   0    0.50 INCH OR MORE:   0
MIN  0 OR BELOW:   0    1.00 INCH OR MORE:   0

[HDD (BASE 65) ]
TOTAL THIS MO.    68    CLEAR  (SCALE 0-3)  29
DPTR FM NORMAL  -169    PTCLDY (SCALE 4-7)   0
TOTAL FM JUL 1   161    CLOUDY (SCALE 8-10)  0
DPTR FM NORMAL  -119

[CDD (BASE 65) ]
TOTAL THIS MO.    41
DPTR FM NORMAL    30    [PRESSURE DATA]
TOTAL FM JAN 1  3163    HIGHEST SLP M ON M
DPTR FM NORMAL   442    LOWEST  SLP 29.68 ON 24

[REMARKS]
