958
CXUS56 KMFR 301710
CF6AAT
PRELIMINARY LOCAL CLIMATOLOGICAL DATA (WS FORM: F-6)

                                          STATION:   ALTURAS CA
                                          MONTH:     NOVEMBER
                                          YEAR:      2020
                                          LATITUDE:   41 29 N
                                          LONGITUDE: 120 34 W

  TEMPERATURE IN F:       :PCPN:    SNOW:  WIND      :SUNSHINE: SKY     :PK WND
================================================================================
1   2   3   4   5  6A  6B    7    8   9   10  11  12  13   14  15   16   17  18
                                     12Z  AVG MX 2MIN
DY MAX MIN AVG DEP HDD CDD  WTR  SNW DPTH SPD SPD DIR MIN PSBL S-S WX    SPD DR
================================================================================

 1  77  21  49   8  16   0 0.00    M    M  1.0  8 140   M    M   0 8      10 160
 2  78  21  50   9  15   0 0.00    M    M  2.0  7 110   M    M   0 8      10 230
 3  74  21  48   8  17   0 0.00    M    M  4.1 21 270   M    M   0 8      25 280
 4  71  22  47   7  18   0 0.00    M    M  2.5 14 280   M    M   0 8      18 270
 5  75  23  49   9  16   0 0.00    M    M  3.3 17 250   M    M   0 8      22 230
 6  55  32  44   5  21   0    M    M    M  6.4 31 280   M    M   8 1      40 280
 7  38  29  34  -5  31   0 0.02    M    M  7.2 29 290   M    M   9 1      35 290
 8  36  19  28 -11  37   0    T    M    M  8.6 18  20   M    M   6 8      24  20
 9  34  21  28 -10  37   0 0.00    M    M  5.8 21 360   M    M   6 8      28 360
10  49  26  38   0  27   0 0.00    M    M  5.2 16 330   M    M   6 18     21 260
11  45  15  30  -8  35   0 0.00    M    M  1.8 13 320   M    M   3 18     14 300
12  51   9  30  -7  35   0 0.00    M    M  3.4 12 240   M    M   2 18     18 260
13  40  28  34  -3  31   0 0.14    M    M  9.5 22 270   M    M   9 1      29 270
14  40  21  31  -5  34   0 0.00    M    M  2.7  6 250   M    M   7         M   M
15  47  37  42   6  23   0 0.00    M    M  5.4 15 280   M    M  10 1      18 260
16  65  29  47  11  18   0 0.00    M    M  4.7 14 170   M    M   1 18     18 170
17  59  36  48  13  17   0 0.01    M    M 16.7 53 210   M    M   5 8      72 230
18  47  32  40   5  25   0 0.16    M    M 11.4 24 260   M    M   8 1      32 270
19  43  22  33  -2  32   0 0.05    M    M  3.2 10 240   M    M   3 1      14 240
20  47  13  30  -4  35   0 0.00    M    M  1.0  7  60   M    M   1 12     10  20
21  48  12  30  -4  35   0 0.00    M    M  1.9  8 130   M    M   0 18      9  30
22  47  14  31  -3  34   0 0.00    M    M  2.8 12 290   M    M   4 1       M   M
23  44  25  35   1  30   0 0.00    M    M  3.1 13 300   M    M   7 18     16 310
24  50  31  41   8  24   0 0.00    M    M  3.2 16 170   M    M   4        21 170
25  39  23  31  -2  34   0 0.05    M    M  5.8 18 320   M    M   7 18     25 280
26  41  15  28  -5  37   0 0.00    M    M  0.8  8 290   M    M   4 128    10 290
27  51  10  31  -1  34   0 0.00    M    M  1.6  8  50   M    M   0 18     10 110
28  52  13  33   1  32   0 0.00    M    M  1.4  9  70   M    M   0 18     10  80
29  56  14  35   3  30   0 0.00    M    M  3.3 16 180   M    M   0 18     20 170
================================================================================
SM 1499  634       810   0  0.43    M    129.8          M      110
================================================================================
AV 51.7 21.9                               4.5 FASTST   M    M   4    MAX(MPH)
                                 MISC ---->    53 210                 72 230
================================================================================
NOTES:
# LAST OF SEVERAL OCCURRENCES

COLUMN 17 PEAK WIND IN M.P.H.

PRELIMINARY LOCAL CLIMATOLOGICAL DATA (WS FORM: F-6) , PAGE 2

                                          STATION:   ALTURAS CA
                                          MONTH:     NOVEMBER
                                          YEAR:      2020
                                          LATITUDE:   41 29 N
                                          LONGITUDE: 120 34 W

[TEMPERATURE DATA]      [PRECIPITATION DATA]       SYMBOLS USED IN COLUMN 16

AVERAGE MONTHLY: 36.8   TOTAL FOR MONTH:   0.43    1 = FOG OR MIST
DPTR FM NORMAL:   0.5   DPTR FM NORMAL:   -1.30    2 = FOG REDUCING VISIBILITY
HIGHEST:    78 ON  2    GRTST 24HR  0.21 ON  6- 6      TO 1/4 MILE OR LESS
LOWEST:      9 ON 12                               3 = THUNDER
                        SNOW, ICE PELLETS, HAIL    4 = ICE PELLETS
                        TOTAL MONTH:  M            5 = HAIL
                        GRTST 24HR    M  ON   M    6 = FREEZING RAIN OR DRIZZLE
                        GRTST DEPTH:  M  ON   M    7 = DUSTSTORM OR SANDSTORM:
                                                       VSBY 1/2 MILE OR LESS
                                                   8 = SMOKE OR HAZE
[NO. OF DAYS WITH]      [WEATHER - DAYS WITH]      9 = BLOWING SNOW
                                                   X = TORNADO
MAX 32 OR BELOW:   0    0.01 INCH OR MORE:   6
MAX 90 OR ABOVE:   0    0.10 INCH OR MORE:   2
MIN 32 OR BELOW:  27    0.50 INCH OR MORE:   0
MIN  0 OR BELOW:   0    1.00 INCH OR MORE:   0

[HDD (BASE 65) ]
TOTAL THIS MO.   810    CLEAR  (SCALE 0-3)  13
DPTR FM NORMAL   -24    PTCLDY (SCALE 4-7)  12
TOTAL FM JUL 1  1452    CLOUDY (SCALE 8-10)  4
DPTR FM NORMAL  -325

[CDD (BASE 65) ]
TOTAL THIS MO.     0
DPTR FM NORMAL     0    [PRESSURE DATA]
TOTAL FM JAN 1   318    HIGHEST SLP M ON M
DPTR FM NORMAL   162    LOWEST  SLP 29.52 ON  6

[REMARKS]
