582
CXUS55 KABR 301200
CF6ABR
PRELIMINARY LOCAL CLIMATOLOGICAL DATA (WS FORM: F-6)

                                          STATION:   ABERDEEN SD
                                          MONTH:     NOVEMBER
                                          YEAR:      2020
                                          LATITUDE:   45 27 N
                                          LONGITUDE:  98 26 W

  TEMPERATURE IN F:       :PCPN:    SNOW:  WIND      :SUNSHINE: SKY     :PK WND
================================================================================
1   2   3   4   5  6A  6B    7    8   9   10  11  12  13   14  15   16   17  18
                                     12Z  AVG MX 2MIN
DY MAX MIN AVG DEP HDD CDD  WTR  SNW DPTH SPD SPD DIR MIN PSBL S-S WX    SPD DR
================================================================================

 1  43  22  33  -4  32   0 0.00  0.0    0  8.4 15 190   M    M   0        20 180
 2  69  26  48  11  17   0 0.00  0.0    0  6.9 10 210   M    M   0 8      15 230
 3  76  32  54  18  11   0 0.00  0.0    0  8.1 14 260   M    M   0 8      17 250
 4  78  27  53  17  12   0 0.00  0.0    0  6.7 13 200   M    M   0 8      15 210
 5  71  30  51  16  14   0 0.00  0.0    0  7.6 18 200   M    M   0 18     23 190
 6  77  40  59  24   6   0 0.00  0.0    0  9.5 22 190   M    M   0 8      30 170
 7  66  36  51  17  14   0 0.00  0.0    0 11.4 23 170   M    M   0        33 170
 8  71  36  54  20  11   0    T  0.0    0 21.0 40 160   M    M   2        53 190
 9  36  15  26  -7  39   0 0.20  2.4    0 11.2 22 310   M    M   5 12     27 310
10  29   6  18 -14  47   0 0.00  0.0    2  4.1 12 340   M    M   0        13 340
11  49  15  32   0  33   0 0.00  0.0    1 12.1 25 260   M    M   1        36 250
12  32  13  23  -8  42   0 0.02  0.3    T 10.1 20 280   M    M   2 1      27 290
13  42  15  29  -2  36   0 0.00  0.0    0 12.4 22 170   M    M   0        31 180
14  57  35  46  16  19   0 0.00  0.0    0 15.2 31 310   M    M   2        45 310
15  40  24  32   2  33   0 0.00  0.0    0 15.2 32 300   M    M   5        43 310
16  45  16  31   2  34   0 0.00  0.0    0 11.3 25 330   M    M   4        34 330
17  49  14  32   4  33   0 0.00  0.0    0  8.3 20 150   M    M   3 18     27 140
18  58  33  46  18  19   0 0.00  0.0    0  9.6 20 190   M    M   0 8      30 170
19  56  24  40  13  25   0    T  0.0    0  6.2 14 360   M    M   1 128    17  10
20  38  16  27   0  38   0 0.00  0.0    0  4.4 18 350   M    M   1 128    21 360
21  48  15  32   6  33   0 0.14  0.0    0  9.6 18 170   M    M   3 18     25 170
22  44  20  32   6  33   0 0.00  0.0    0  8.9 20 310   M    M   0 1      28 320
23  47  17  32   7  33   0 0.00  0.0    0 16.8 32 160   M    M   4        45 140
24  39  24  32   8  33   0    T  0.0    0 11.1 23 170   M    M   9 1      30 170
25  37  20  29   5  36   0 0.00  0.0    0  7.4 15 160   M    M   5 128    20 190
26  46  18  32   9  33   0 0.00  0.0    0  8.2 14 260   M    M   4 1       M   M
27  51  12  32   9  33   0 0.00  0.0    0  9.1 18 210   M    M   0        24 220
28  60  21  41  19  24   0 0.00  0.0    0 10.7 24 320   M    M   0        35 330
29  42  11  27   5  38   0 0.00  0.0    0 15.4 31 330   M    M   1        44 320
================================================================================
SM 1496  633       811   0  0.36  2.7    296.9          M       52
================================================================================
AV 51.6 21.8                              10.2 FASTST   M    M   2    MAX(MPH)
                                 MISC ---->    40 160                 53 190
================================================================================
NOTES:
# LAST OF SEVERAL OCCURRENCES

COLUMN 17 PEAK WIND IN M.P.H.

PRELIMINARY LOCAL CLIMATOLOGICAL DATA (WS FORM: F-6) , PAGE 2

                                          STATION:   ABERDEEN SD
                                          MONTH:     NOVEMBER
                                          YEAR:      2020
                                          LATITUDE:   45 27 N
                                          LONGITUDE:  98 26 W

[TEMPERATURE DATA]      [PRECIPITATION DATA]       SYMBOLS USED IN COLUMN 16

AVERAGE MONTHLY: 36.7   TOTAL FOR MONTH:   0.36    1 = FOG OR MIST
DPTR FM NORMAL:   7.2   DPTR FM NORMAL:   -0.35    2 = FOG REDUCING VISIBILITY
HIGHEST:    78 ON  4    GRTST 24HR  0.20 ON  8- 9      TO 1/4 MILE OR LESS
LOWEST:      6 ON 10                               3 = THUNDER
                        SNOW, ICE PELLETS, HAIL    4 = ICE PELLETS
                        TOTAL MONTH:   2.7 INCHES  5 = HAIL
                        GRTST 24HR   2.4 ON  9- 9  6 = FREEZING RAIN OR DRIZZLE
                        GRTST DEPTH:   2 ON 10     7 = DUSTSTORM OR SANDSTORM:
                                                       VSBY 1/2 MILE OR LESS
                                                   8 = SMOKE OR HAZE
[NO. OF DAYS WITH]      [WEATHER - DAYS WITH]      9 = BLOWING SNOW
                                                   X = TORNADO
MAX 32 OR BELOW:   2    0.01 INCH OR MORE:   3
MAX 90 OR ABOVE:   0    0.10 INCH OR MORE:   2
MIN 32 OR BELOW:  24    0.50 INCH OR MORE:   0
MIN  0 OR BELOW:   0    1.00 INCH OR MORE:   0

[HDD (BASE 65) ]
TOTAL THIS MO.   811    CLEAR  (SCALE 0-3)  22
DPTR FM NORMAL  -219    PTCLDY (SCALE 4-7)   6
TOTAL FM JUL 1  1714    CLOUDY (SCALE 8-10)  1
DPTR FM NORMAL  -207

[CDD (BASE 65) ]
TOTAL THIS MO.     0
DPTR FM NORMAL     0    [PRESSURE DATA]
TOTAL FM JAN 1   871    HIGHEST SLP M ON M
DPTR FM NORMAL   346    LOWEST  SLP 29.39 ON 14

[REMARKS]
