000
CXAK56 PAJK 301410
CF6AJN
PRELIMINARY LOCAL CLIMATOLOGICAL DATA (WS FORM: F-6)

                                          STATION:   JUNEAU
                                          MONTH:     NOVEMBER
                                          YEAR:      2020
                                          LATITUDE:   58 22 N
                                          LONGITUDE: 134 35 W

  TEMPERATURE IN F:       :PCPN:    SNOW:  WIND      :SUNSHINE: SKY     :PK WND
================================================================================
1   2   3   4   5  6A  6B    7    8   9   10  11  12  13   14  15   16   17  18
                                     12Z  AVG MX 2MIN
DY MAX MIN AVG DEP HDD CDD  WTR  SNW DPTH SPD SPD DIR MIN PSBL S-S WX    SPD DR
================================================================================

 1  47  29  38   1  27   0 1.73  7.6    0  5.6 14 270   M    M  10 1      16 230
 2  30  26  28  -9  37   0 0.52  3.4    8  2.9 14 260   M    M  10 14     16 270
 3  34  24  29  -7  36   0 0.04  0.7   10  3.5 17 110   M    M   9 1      22 120
 4  35  29  32  -4  33   0 0.04  0.3   10  3.9 10 280   M    M   9 1      12 270
 5  31  17  24 -12  41   0 0.00  0.0    8  5.3 13 340   M    M   4 8      17 340
 6  29  17  23 -12  42   0    T    T    8  2.7 10  70   M    M   8 1      13  80
 7  28  14  21 -14  44   0 0.00  0.0    7  0.5  8 260   M    M   5 1       8 270
 8  38  21  30  -5  35   0 0.53  1.0    7 18.8 32 120   M    M   9 1      43 120
 9  38  27  33  -2  32   0 0.20  0.0    6  6.9 21 120   M    M  10 12     28 120
10  32  21  27  -7  38   0 0.00  0.0    4  2.1 13  80   M    M   5 12     15  90
11  37  28  33  -1  32   0 0.09  0.2    4 19.3 32 110   M    M  10 1      43  90
12  37  34  36   2  29   0 0.59    T    4 14.0 21 100   M    M  10 1      24  90
13  38  34  36   2  29   0 0.06    T    4  7.5 16 100   M    M  10 1      18 100
14  37  28  33   0  32   0 0.06    T    2  7.0 17 110   M    M   7 1      21 110
15  32  21  27  -6  38   0 0.00  0.0    2  0.1  5 280   M    M   6 12     22 210
16  30  18  24  -9  41   0 0.00  0.0    2  0.3  6 280   M    M   3 1       7 270
17  35  17  26  -7  39   0 0.00  0.0    2  5.9 23  40   M    M   3        36  40
18  30  25  28  -5  37   0 0.00  0.0    2 10.5 20  50   M    M  10        37  70
19  31  25  28  -4  37   0    T    T    2  4.2 14 140   M    M  10        51 210
20  31  25  28  -4  37   0 0.04  0.2    2  0.7  7 220   M    M  10 1       M   M
21  36  26  31  -1  34   0 0.06  1.2    4  6.1 18 100   M    M  10 18     27  90
22  36  32  34   2  31   0 0.08  0.1    4  5.7 18 100   M    M  10 1      22  80
23  39  32  36   4  29   0 0.45    T    3 19.0 32 120   M    M  10 1      40 120
24  40  32  36   4  29   0 0.06  0.0    1  5.2 26 120   M    M   9 1      31 120
25  41  33  37   5  28   0 0.58  0.0    1 15.5 38 110   M    M  10 1      48 120
26  41  35  38   6  27   0 0.21  0.0    T  6.4 33 110   M    M   9 1      39 120
27  38  30  34   2  31   0    T  0.1    T  7.7 23 120   M    M   8 1      29 110
28  39  33  36   5  29   0 0.89    T    0 22.2 47 110   M    M  10 1      57 110
29  40  34  37   6  28   0 0.09    T    0  9.9 20 100   M    M  10 1      25 100
================================================================================
SM 1030  767       982   0  6.32 14.8    219.4          M      244
================================================================================
AV 35.5 26.4                               7.6 FASTST   M    M   8    MAX(MPH)
                                 MISC ---->    47 110                 57 110
================================================================================
NOTES:
# LAST OF SEVERAL OCCURRENCES

COLUMN 17 PEAK WIND IN M.P.H.

PRELIMINARY LOCAL CLIMATOLOGICAL DATA (WS FORM: F-6) , PAGE 2

                                          STATION:   JUNEAU
                                          MONTH:     NOVEMBER
                                          YEAR:      2020
                                          LATITUDE:   58 22 N
                                          LONGITUDE: 134 35 W

[TEMPERATURE DATA]      [PRECIPITATION DATA]       SYMBOLS USED IN COLUMN 16

AVERAGE MONTHLY: 31.0   TOTAL FOR MONTH:   6.32    1 = FOG OR MIST
DPTR FM NORMAL:  -2.6   DPTR FM NORMAL:    0.53    2 = FOG REDUCING VISIBILITY
HIGHEST:    47 ON  1    GRTST 24HR  2.04 ON  1- 2      TO 1/4 MILE OR LESS
LOWEST:     14 ON  7                               3 = THUNDER
                        SNOW, ICE PELLETS, HAIL    4 = ICE PELLETS
                        TOTAL MONTH:  14.8 INCHES  5 = HAIL
                        GRTST 24HR   7.6 ON  1- 1  6 = FREEZING RAIN OR DRIZZLE
                        GRTST DEPTH:  10 ON  4, 3  7 = DUSTSTORM OR SANDSTORM:
                                                       VSBY 1/2 MILE OR LESS
                                                   8 = SMOKE OR HAZE
[NO. OF DAYS WITH]      [WEATHER - DAYS WITH]      9 = BLOWING SNOW
                                                   X = TORNADO
MAX 32 OR BELOW:  10    0.01 INCH OR MORE:  19
MAX 90 OR ABOVE:   0    0.10 INCH OR MORE:   9
MIN 32 OR BELOW:  23    0.50 INCH OR MORE:   6
MIN  0 OR BELOW:   0    1.00 INCH OR MORE:   1

[HDD (BASE 65) ]
TOTAL THIS MO.   982    CLEAR  (SCALE 0-3)   0
DPTR FM NORMAL    69    PTCLDY (SCALE 4-7)   8
TOTAL FM JUL 1  2637    CLOUDY (SCALE 8-10) 21
DPTR FM NORMAL    39

[CDD (BASE 65) ]
TOTAL THIS MO.     0
DPTR FM NORMAL     0    [PRESSURE DATA]
TOTAL FM JAN 1     1    HIGHEST SLP M ON M
DPTR FM NORMAL    -1    LOWEST  SLP 29.08 ON  2

[REMARKS]
