000
CXUS54 KEPZ 301130
CF6ALM
PRELIMINARY LOCAL CLIMATOLOGICAL DATA (WS FORM: F-6)

                                          STATION:   ALAMOGORDO
                                          MONTH:     NOVEMBER
                                          YEAR:      2020
                                          LATITUDE:   32 49 N
                                          LONGITUDE: 106  0 W

  TEMPERATURE IN F:       :PCPN:    SNOW:  WIND      :SUNSHINE: SKY     :PK WND
================================================================================
1   2   3   4   5  6A  6B    7    8   9   10  11  12  13   14  15   16   17  18
                                     12Z  AVG MX 2MIN
DY MAX MIN AVG DEP HDD CDD  WTR  SNW DPTH SPD SPD DIR MIN PSBL S-S WX    SPD DR
================================================================================

 1  72  43  58   M   7   0 0.00    M    M  4.4  8 210   M    M   0         M   M
 2  72  41  57   M   8   0 0.00    M    M  4.7  8  10   M    M   0         M   M
 3  73  39  56   M   9   0 0.00    M    M  4.0  9  70   M    M   0         M   M
 4  79  41  60   M   5   0 0.00    M    M  3.9  8  30   M    M   0         M   M
 5  79  39  59   M   6   0 0.00    M    M  3.3  9  80   M    M   0         M   M
 6  81  45  63   M   2   0 0.00    M    M  6.9 20 160   M    M   0        25 160
 7  81  45  63   M   2   0 0.00    M    M 10.4 18 160   M    M   2        29 200
 8  72  61  67   M   0   2 0.11    M    M 14.2 21 160   M    M   5 8      33 160
 9  66   M   M   M   M   M 0.00    M    M 12.6 27 230   M    M   4        37 230
10  57  34  46   M  19   0 0.00    M    M  6.4 13 330   M    M   0        17 340
11  63  25  44   M  21   0 0.00    M    M  4.4  8  70   M    M   0         M   M
12  64  36  50   M  15   0 0.00    M    M  3.7  8  70   M    M   0         M   M
13  72  36  54   M  11   0 0.00    M    M  3.3  8 150   M    M   0         M   M
14  72  43  58   M   7   0 0.00    M    M  9.9 16  20   M    M   0        22 160
15  68  34  51   M  14   0 0.00    M    M  5.8 14 340   M    M   0         M   M
16  75  32  54   M  11   0 0.00    M    M  4.8 10 290   M    M   0        16 330
17  77  36  57   M   8   0 0.00    M    M  3.8 13 170   M    M   0 8      16 170
18  77  39  58   M   7   0 0.00    M    M  6.6 13 170   M    M   0         M   M
19  81  48  65   M   0   0 0.00    M    M  7.2 15 200   M    M   0        16 170
20  81  48  65   M   0   0 0.00    M    M  4.5  9  30   M    M   0         M   M
21  75  45  60   M   5   0 0.00    M    M  4.5 10 230   M    M   0         M   M
22  73  45  59   M   6   0 0.00    M    M  5.0 14  10   M    M   0         M   M
23  72  45  59   M   6   0 0.00    M    M 11.8 24 180   M    M   2        31 160
24  64  41  53   M  12   0 0.00    M    M  9.6 23 280   M    M   1        33 280
25  61  28  45   M  20   0 0.00    M    M  5.3 10 140   M    M   0         M   M
26  68  37  53   M  12   0 0.00    M    M  8.0 12 160   M    M   0        17 210
27  63  32  48   M  17   0 0.00    M    M  7.1 21 200   M    M   2        24 200
28  54  28  41   M  24   0 0.00    M    M  6.6 13  50   M    M   2        20 340
29  59  25  42   M  23   0 0.00    M    M  5.8 10 170   M    M   0        16 280
================================================================================
SM 2051 1091       277   2  0.11    M    188.6          M       18
================================================================================
AV 70.7 39.0                               6.5 FASTST   M    M   1    MAX(MPH)
                                 MISC ---->    27 230                 37 230
================================================================================
NOTES:
# LAST OF SEVERAL OCCURRENCES

COLUMN 17 PEAK WIND IN M.P.H.

PRELIMINARY LOCAL CLIMATOLOGICAL DATA (WS FORM: F-6) , PAGE 2

                                          STATION:   ALAMOGORDO
                                          MONTH:     NOVEMBER
                                          YEAR:      2020
                                          LATITUDE:   32 49 N
                                          LONGITUDE: 106  0 W

[TEMPERATURE DATA]      [PRECIPITATION DATA]       SYMBOLS USED IN COLUMN 16

AVERAGE MONTHLY: 54.8   TOTAL FOR MONTH:   0.11    1 = FOG OR MIST
DPTR FM NORMAL:   0.0   DPTR FM NORMAL:    0.11    2 = FOG REDUCING VISIBILITY
HIGHEST:    81 ON 20,19  GRTST 24HR  0.11 ON  8- 8      TO 1/4 MILE OR LESS
LOWEST:     25 ON 29,11                             3 = THUNDER
                        SNOW, ICE PELLETS, HAIL    4 = ICE PELLETS
                        TOTAL MONTH:  M            5 = HAIL
                        GRTST 24HR    M  ON   M    6 = FREEZING RAIN OR DRIZZLE
                        GRTST DEPTH:  M  ON   M    7 = DUSTSTORM OR SANDSTORM:
                                                       VSBY 1/2 MILE OR LESS
                                                   8 = SMOKE OR HAZE
[NO. OF DAYS WITH]      [WEATHER - DAYS WITH]      9 = BLOWING SNOW
                                                   X = TORNADO
MAX 32 OR BELOW:   0    0.01 INCH OR MORE:   1
MAX 90 OR ABOVE:   0    0.10 INCH OR MORE:   1
MIN 32 OR BELOW:   6    0.50 INCH OR MORE:   0
MIN  0 OR BELOW:   0    1.00 INCH OR MORE:   0

[HDD (BASE 65) ]
TOTAL THIS MO.   277    CLEAR  (SCALE 0-3)  27
DPTR FM NORMAL     M    PTCLDY (SCALE 4-7)   2
TOTAL FM JUL 1   449    CLOUDY (SCALE 8-10)  0
DPTR FM NORMAL     M

[CDD (BASE 65) ]
TOTAL THIS MO.     2
DPTR FM NORMAL     M    [PRESSURE DATA]
TOTAL FM JAN 1  1903    HIGHEST SLP M ON M
DPTR FM NORMAL     M    LOWEST  SLP M ON M

[REMARKS]
