000
CXUS56 KMTR 301138
CF6APC
PRELIMINARY LOCAL CLIMATOLOGICAL DATA (WS FORM: F-6)

                                          STATION:   NAPA AIRPORT
                                          MONTH:     NOVEMBER
                                          YEAR:      2020
                                          LATITUDE:   38 13 N
                                          LONGITUDE: 122 17 W

  TEMPERATURE IN F:       :PCPN:    SNOW:  WIND      :SUNSHINE: SKY     :PK WND
================================================================================
1   2   3   4   5  6A  6B    7    8   9   10  11  12  13   14  15   16   17  18
                                     12Z  AVG MX 2MIN
DY MAX MIN AVG DEP HDD CDD  WTR  SNW DPTH SPD SPD DIR MIN PSBL S-S WX    SPD DR
================================================================================

 1  84  41  63   8   2   0 0.00    M    M  5.0 17  90   M    M   0        23  80
 2  83  42  63   8   2   0 0.00    M    M  3.6 10 190   M    M   0 8      13 180
 3  71  40  56   1   9   0 0.00    M    M  2.7 13 190   M    M   0 1      15 200
 4  78  43  61   7   4   0 0.00    M    M  2.7  9 200   M    M   1        12 210
 5  85  44  65  11   0   0 0.00    M    M  4.4 12 220   M    M   0 1      14 220
 6  66  45  56   2   9   0    T    M    M 12.0 26 260   M    M   1        32 270
 7  65  37  51  -3  14   0 0.00    M    M  6.4 20 200   M    M   2        23 190
 8  62  37  50  -3  15   0 0.00    M    M  8.7 21 330   M    M   1        29 310
 9  62  35  49  -4  16   0 0.00    M    M  6.5 17 360   M    M   0 8      21  10
10  63  30  47  -6  18   0    T    M    M  5.4 14 190   M    M   2        17 200
11  62  39  51  -1  14   0    T    M    M  3.6  9 110   M    M   5        13  70
12  65  34  50  -2  15   0 0.00    M    M  4.3  9 140   M    M   0        11 220
13  59  41  50  -2  15   0 0.03    M    M  9.7 24 210   M    M   6 1      31 210
14  65  36  51  -1  14   0 0.00    M    M  1.9  8 200   M    M   3 12      9 220
15  68  32  50  -1  15   0 0.00    M    M  1.8  7 300   M    M   0         9 200
16  73  39  56   5   9   0 0.00    M    M  6.6 17  80   M    M   0 12     22  90
17  67  45  56   5   9   0 0.52    M    M 10.0 25 200   M    M   6 1      32 200
18  66  44  55   5  10   0 0.07    M    M  9.6 21 200   M    M   7 12     27 200
19  64  34  49  -1  16   0 0.00    M    M  3.1  8 210   M    M   5 128    13 260
20  64  34  49  -1  16   0 0.00    M    M  2.9 10 230   M    M   0 128    12 230
21  65  29  47  -3  18   0 0.00    M    M  2.1  9 210   M    M   0 1      12 220
22  62  31  47  -3  18   0 0.00    M    M  3.4 15 220   M    M   0 18     16 220
23  64  39  52   3  13   0 0.00    M    M  3.6 12 200   M    M   2 12     14 200
24  66  34  50   1  15   0 0.00    M    M  4.8 13 190   M    M   2 12     15 210
25  65  35  50   1  15   0 0.00    M    M  3.1 17 270   M    M   3 12     20 270
26  68  39  54   6  11   0 0.00    M    M 13.3 27 360   M    M   0        35 360
27  65  32  49   1  16   0 0.00    M    M  3.7 12 210   M    M   0        13 210
28  66  30  48   0  17   0 0.00    M    M  3.5 10  10   M    M   0        11  10
29  67  29  48   0  17   0 0.00    M    M  4.1 13 100   M    M   0        16  90
================================================================================
SM 1960 1070       362   0  0.62    M    152.5          M       46
================================================================================
AV 67.6 36.9                               5.3 FASTST   M    M   2    MAX(MPH)
                                 MISC ---->    27 360                 35 360
================================================================================
NOTES:
# LAST OF SEVERAL OCCURRENCES

COLUMN 17 PEAK WIND IN M.P.H.

PRELIMINARY LOCAL CLIMATOLOGICAL DATA (WS FORM: F-6) , PAGE 2

                                          STATION:   NAPA AIRPORT
                                          MONTH:     NOVEMBER
                                          YEAR:      2020
                                          LATITUDE:   38 13 N
                                          LONGITUDE: 122 17 W

[TEMPERATURE DATA]      [PRECIPITATION DATA]       SYMBOLS USED IN COLUMN 16

AVERAGE MONTHLY: 52.2   TOTAL FOR MONTH:   0.62    1 = FOG OR MIST
DPTR FM NORMAL:   0.9   DPTR FM NORMAL:   -1.83    2 = FOG REDUCING VISIBILITY
HIGHEST:    85 ON  5    GRTST 24HR  0.59 ON 17-18      TO 1/4 MILE OR LESS
LOWEST:     29 ON 29,21                             3 = THUNDER
                        SNOW, ICE PELLETS, HAIL    4 = ICE PELLETS
                        TOTAL MONTH:  M            5 = HAIL
                        GRTST 24HR    M  ON   M    6 = FREEZING RAIN OR DRIZZLE
                        GRTST DEPTH:  M  ON   M    7 = DUSTSTORM OR SANDSTORM:
                                                       VSBY 1/2 MILE OR LESS
                                                   8 = SMOKE OR HAZE
[NO. OF DAYS WITH]      [WEATHER - DAYS WITH]      9 = BLOWING SNOW
                                                   X = TORNADO
MAX 32 OR BELOW:   0    0.01 INCH OR MORE:   3
MAX 90 OR ABOVE:   0    0.10 INCH OR MORE:   1
MIN 32 OR BELOW:   7    0.50 INCH OR MORE:   1
MIN  0 OR BELOW:   0    1.00 INCH OR MORE:   0

[HDD (BASE 65) ]
TOTAL THIS MO.   362    CLEAR  (SCALE 0-3)  23
DPTR FM NORMAL   -33    PTCLDY (SCALE 4-7)   6
TOTAL FM JUL 1   442    CLOUDY (SCALE 8-10)  0
DPTR FM NORMAL  -298

[CDD (BASE 65) ]
TOTAL THIS MO.     0
DPTR FM NORMAL     0    [PRESSURE DATA]
TOTAL FM JAN 1   579    HIGHEST SLP M ON M
DPTR FM NORMAL   356    LOWEST  SLP 29.64 ON  6

[REMARKS]
