000
CXUS54 KEWX 301010
CF6BAZ
PRELIMINARY LOCAL CLIMATOLOGICAL DATA (WS FORM: F-6)

                                          STATION:   NEW BRAUNFELS
                                          MONTH:     NOVEMBER
                                          YEAR:      2020
                                          LATITUDE:   29 43 N
                                          LONGITUDE:  98  3 W

  TEMPERATURE IN F:       :PCPN:    SNOW:  WIND      :SUNSHINE: SKY     :PK WND
================================================================================
1   2   3   4   5  6A  6B    7    8   9   10  11  12  13   14  15   16   17  18
                                     12Z  AVG MX 2MIN
DY MAX MIN AVG DEP HDD CDD  WTR  SNW DPTH SPD SPD DIR MIN PSBL S-S WX    SPD DR
================================================================================

 1  82  50  66   0   0   1 0.00    M    M  9.4 21  50   M    M   0        31  60
 2  79  47  63  -3   2   0 0.00    M    M  5.2 12  20   M    M   0        16  30
 3  82  43  63  -2   2   0 0.00    M    M  4.9 13 190   M    M   0        21 180
 4  82  45  64  -1   1   0 0.00    M    M  6.9 17 170   M    M   0        26 170
 5  83  53  68   4   0   3 0.00    M    M  4.4 14 220   M    M   2 18     20 220
 6  82  57  70   6   0   5 0.00    M    M  2.6  9 130   M    M   5 128    13 170
 7  83  53  68   4   0   3 0.00    M    M  5.4 14 190   M    M   1        20 150
 8  85  62  74  11   0   9 0.00    M    M  7.3 16 140   M    M   6 128    23 150
 9  87  63  75  12   0  10 0.00    M    M  9.7 20 170   M    M   5 1      25 190
10  78  66  72   9   0   7    T    M    M  7.8 21 350   M    M   9        26 350
11  85  61  73  11   0   8 0.00    M    M  6.4 15  40   M    M   2        21  40
12  84  61  73  11   0   8 0.00    M    M  3.0 12 200   M    M   5 18     16 160
13  85  61  73  11   0   8 0.00    M    M  4.6 17 160   M    M   8 18     22 170
14  89  70  80  19   0  15 0.00    M    M 11.3 23 180   M    M   6        40 190
15  76  49  63   2   2   0 0.00    M    M 14.3 31  20   M    M   1 1      42  20
16  78  45  62   2   3   0 0.00    M    M  4.9  9  70   M    M   0        14 110
17  78  41  60   0   5   0 0.00    M    M  5.8 15  90   M    M   0        20  80
18  81  42  62   2   3   0 0.00    M    M  7.1 16 180   M    M   1        24 170
19  83  55  69  10   0   4 0.00    M    M  6.3 18 200   M    M   4 12     23 180
20  84  55  70  11   0   5 0.00    M    M  3.8 13 170   M    M   4 12     19 140
21  82  61  72  13   0   7    T    M    M  5.2 12 180   M    M   8 12     18 140
22  82  62  72  14   0   7 0.00    M    M  7.9 21  50   M    M   8 1      28  50
23  73  55  64   6   1   0 0.00    M    M  9.2 21 150   M    M   7        26 150
24  86  65  76  18   0  11 0.03    M    M 12.8 25 200   M    M   7 1      34 180
25  77  50  64   7   1   0    T    M    M  8.1 18  30   M    M   2        27  30
26  78  45  62   5   3   0 0.00    M    M  3.3  8  30   M    M   4        10  30
27  76  60  68  11   0   3 0.05    M    M  7.8 22  30   M    M   9 18     29  20
28  62  54  58   2   7   0 0.96    M    M 11.5 20  30   M    M  10 13     26  30
29  62  46  54  -2  11   0    T    M    M 11.5 24 360   M    M   4        34 350
================================================================================
SM 2324 1577        41 114  1.04    M    208.4          M      118
================================================================================
AV 80.1 54.4                               7.2 FASTST   M    M   4    MAX(MPH)
                                 MISC ---->  # 31  20               # 42   20
================================================================================
NOTES:
# LAST OF SEVERAL OCCURRENCES

COLUMN 17 PEAK WIND IN M.P.H.

PRELIMINARY LOCAL CLIMATOLOGICAL DATA (WS FORM: F-6) , PAGE 2

                                          STATION:  NEW BRAUNFELS
                                          MONTH:    NOVEMBER
                                          YEAR:     2020
                                          LATITUDE:   29 43 N
                                          LONGITUDE:  98  3 W

[TEMPERATURE DATA]      [PRECIPITATION DATA]       SYMBOLS USED IN COLUMN 16

AVERAGE MONTHLY: 67.3   TOTAL FOR MONTH:   1.04    1 = FOG OR MIST
DPTR FM NORMAL:   6.4   DPTR FM NORMAL:   -1.75    2 = FOG REDUCING VISIBILITY
HIGHEST:    89 ON 14    GRTST 24HR  0.96 ON 28-28      TO 1/4 MILE OR LESS
LOWEST:     41 ON 17                               3 = THUNDER
                        SNOW, ICE PELLETS, HAIL    4 = ICE PELLETS
                        TOTAL MONTH:    M          5 = HAIL
                        GRTST 24HR    M  ON   M    6 = FREEZING RAIN OR DRIZZLE
                        GRTST DEPTH:  M  ON   M    7 = DUSTSTORM OR SANDSTORM:
                                                       VSBY 1/2 MILE OR LESS
                                                   8 = SMOKE OR HAZE
[NO. OF DAYS WITH]      [WEATHER - DAYS WITH]      9 = BLOWING SNOW
                                                   X = TORNADO
MAX 32 OR BELOW:   0    0.01 INCH OR MORE:   3
MAX 90 OR ABOVE:   0    0.10 INCH OR MORE:   1
MIN 32 OR BELOW:   0    0.50 INCH OR MORE:   1
MIN  0 OR BELOW:   0    1.00 INCH OR MORE:   0

[HDD (BASE 65) ]
TOTAL THIS MO.    41    CLEAR  (SCALE 0-3)  12
DPTR FM NORMAL  -131    PTCLDY (SCALE 4-7)  13
TOTAL FM JUL 1    93    CLOUDY (SCALE 8-10)  4
DPTR FM NORMAL  -113

[CDD (BASE 65) ]
TOTAL THIS MO.   114
DPTR FM NORMAL    63    [PRESSURE DATA]
TOTAL FM JAN 1  3731    HIGHEST SLP M ON M
DPTR FM NORMAL   781    LOWEST  SLP 29.74 ON 24

[REMARKS]
