000
CXUS56 KBOI 301002
CF6BKE
PRELIMINARY LOCAL CLIMATOLOGICAL DATA (WS FORM: F-6)

                                          STATION:   BAKER OR
                                          MONTH:     NOVEMBER
                                          YEAR:      2020
                                          LATITUDE:   44 50 N
                                          LONGITUDE: 117 49 W

  TEMPERATURE IN F:       :PCPN:    SNOW:  WIND      :SUNSHINE: SKY     :PK WND
================================================================================
1   2   3   4   5  6A  6B    7    8   9   10  11  12  13   14  15   16   17  18
                                     12Z  AVG MX 2MIN
DY MAX MIN AVG DEP HDD CDD  WTR  SNW DPTH SPD SPD DIR MIN PSBL S-S WX    SPD DR
================================================================================

 1  64  20  42   3  23   0 0.00    M    M  5.4 20 110   M    M   0 18     23 110
 2  68  22  45   7  20   0 0.00    M    M  4.3 16 120   M    M   0        20 120
 3  71  31  51  13  14   0 0.00    M    M  3.2 10 160   M    M   0 8      13  90
 4  71  28  50  12  15   0 0.00    M    M  4.2 16 110   M    M   1        19 110
 5  72  34  53  16  12   0 0.00    M    M 10.0 35 340   M    M   2        41 350
 6  50  41  46   9  19   0 0.01    M    M  9.2 22 340   M    M   9        26 340
 7  45  35  40   4  25   0    T    M    M 15.7 30 340   M    M   9        37 330
 8  35  24  30  -6  35   0    T    M    M 14.7 26 330   M    M   9        33 330
 9  38  15  27  -9  38   0    T    M    M  4.6 14 110   M    M   4        18 350
10  42  24  33  -2  32   0    T    M    M  3.8 16  50   M    M   9 128    19  50
11  38  14  26  -9  39   0    T    M    M  3.8 20 340   M    M   6 128    25 330
12  38  11  25  -9  40   0 0.00    M    M  9.9 23 110   M    M   2 18     27 110
13  39  31  35   1  30   0 0.11    M    M 10.7 25 110   M    M   8 18     31 110
14  44  28  36   2  29   0 0.03    M    M  9.9 20 110   M    M   8 1      25 110
15  39  32  36   3  29   0 0.01    M    M  3.1 20 110   M    M   8 18     24 110
16  47  35  41   8  24   0 0.02    M    M  8.1 20 120   M    M   5 18     26 130
17  55  44  50  18  15   0    T    M    M 11.9 26  90   M    M   3        32  80
18  57  38  48  16  17   0 0.04    M    M 12.7 28 220   M    M   5        35 290
19  50  22  36   4  29   0    T    M    M  5.2 20 190   M    M   3 8      25 150
20  47  17  32   1  33   0 0.00    M    M  3.5 13 110   M    M   0        16 150
21  45  16  31   0  34   0 0.00    M    M  2.3  9 110   M    M   0 8      10 120
22  43  19  31   1  34   0 0.00    M    M  9.2 18 110   M    M   0        22 120
23  47  25  36   6  29   0    T    M    M  2.5  9 290   M    M   7        12 290
24  46  24  35   5  30   0 0.00    M    M  8.9 22 110   M    M   2 18     26 110
25  43  25  34   5  31   0    T    M    M  4.1 16 110   M    M   7 18     19 110
26  46  18  32   3  33   0 0.00    M    M  2.0  8 220   M    M   0 18      9 220
27  45  16  31   2  34   0 0.00    M    M  4.4 16 120   M    M   0 18     20 130
28  42  18  30   2  35   0 0.00    M    M  2.1 16 120   M    M   1 8      21 120
29  40  14  27  -1  38   0 0.00    M    M  8.7 20 130   M    M   0 8      25 120
================================================================================
SM 1407  721       816   0  0.22    M    198.1          M      108
================================================================================
AV 48.5 24.9                               6.8 FASTST   M    M   4    MAX(MPH)
                                 MISC ---->    35 340                 41 350
================================================================================
NOTES:
# LAST OF SEVERAL OCCURRENCES

COLUMN 17 PEAK WIND IN M.P.H.

PRELIMINARY LOCAL CLIMATOLOGICAL DATA (WS FORM: F-6) , PAGE 2

                                          STATION:   BAKER OR
                                          MONTH:     NOVEMBER
                                          YEAR:      2020
                                          LATITUDE:   44 50 N
                                          LONGITUDE: 117 49 W

[TEMPERATURE DATA]      [PRECIPITATION DATA]       SYMBOLS USED IN COLUMN 16

AVERAGE MONTHLY: 36.7   TOTAL FOR MONTH:   0.22    1 = FOG OR MIST
DPTR FM NORMAL:   3.4   DPTR FM NORMAL:   -0.65    2 = FOG REDUCING VISIBILITY
HIGHEST:    72 ON  5    GRTST 24HR  0.11 ON 13-13      TO 1/4 MILE OR LESS
LOWEST:     11 ON 12                               3 = THUNDER
                        SNOW, ICE PELLETS, HAIL    4 = ICE PELLETS
                        TOTAL MONTH:  M            5 = HAIL
                        GRTST 24HR    M  ON   M    6 = FREEZING RAIN OR DRIZZLE
                        GRTST DEPTH:  M  ON   M    7 = DUSTSTORM OR SANDSTORM:
                                                       VSBY 1/2 MILE OR LESS
                                                   8 = SMOKE OR HAZE
[NO. OF DAYS WITH]      [WEATHER - DAYS WITH]      9 = BLOWING SNOW
                                                   X = TORNADO
MAX 32 OR BELOW:   0    0.01 INCH OR MORE:   6
MAX 90 OR ABOVE:   0    0.10 INCH OR MORE:   1
MIN 32 OR BELOW:  23    0.50 INCH OR MORE:   0
MIN  0 OR BELOW:   0    1.00 INCH OR MORE:   0

[HDD (BASE 65) ]
TOTAL THIS MO.   816    CLEAR  (SCALE 0-3)  14
DPTR FM NORMAL  -105    PTCLDY (SCALE 4-7)  10
TOTAL FM JUL 1  1488    CLOUDY (SCALE 8-10)  5
DPTR FM NORMAL  -512

[CDD (BASE 65) ]
TOTAL THIS MO.     0
DPTR FM NORMAL     0    [PRESSURE DATA]
TOTAL FM JAN 1   315    HIGHEST SLP M ON M
DPTR FM NORMAL   146    LOWEST  SLP 29.45 ON  7

[REMARKS]
