000
CXUS51 KRNK 300806
CF6BLF
PRELIMINARY LOCAL CLIMATOLOGICAL DATA (WS FORM: F-6)

                                          STATION:   BLUEFIELD WV
                                          MONTH:     NOVEMBER
                                          YEAR:      2020
                                          LATITUDE:   37 17 N
                                          LONGITUDE:  81 12 W

  TEMPERATURE IN F:       :PCPN:    SNOW:  WIND      :SUNSHINE: SKY     :PK WND
================================================================================
1   2   3   4   5  6A  6B    7    8   9   10  11  12  13   14  15   16   17  18
                                     12Z  AVG MX 2MIN
DY MAX MIN AVG DEP HDD CDD  WTR  SNW DPTH SPD SPD DIR MIN PSBL S-S WX    SPD DR
================================================================================

 1  56  27  42 -10  23   0    T    T    0 12.5 29 290   M    M   5 1      41 280
 2  39  25  32 -20  33   0    T    T    0 12.4 22 290   M    M   3 1      33 280
 3  54  31  43  -9  22   0 0.00  0.0    0  9.1 16 280   M    M   0        23 270
 4  66  38  52   1  13   0 0.00  0.0    0  4.1 13 150   M    M   0        21 160
 5  65  42  54   3  11   0 0.00  0.0    0  1.7  7 350   M    M   0         9 350
 6  68  45  57   6   8   0 0.00  0.0    0  1.8  8  20   M    M   0        13  50
 7  71  42  57   7   8   0 0.00  0.0    0  3.0  9 210   M    M   0        16 220
 8  70  53  62  12   3   0 0.00  0.0    0  4.7 13 140   M    M   0        20 180
 9  69  57  63  13   2   0 0.00  0.0    0  6.0 13 180   M    M   4        23 180
10  69  58  64  15   1   0 0.00  0.0    0  7.8 18 150   M    M   4        28 150
11  70  58  64  15   1   0 1.60  0.0    0  5.8 16 270   M    M  10 13     26 260
12  58  49  54   6  11   0 0.26  0.0    0  3.5  9 310   M    M  10 12     14 330
13  55  38  47  -1  18   0 0.00  0.0    0  7.9 21 280   M    M   4 12     31 290
14  60  36  48   0  17   0 0.00  0.0    0  5.1 18 160   M    M   2        28 150
15  64  41  53   6  12   0 0.04  0.0    0 14.2 36 240   M    M   4        50 250
16  48  34  41  -6  24   0 0.00  0.0    0 10.0 23 280   M    M   0        31 280
17  42  28  35 -12  30   0 0.00  0.0    0 13.4 23 300   M    M   3        36 280
18  40  23  32 -14  33   0 0.00  0.0    0  5.4 13 300   M    M   3        20 330
19  62  31  47   1  18   0 0.00  0.0    0  3.2 10 230   M    M   0        14 250
20  62  43  53   7  12   0 0.00  0.0    0  7.5 16 250   M    M   0        21 250
21  59  42  51   6  14   0 0.00  0.0    0  5.2  9 130   M    M   1        13 140
22  58  48  53   8  12   0 0.19  0.0    0  7.0 18 280   M    M   3 1      27 290
23  48  29  39  -5  26   0 0.07    T    0  7.6 16 300   M    M   5 1      26 310
24  51  28  40  -4  25   0 0.00  0.0    0  4.9 20 160   M    M   3        28 160
25  58  40  49   5  16   0    T  0.0    0 11.2 24 180   M    M   2        41 200
26  61  43  52   9  13   0 0.00  0.0    0  9.9 18 240   M    M   2        27 240
27  52  38  45   2  20   0 0.00  0.0    0  4.3 13 290   M    M   3 12     19 240
28  48  33  41  -1  24   0 0.00  0.0    0  5.5 14 250   M    M   4        20 310
29  53  29  41  -1  24   0 0.08  0.0    0  4.4 15 140   M    M   1 1      25 150
================================================================================
SM 1676 1129       474   0  2.24    T    199.1          M       76
================================================================================
AV 57.8 38.9                               6.9 FASTST   M    M   3    MAX(MPH)
                                 MISC ---->    36 240                 50 250
================================================================================
NOTES:
# LAST OF SEVERAL OCCURRENCES

COLUMN 17 PEAK WIND IN M.P.H.

PRELIMINARY LOCAL CLIMATOLOGICAL DATA (WS FORM: F-6) , PAGE 2

                                          STATION:   BLUEFIELD WV
                                          MONTH:     NOVEMBER
                                          YEAR:      2020
                                          LATITUDE:   37 17 N
                                          LONGITUDE:  81 12 W

[TEMPERATURE DATA]      [PRECIPITATION DATA]       SYMBOLS USED IN COLUMN 16

AVERAGE MONTHLY: 48.4   TOTAL FOR MONTH:   2.24    1 = FOG OR MIST
DPTR FM NORMAL:   1.1   DPTR FM NORMAL:   -0.35    2 = FOG REDUCING VISIBILITY
HIGHEST:    71 ON  7    GRTST 24HR  1.60 ON 11-11      TO 1/4 MILE OR LESS
LOWEST:     23 ON 18                               3 = THUNDER
                        SNOW, ICE PELLETS, HAIL    4 = ICE PELLETS
                        TOTAL MONTH:  T            5 = HAIL
                        GRTST 24HR   T   ON  1- 1  6 = FREEZING RAIN OR DRIZZLE
                        GRTST DEPTH:  0            7 = DUSTSTORM OR SANDSTORM:
                                                       VSBY 1/2 MILE OR LESS
                                                   8 = SMOKE OR HAZE
[NO. OF DAYS WITH]      [WEATHER - DAYS WITH]      9 = BLOWING SNOW
                                                   X = TORNADO
MAX 32 OR BELOW:   0    0.01 INCH OR MORE:   6
MAX 90 OR ABOVE:   0    0.10 INCH OR MORE:   3
MIN 32 OR BELOW:   9    0.50 INCH OR MORE:   1
MIN  0 OR BELOW:   0    1.00 INCH OR MORE:   1

[HDD (BASE 65) ]
TOTAL THIS MO.   474    CLEAR  (SCALE 0-3)  17
DPTR FM NORMAL   -43    PTCLDY (SCALE 4-7)  10
TOTAL FM JUL 1   908    CLOUDY (SCALE 8-10)  2
DPTR FM NORMAL    27

[CDD (BASE 65) ]
TOTAL THIS MO.     0
DPTR FM NORMAL     0    [PRESSURE DATA]
TOTAL FM JAN 1   573    HIGHEST SLP M ON M
DPTR FM NORMAL  -278    LOWEST  SLP 29.81 ON 29

[REMARKS]
