000
CXUS53 KIND 300700
CF6BMG
PRELIMINARY LOCAL CLIMATOLOGICAL DATA (WS FORM: F-6)

                                          STATION:   BLOOMINGTON IN
                                          MONTH:     NOVEMBER
                                          YEAR:      2020
                                          LATITUDE:   39  7 N
                                          LONGITUDE:  86 37 W

  TEMPERATURE IN F:       :PCPN:    SNOW:  WIND      :SUNSHINE: SKY     :PK WND
================================================================================
1   2   3   4   5  6A  6B    7    8   9   10  11  12  13   14  15   16   17  18
                                     12Z  AVG MX 2MIN
DY MAX MIN AVG DEP HDD CDD  WTR  SNW DPTH SPD SPD DIR MIN PSBL S-S WX    SPD DR
================================================================================

 1  56  32  44  -6  21   0    T    M    M 11.8 26 290   M    M   1        39 290
 2  49  24  37 -13  28   0 0.00    M    M  5.9 15 230   M    M   0 8      21 240
 3  67  38  53   4  12   0 0.00    M    M  7.0 13 200   M    M   0        21 230
 4  75  38  57   8   8   0 0.00    M    M  8.0 17 210   M    M   0        24 210
 5  70  45  58  10   7   0 0.00    M    M  6.6 14 210   M    M   0        20 200
 6  73  38  56   8   9   0 0.00    M    M  2.0 12 220   M    M   0        17 210
 7  74  37  56   8   9   0 0.00    M    M  1.2 10 260   M    M   0        14 230
 8  80  53  67  20   0   2 0.00    M    M  5.2 14 130   M    M   3        20 170
 9  79  52  66  19   0   1 0.00    M    M  5.5 20 180   M    M   7        26 180
10  76  58  67  21   0   2 0.27    M    M 10.5 22 200   M    M   9 1      34 280
11  58  33  46   0  19   0 0.00    M    M  6.2 13 290   M    M   5        19 270
12  56  30  43  -3  22   0 0.00    M    M  2.7 17 100   M    M   0 1      25  90
13  51  26  39  -6  26   0 0.00    M    M  3.9 14 290   M    M   2        19 280
14  54  26  40  -5  25   0 0.15    M    M  5.7 16 110   M    M   5 1      21 140
15  65  42  54  10  11   0 0.45    M    M 13.5 30 280   M    M   6 1      47 290
16  56  31  44   0  21   0 0.00    M    M  9.0 20 220   M    M   1        27 210
17  48  28  38  -5  27   0 0.00    M    M  8.0 18 360   M    M   2        29 290
18  51  26  39  -4  26   0 0.00    M    M  6.9 16 160   M    M   2        23 130
19  66  42  54  12  11   0 0.00    M    M 15.3 28 210   M    M   0        46 210
20  64  54  59  17   6   0 0.01    M    M  9.9 21 210   M    M   7 1      33 230
21  55  44  50   9  15   0 0.29    M    M  7.3 14  80   M    M  10 1      19  50
22  45  37  41   0  24   0 0.96    M    M  8.1 14 340   M    M  10 1      23 340
23  49  31  40   0  25   0 0.00    M    M  3.3  9  80   M    M   4 12     14 280
24  52  41  47   7  18   0 0.01    M    M  7.1 15 150   M    M   6        22 130
25  59  46  53  13  12   0 1.99    M    M  9.9 22 250   M    M  10 1      36 260
26  52  47  50  11  15   0 0.00    M    M  5.7 13 260   M    M  10 1      22 260
27  54  38  46   7  19   0 0.00    M    M  4.1 15 350   M    M   8        21 340
28  50  27  39   1  26   0 0.00    M    M  1.6 14 340   M    M   0 1      20 350
29  53  26  40   2  25   0    T    M    M  2.6 12 280   M    M   1        17 260
================================================================================
SM 1737 1090       467   5  4.13    M    194.5          M      109
================================================================================
AV 59.9 37.6                               6.7 FASTST   M    M   4    MAX(MPH)
                                 MISC ---->    30 280                 47 290
================================================================================
NOTES:
# LAST OF SEVERAL OCCURRENCES

COLUMN 17 PEAK WIND IN M.P.H.

PRELIMINARY LOCAL CLIMATOLOGICAL DATA (WS FORM: F-6) , PAGE 2

                                          STATION:   BLOOMINGTON IN
                                          MONTH:     NOVEMBER
                                          YEAR:      2020
                                          LATITUDE:   39  7 N
                                          LONGITUDE:  86 37 W

[TEMPERATURE DATA]      [PRECIPITATION DATA]       SYMBOLS USED IN COLUMN 16

AVERAGE MONTHLY: 48.7   TOTAL FOR MONTH:   4.13    1 = FOG OR MIST
DPTR FM NORMAL:   4.7   DPTR FM NORMAL:    0.32    2 = FOG REDUCING VISIBILITY
HIGHEST:    80 ON  8    GRTST 24HR  1.99 ON 25-25      TO 1/4 MILE OR LESS
LOWEST:     24 ON  2                               3 = THUNDER
                        SNOW, ICE PELLETS, HAIL    4 = ICE PELLETS
                        TOTAL MONTH:  M            5 = HAIL
                        GRTST 24HR    M  ON   M    6 = FREEZING RAIN OR DRIZZLE
                        GRTST DEPTH:  M  ON   M    7 = DUSTSTORM OR SANDSTORM:
                                                       VSBY 1/2 MILE OR LESS
                                                   8 = SMOKE OR HAZE
[NO. OF DAYS WITH]      [WEATHER - DAYS WITH]      9 = BLOWING SNOW
                                                   X = TORNADO
MAX 32 OR BELOW:   0    0.01 INCH OR MORE:   8
MAX 90 OR ABOVE:   0    0.10 INCH OR MORE:   6
MIN 32 OR BELOW:  11    0.50 INCH OR MORE:   2
MIN  0 OR BELOW:   0    1.00 INCH OR MORE:   1

[HDD (BASE 65) ]
TOTAL THIS MO.   467    CLEAR  (SCALE 0-3)  16
DPTR FM NORMAL  -142    PTCLDY (SCALE 4-7)   7
TOTAL FM JUL 1   811    CLOUDY (SCALE 8-10)  6
DPTR FM NORMAL  -217

[CDD (BASE 65) ]
TOTAL THIS MO.     5
DPTR FM NORMAL     5    [PRESSURE DATA]
TOTAL FM JAN 1  1217    HIGHEST SLP M ON M
DPTR FM NORMAL   291    LOWEST  SLP 29.50 ON 15

[REMARKS]
