000
CXUS55 KBOI 301002
CF6BOI
PRELIMINARY LOCAL CLIMATOLOGICAL DATA (WS FORM: F-6)

                                          STATION:   BOISE ID
                                          MONTH:     NOVEMBER
                                          YEAR:      2020
                                          LATITUDE:   43 34 N
                                          LONGITUDE: 116 13 W

  TEMPERATURE IN F:       :PCPN:    SNOW:  WIND      :SUNSHINE: SKY     :PK WND
================================================================================
1   2   3   4   5  6A  6B    7    8   9   10  11  12  13   14  15   16   17  18
                                     12Z  AVG MX 2MIN
DY MAX MIN AVG DEP HDD CDD  WTR  SNW DPTH SPD SPD DIR MIN PSBL S-S WX    SPD DR
================================================================================

 1  63  35  49   3  16   0 0.00  0.0    0  4.5 13 140   M    M   0 8      17 140
 2  66  37  52   6  13   0 0.00  0.0    0  3.3 13 120   M    M   0        16 120
 3  68  37  53   8  12   0 0.00  0.0    0  3.8 13 310   M    M   0        16 130
 4  72  37  55  10  10   0 0.00  0.0    0  4.2 14 120   M    M   0        18 140
 5  76  44  60  15   5   0 0.00  0.0    0  9.9 21 120   M    M   0        28 110
 6  68  45  57  13   8   0 0.00  0.0    0 11.6 17 310   M    M   1        24 290
 7  48  32  40  -4  25   0 0.08  0.2    T 10.1 25 320   M    M   5 1      33 320
 8  33  30  32 -11  33   0 0.16  2.7    2  9.5 22 280   M    M  10 1      30 300
 9  36  26  31 -12  34   0    T    T    1  6.9 15 300   M    M   8        18 310
10  42  30  36  -6  29   0 0.03    T    T  9.2 18 120   M    M   9 1      23 110
11  41  27  34  -8  31   0 0.01  0.0    0  5.6 17 320   M    M   7        22 320
12  43  26  35  -7  30   0 0.00  0.0    0 10.9 20 110   M    M   1        24 120
13  43  33  38  -3  27   0 0.45  0.4    0 12.7 28 110   M    M   8 12     37 120
14  45  32  39  -2  26   0 0.02    T    0  6.7 23 120   M    M   8        32 130
15  45  37  41   1  24   0 0.46  0.0    0 11.9 24 100   M    M  10 1      31 120
16  56  42  49   9  16   0 0.03  0.0    0 12.0 20 110   M    M   4        24 120
17  61  37  49  10  16   0    T  0.0    0  9.4 21 130   M    M   2        27 130
18  55  41  48   9  17   0 0.33  0.0    0 10.9 25 300   M    M   9 13     35 260
19  50  33  42   4  23   0 0.08  0.0    0  7.9 20 270   M    M   6 1      26 280
20  46  29  38   0  27   0 0.00  0.0    0  5.6 13 110   M    M   0        16 120
21  42  24  33  -5  32   0 0.00  0.0    0  3.5  9 130   M    M   0        13 130
22  40  24  32  -5  33   0 0.00  0.0    0  6.2 15 130   M    M   0        20 130
23  40  25  33  -4  32   0 0.00  0.0    0  2.2 12 310   M    M   4        16 310
24  45  25  35  -1  30   0 0.00  0.0    0  5.7 16 140   M    M   3        21 130
25  41  32  37   1  28   0 0.06  1.0    T  5.9 16 330   M    M   7 12     20 330
26  43  27  35  -1  30   0    T    T    0  4.3 14 340   M    M   6 12     19 340
27  43  26  35   0  30   0 0.00  0.0    0  8.1 16 130   M    M   0        21 130
28  37  22  30  -5  35   0 0.00  0.0    0  5.8 16 140   M    M   0        20 140
29  40  22  31  -3  34   0 0.00  0.0    0  6.2 15 130   M    M   0 1      19 130
================================================================================
SM 1428  917       706   0  1.71  4.3    214.5          M      108
================================================================================
AV 49.2 31.6                               7.4 FASTST   M    M   4    MAX(MPH)
                                 MISC ---->    28 110                 37 120
================================================================================
NOTES:
# LAST OF SEVERAL OCCURRENCES

COLUMN 17 PEAK WIND IN M.P.H.

PRELIMINARY LOCAL CLIMATOLOGICAL DATA (WS FORM: F-6) , PAGE 2

                                          STATION:   BOISE ID
                                          MONTH:     NOVEMBER
                                          YEAR:      2020
                                          LATITUDE:   43 34 N
                                          LONGITUDE: 116 13 W

[TEMPERATURE DATA]      [PRECIPITATION DATA]       SYMBOLS USED IN COLUMN 16

AVERAGE MONTHLY: 40.4   TOTAL FOR MONTH:   1.71    1 = FOG OR MIST
DPTR FM NORMAL:   0.2   DPTR FM NORMAL:    0.41    2 = FOG REDUCING VISIBILITY
HIGHEST:    76 ON  5    GRTST 24HR  0.51 ON 14-15      TO 1/4 MILE OR LESS
LOWEST:     22 ON 29,28                             3 = THUNDER
                        SNOW, ICE PELLETS, HAIL    4 = ICE PELLETS
                        TOTAL MONTH:   4.3 INCHES  5 = HAIL
                        GRTST 24HR   2.7 ON  8- 8  6 = FREEZING RAIN OR DRIZZLE
                        GRTST DEPTH:   2 ON  8     7 = DUSTSTORM OR SANDSTORM:
                                                       VSBY 1/2 MILE OR LESS
                                                   8 = SMOKE OR HAZE
[NO. OF DAYS WITH]      [WEATHER - DAYS WITH]      9 = BLOWING SNOW
                                                   X = TORNADO
MAX 32 OR BELOW:   0    0.01 INCH OR MORE:  11
MAX 90 OR ABOVE:   0    0.10 INCH OR MORE:   4
MIN 32 OR BELOW:  17    0.50 INCH OR MORE:   0
MIN  0 OR BELOW:   0    1.00 INCH OR MORE:   0

[HDD (BASE 65) ]
TOTAL THIS MO.   706    CLEAR  (SCALE 0-3)  15
DPTR FM NORMAL   -12    PTCLDY (SCALE 4-7)   9
TOTAL FM JUL 1  1074    CLOUDY (SCALE 8-10)  5
DPTR FM NORMAL  -150

[CDD (BASE 65) ]
TOTAL THIS MO.     0
DPTR FM NORMAL     0    [PRESSURE DATA]
TOTAL FM JAN 1  1087    HIGHEST SLP M ON M
DPTR FM NORMAL   145    LOWEST  SLP 29.37 ON  7

[REMARKS]
