933
CXUS55 KRIW 301110
CF6BPI
PRELIMINARY LOCAL CLIMATOLOGICAL DATA (WS FORM: F-6)

                                          STATION:   BIG PINEY  WY
                                          MONTH:     NOVEMBER
                                          YEAR:      2020
                                          LATITUDE:   42 34 N
                                          LONGITUDE: 110  6 W

  TEMPERATURE IN F:       :PCPN:    SNOW:  WIND      :SUNSHINE: SKY     :PK WND
================================================================================
1   2   3   4   5  6A  6B    7    8   9   10  11  12  13   14  15   16   17  18
                                     12Z  AVG MX 2MIN
DY MAX MIN AVG DEP HDD CDD  WTR  SNW DPTH SPD SPD DIR MIN PSBL S-S WX    SPD DR
================================================================================

 1  61  12  37   5  28   0 0.00    M    M  4.3 14  30   M    M   0        15 220
 2  62  17  40   9  25   0 0.00    M    M  3.0 14 340   M    M   0        15 340
 3  65  15  40  10  25   0 0.00    M    M  4.7 14 340   M    M   1        19 320
 4  65  20  43  13  22   0 0.00    M    M  5.8 21 330   M    M   0        30 340
 5  63  15  39   9  26   0 0.00    M    M  3.4 13 260   M    M   0        16 270
 6  60  19  40  11  25   0 0.00    M    M  5.8 21 190   M    M   2        26 180
 7  55  31  43  15  22   0 0.15    M    M  7.9 25 260   M    M   7 13     42 240
 8  36  19  28   0  37   0 0.01    M    M  7.7 21 220   M    M   5 128    29 230
 9  36  11  24  -3  41   0 0.00    M    M  6.9 23 350   M    M   7        29 350
10  29   5  17 -10  48   0 0.00    M    M  6.9 22 310   M    M   6        29 300
11  33   6  20  -6  45   0    T    M    M  8.4 29 280   M    M   1        40 270
12  28   0  14 -12  51   0 0.00    M    M  4.7 14 310   M    M   0        19 310
13  34  -3  16  -9  49   0 0.00    M    M  7.6 18 260   M    M   4        26 200
14  30   1  16  -9  49   0 0.01    M    M 12.3 28 300   M    M   7 1      38 300
15  32   0  16  -8  49   0    T    M    M  3.3  8 270   M    M   9 1      10  80
16  47  23  35  11  30   0    T    M    M  3.6 12  60   M    M   5 1      13  70
17  47  13  30   7  35   0 0.00    M    M  2.7  9  30   M    M   0        11  30
18  47  21  34  12  31   0 0.00    M    M  7.8 20 260   M    M   2        27 240
19  38  20  29   7  36   0    T    M    M  9.9 24 290   M    M   3 1      35 270
20  36   7  22   1  43   0 0.00    M    M  3.7 12 340   M    M   2        13  30
21  37  -2  18  -3  47   0 0.00    M    M  4.7 14 350   M    M   0        17 350
22  34  -5  15  -5  50   0 0.00    M    M  4.1 12  30   M    M   0        14 100
23  34   1  18  -2  47   0 0.00    M    M  4.4 16 360   M    M   3        22 350
24  36   3  20   1  45   0 0.00    M    M  7.6 18 360   M    M   0        23 350
25  34   1  18  -1  47   0 0.00    M    M  4.3 15 320   M    M   2        22 320
26  29   3  16  -2  49   0 0.00    M    M  9.7 24 350   M    M   1        32 360
27  34   1  18   0  47   0 0.00    M    M  3.9 12 330   M    M   0        14  20
28  45  -1  22   5  43   0 0.00    M    M  5.9 21  20   M    M   0        27  30
29  35   1  18   1  47   0 0.00    M    M  5.0 15 350   M    M   0        20 350
================================================================================
SM 1222  254      1139   0  0.17    M    170.0          M       67
================================================================================
AV 42.1  8.8                               5.9 FASTST   M    M   2    MAX(MPH)
                                 MISC ---->    29 280                 42 240
================================================================================
NOTES:
# LAST OF SEVERAL OCCURRENCES

COLUMN 17 PEAK WIND IN M.P.H.

PRELIMINARY LOCAL CLIMATOLOGICAL DATA (WS FORM: F-6) , PAGE 2

                                          STATION:   BIG PINEY  WY
                                          MONTH:     NOVEMBER
                                          YEAR:      2020
                                          LATITUDE:   42 34 N
                                          LONGITUDE: 110  6 W

[TEMPERATURE DATA]      [PRECIPITATION DATA]       SYMBOLS USED IN COLUMN 16

AVERAGE MONTHLY: 25.4   TOTAL FOR MONTH:   0.17    1 = FOG OR MIST
DPTR FM NORMAL:   1.3   DPTR FM NORMAL:   -0.03    2 = FOG REDUCING VISIBILITY
HIGHEST:    65 ON  4, 3  GRTST 24HR  0.15 ON  7- 7      TO 1/4 MILE OR LESS
LOWEST:     -5 ON 22                               3 = THUNDER
                        SNOW, ICE PELLETS, HAIL    4 = ICE PELLETS
                        TOTAL MONTH:  M            5 = HAIL
                        GRTST 24HR    M  ON   M    6 = FREEZING RAIN OR DRIZZLE
                        GRTST DEPTH:  M  ON   M    7 = DUSTSTORM OR SANDSTORM:
                                                       VSBY 1/2 MILE OR LESS
                                                   8 = SMOKE OR HAZE
[NO. OF DAYS WITH]      [WEATHER - DAYS WITH]      9 = BLOWING SNOW
                                                   X = TORNADO
MAX 32 OR BELOW:   5    0.01 INCH OR MORE:   3
MAX 90 OR ABOVE:   0    0.10 INCH OR MORE:   1
MIN 32 OR BELOW:  29    0.50 INCH OR MORE:   0
MIN  0 OR BELOW:   6    1.00 INCH OR MORE:   0

[HDD (BASE 65) ]
TOTAL THIS MO.  1139    CLEAR  (SCALE 0-3)  20
DPTR FM NORMAL   -48    PTCLDY (SCALE 4-7)   8
TOTAL FM JUL 1  2470    CLOUDY (SCALE 8-10)  1
DPTR FM NORMAL  -297

[CDD (BASE 65) ]
TOTAL THIS MO.     0
DPTR FM NORMAL     0    [PRESSURE DATA]
TOTAL FM JAN 1    34    HIGHEST SLP M ON M
DPTR FM NORMAL    -1    LOWEST  SLP 29.14 ON  7

[REMARKS]
