000
CXUS53 KGRR 291010
CF6BTL
PRELIMINARY LOCAL CLIMATOLOGICAL DATA (WS FORM: F-6)

                                          STATION:   BATTLE CREEK
                                          MONTH:     NOVEMBER
                                          YEAR:      2020
                                          LATITUDE:   42 17 N
                                          LONGITUDE:  85 14 W

  TEMPERATURE IN F:       :PCPN:    SNOW:  WIND      :SUNSHINE: SKY     :PK WND
================================================================================
1   2   3   4   5  6A  6B    7    8   9   10  11  12  13   14  15   16   17  18
                                     12Z  AVG MX 2MIN
DY MAX MIN AVG DEP HDD CDD  WTR  SNW DPTH SPD SPD DIR MIN PSBL S-S WX    SPD DR
================================================================================

 1  51  32  42  -3  23   0 0.08    M    M 17.2 33 310   M    M   8 18     49 290
 2  49  23  36  -9  29   0 0.00    M    M 12.8 26 240   M    M   1        32 250
 3  64  33  49   5  16   0 0.00    M    M  9.4 18 230   M    M   0        23 220
 4  72  47  60  16   5   0 0.00    M    M 13.7 22 220   M    M   0        33 210
 5  65  50  58  14   7   0 0.00    M    M 10.6 17 220   M    M   1        24 210
 6  72  46  59  16   6   0 0.00    M    M  9.1 18 230   M    M   0        23 250
 7  70  47  59  16   6   0 0.00    M    M  9.2 18 200   M    M   0        23 210
 8  74  45  60  18   5   0 0.00    M    M  7.2 15 180   M    M   2 8      20 200
 9  77  56  67  25   0   2 0.00    M    M 11.2 22 210   M    M   2        32 190
10  75  58  67  25   0   2 0.18    M    M 16.2 38 240   M    M   7 1      53 240
11  58  30  44   3  21   0 0.04    M    M 11.4 24 260   M    M   7 1      31 250
12  50  29  40  -1  25   0 0.00    M    M  4.9 12 240   M    M   0 18     15 210
13  41  26  34  -6  31   0 0.02    M    M  9.8 20 310   M    M   9 1      27 290
14  45  23  34  -6  31   0 0.10    M    M 10.2 22 160   M    M   4 1      34 180
15  55  36  46   6  19   0 0.27    M    M 21.8 41 250   M    M  10 13     56 240
16  45  34  40   1  25   0 0.00    M    M 12.8 24 270   M    M   7        34 270
17  40  23  32  -7  33   0 0.02    M    M 12.6 25 290   M    M   7 1      36 310
18  47  23  35  -3  30   0 0.00    M    M 11.3 23 180   M    M   3        32 170
19  65  40  53  15  12   0 0.00    M    M 18.3 28 230   M    M   0        37 200
20  64  40  52  15  13   0 0.00    M    M 13.5 25 260   M    M   3        37 230
21  46  33  40   3  25   0 0.00    M    M  4.0  8  50   M    M   0        10  20
22  38  33  36   0  29   0 0.10    M    M  5.3 10 260   M    M   9 1      14 130
23  46  27  37   1  28   0 0.00    M    M  7.6 16 300   M    M   7 1      23 320
24  39  26  33  -2  32   0 0.11    M    M  7.4 16 150   M    M   7 12     25 150
25  48  39  44   9  21   0 0.25    M    M  5.8 12 200   M    M  10 12     16 180
26  48  38  43   9  22   0 0.00    M    M  9.4 17 270   M    M   9 12     24 280
27  45  31  38   4  27   0 0.00    M    M  8.6 21 280   M    M   9        27 270
28  47  25  36   2  29   0 0.00    M    M  9.9 17 210   M    M   0        23 210
================================================================================
SM 1536  993       550   4  1.17    M    301.2          M      122
================================================================================
AV 54.9 35.5                              10.8 FASTST   M    M   4    MAX(MPH)
                                 MISC ---->    41 250                 56 240
================================================================================
NOTES:
# LAST OF SEVERAL OCCURRENCES

COLUMN 17 PEAK WIND IN M.P.H.

PRELIMINARY LOCAL CLIMATOLOGICAL DATA (WS FORM: F-6) , PAGE 2

                                          STATION:   BATTLE CREEK
                                          MONTH:     NOVEMBER
                                          YEAR:      2020
                                          LATITUDE:   42 17 N
                                          LONGITUDE:  85 14 W

[TEMPERATURE DATA]      [PRECIPITATION DATA]       SYMBOLS USED IN COLUMN 16

AVERAGE MONTHLY: 45.2   TOTAL FOR MONTH:   1.17    1 = FOG OR MIST
DPTR FM NORMAL:   5.6   DPTR FM NORMAL:   -1.49    2 = FOG REDUCING VISIBILITY
HIGHEST:    77 ON  9    GRTST 24HR  0.37 ON 14-15      TO 1/4 MILE OR LESS
LOWEST:     23 ON 18,17                             3 = THUNDER
                        SNOW, ICE PELLETS, HAIL    4 = ICE PELLETS
                        TOTAL MONTH:  M            5 = HAIL
                        GRTST 24HR    M  ON   M    6 = FREEZING RAIN OR DRIZZLE
                        GRTST DEPTH:  M  ON   M    7 = DUSTSTORM OR SANDSTORM:
                                                       VSBY 1/2 MILE OR LESS
                                                   8 = SMOKE OR HAZE
[NO. OF DAYS WITH]      [WEATHER - DAYS WITH]      9 = BLOWING SNOW
                                                   X = TORNADO
MAX 32 OR BELOW:   0    0.01 INCH OR MORE:  10
MAX 90 OR ABOVE:   0    0.10 INCH OR MORE:   6
MIN 32 OR BELOW:  12    0.50 INCH OR MORE:   0
MIN  0 OR BELOW:   0    1.00 INCH OR MORE:   0

[HDD (BASE 65) ]
TOTAL THIS MO.   550    CLEAR  (SCALE 0-3)  14
DPTR FM NORMAL  -161    PTCLDY (SCALE 4-7)   8
TOTAL FM JUL 1  1150    CLOUDY (SCALE 8-10)  6
DPTR FM NORMAL  -223

[CDD (BASE 65) ]
TOTAL THIS MO.     4
DPTR FM NORMAL     4    [PRESSURE DATA]
TOTAL FM JAN 1   902    HIGHEST SLP M ON M
DPTR FM NORMAL   324    LOWEST  SLP 29.27 ON 15

[REMARKS]
