000
CXUS51 KBTV 300800
CF6BTV
PRELIMINARY LOCAL CLIMATOLOGICAL DATA (WS FORM: F-6)

                                          STATION:   BURLINGTON VT
                                          MONTH:     NOVEMBER
                                          YEAR:      2020
                                          LATITUDE:   44 28 N
                                          LONGITUDE:  73  9 W

  TEMPERATURE IN F:       :PCPN:    SNOW:  WIND      :SUNSHINE: SKY     :PK WND
================================================================================
1   2   3   4   5  6A  6B    7    8   9   10  11  12  13   14  15   16   17  18
                                     12Z  AVG MX 2MIN
DY MAX MIN AVG DEP HDD CDD  WTR  SNW DPTH SPD SPD DIR MIN PSBL S-S WX    SPD DR
================================================================================

 1  52  37  45   2  20   0 0.13  0.0    0 15.9 31 190   M    M   7 1      43 190
 2  42  31  37  -6  28   0 0.05  1.1    0 15.2 31 310   M    M   9 1      43 290
 3  37  29  33  -9  32   0 0.03  0.2    1 12.1 28 330   M    M   8 18     36 340
 4  56  30  43   1  22   0    T    T    0 14.7 24 190   M    M   4        33 200
 5  67  53  60  18   5   0 0.00  0.0    0 15.2 25 180   M    M   4        35 190
 6  69  55  62  20   3   0 0.00  0.0    0 10.7 20 200   M    M   4        26 190
 7  71  44  58  17   7   0 0.00  0.0    0  5.1 16 190   M    M   2        21 200
 8  72  43  58  17   7   0 0.00  0.0    0  3.3 15 190   M    M   2        19 200
 9  71  39  55  14  10   0 0.00  0.0    0  4.6 14 180   M    M   2        19 180
10  72  47  60  20   5   0 0.00  0.0    0 10.4 20 190   M    M   1        26 180
11  68  60  64  24   1   0 0.02  0.0    0 14.6 24 190   M    M   6        37 180
12  60  31  46   6  19   0 0.00  0.0    0  7.0 20  10   M    M   4        25 320
13  42  28  35  -4  30   0 0.01  0.0    0  5.4 16 150   M    M   6        21 150
14  44  26  35  -4  30   0 0.00  0.0    0  7.9 18 290   M    M   6        27 260
15  46  24  35  -4  30   0 0.46  0.0    0  7.4 17 170   M    M   7 1      24 150
16  46  37  42   4  23   0 0.08    T    0 12.0 25 250   M    M   9 14     38 250
17  41  27  34  -4  31   0    T    T    0 10.5 22 330   M    M   9        30 310
18  27  18  23 -15  42   0    T  0.1    T 11.1 22 320   M    M   8 8      31 340
19  46  18  32  -5  33   0 0.00  0.0    0 17.4 31 190   M    M   8        42 190
20  56  46  51  14  14   0 0.00  0.0    0 14.6 30 190   M    M   8        37 190
21  54  35  45   9  20   0 0.00  0.0    0  9.2 21 310   M    M   9        29 290
22  42  25  34  -2  31   0    T    T    0  3.5 14 200   M    M   7        17 200
23  45  35  40   4  25   0 0.22    T    0 10.8 20 330   M    M  10 1      29 310
24  36  22  29  -6  36   0    T    T    0 10.9 23 330   M    M   7        31 330
25  45  24  35   0  30   0 0.09  1.3    0  7.6 17 180   M    M   9 1      24 180
26  52  39  46  12  19   0 0.25  0.0    0  4.3  9 180   M    M  10 1       M   M
27  48  42  45  11  20   0    T  0.0    0  2.9 10  10   M    M  10        12  10
28  45  35  40   6  25   0 0.07  0.0    0  2.8 15 280   M    M   9 18     20 280
29  48  32  40   7  25   0 0.00  0.0    0  8.2 16 200   M    M   3        21 190
================================================================================
SM 1500 1012       623   0  1.41  2.7    275.3          M      188
================================================================================
AV 51.7 34.9                               9.5 FASTST   M    M   6    MAX(MPH)
                                 MISC ---->  # 31 190               # 43 190
================================================================================
NOTES:
# LAST OF SEVERAL OCCURRENCES

COLUMN 17 PEAK WIND IN M.P.H.

PRELIMINARY LOCAL CLIMATOLOGICAL DATA (WS FORM: F-6) , PAGE 2

                                          STATION:   BURLINGTON VT
                                          MONTH:     NOVEMBER
                                          YEAR:      2020
                                          LATITUDE:   44 28 N
                                          LONGITUDE:  73  9 W

[TEMPERATURE DATA]      [PRECIPITATION DATA]       SYMBOLS USED IN COLUMN 16

AVERAGE MONTHLY: 43.3   TOTAL FOR MONTH:   1.41    1 = FOG OR MIST
DPTR FM NORMAL:   4.9   DPTR FM NORMAL:   -1.63    2 = FOG REDUCING VISIBILITY
HIGHEST:    72 ON 10, 8  GRTST 24HR  0.49 ON 15-16      TO 1/4 MILE OR LESS
LOWEST:     18 ON 19,18                             3 = THUNDER
                        SNOW, ICE PELLETS, HAIL    4 = ICE PELLETS
                        TOTAL MONTH:   2.7 INCHES  5 = HAIL
                        GRTST 24HR   1.3 ON 25-25  6 = FREEZING RAIN OR DRIZZLE
                        GRTST DEPTH:   1 ON  3     7 = DUSTSTORM OR SANDSTORM:
                                                       VSBY 1/2 MILE OR LESS
                                                   8 = SMOKE OR HAZE
[NO. OF DAYS WITH]      [WEATHER - DAYS WITH]      9 = BLOWING SNOW
                                                   X = TORNADO
MAX 32 OR BELOW:   1    0.01 INCH OR MORE:  11
MAX 90 OR ABOVE:   0    0.10 INCH OR MORE:   4
MIN 32 OR BELOW:  14    0.50 INCH OR MORE:   0
MIN  0 OR BELOW:   0    1.00 INCH OR MORE:   0

[HDD (BASE 65) ]
TOTAL THIS MO.   623    CLEAR  (SCALE 0-3)   5
DPTR FM NORMAL  -148    PTCLDY (SCALE 4-7)  13
TOTAL FM JUL 1  1228    CLOUDY (SCALE 8-10) 11
DPTR FM NORMAL  -284

[CDD (BASE 65) ]
TOTAL THIS MO.     0
DPTR FM NORMAL     0    [PRESSURE DATA]
TOTAL FM JAN 1   895    HIGHEST SLP M ON M
DPTR FM NORMAL   404    LOWEST  SLP 29.49 ON  2

[REMARKS]
