000
CXUS51 KLWX 300700
CF6BWI
PRELIMINARY LOCAL CLIMATOLOGICAL DATA (WS FORM: F-6)

                                          STATION:   BALTIMORE MD
                                          MONTH:     NOVEMBER
                                          YEAR:      2020
                                          LATITUDE:   39 10 N
                                          LONGITUDE:  76 40 W

  TEMPERATURE IN F:       :PCPN:    SNOW:  WIND      :SUNSHINE: SKY     :PK WND
================================================================================
1   2   3   4   5  6A  6B    7    8   9   10  11  12  13   14  15   16   17  18
                                     12Z  AVG MX 2MIN
DY MAX MIN AVG DEP HDD CDD  WTR  SNW DPTH SPD SPD DIR MIN PSBL S-S WX    SPD DR
================================================================================

 1  58  41  50  -1  15   0 0.40  0.0    0  8.9 32 290   M    M   8 1      46 290
 2  50  38  44  -7  21   0 0.00  0.0    0 15.0 33 290   M    M   2        46 300
 3  63  38  51   1  14   0    T    M    M 11.0 28 280   M    M   5        41 270
 4  70  35  53   3  12   0 0.00  0.0    0  3.5 13 180   M    M   0        21 210
 5  71  38  55   5  10   0 0.00  0.0    0  2.1 14 230   M    M   5 1      22 170
 6  75  45  60  10   5   0 0.00  0.0    0  2.0  8 230   M    M   5        11 230
 7  77  41  59  10   6   0 0.00  0.0    0  1.9  9  90   M    M   1 1      15  50
 8  78  43  61  12   4   0 0.00  0.0    0  1.2  9 140   M    M   1 1      12 190
 9  77  48  63  14   2   0 0.00  0.0    0  1.4 12 110   M    M   3 12     15 120
10  78  47  63  15   2   0 0.00  0.0    0  3.3 15 170   M    M   2 1      23 210
11  70  58  64  16   1   0 1.91  0.0    0  3.8 12 310   M    M   8 1      19 140
12  70  50  60  12   5   0 0.83  0.0    0  5.8 15 310   M    M  10 18     20 360
13  62  41  52   5  13   0 0.01  0.0    0  4.6 13 290   M    M   6 18     19 280
14  58  39  49   2  16   0 0.00  0.0    0  4.1 15 270   M    M   3        20 290
15  68  40  54   7  11   0 0.36  0.0    0 10.0 36 280   M    M   7        51 280
16  60  44  52   6  13   0 0.00  0.0    0 12.9 30 280   M    M   0        43 290
17  57  35  46   0  19   0    T  0.0    0 12.5 32 290   M    M   4        47 300
18  45  27  36 -10  29   0 0.00  0.0    0  8.1 20 290   M    M   4 8      29 290
19  53  25  39  -6  26   0 0.00  0.0    0  4.6 15 200   M    M   4        24 200
20  66  35  51   6  14   0 0.00  0.0    0  2.7 10 230   M    M   2        16 190
21  68  43  56  11   9   0 0.00  0.0    0  2.9 10  30   M    M   7        16 330
22  57  50  54  10  11   0 0.00  0.0    0  7.6 16  60   M    M  10        22  70
23  59  40  50   6  15   0 0.01  0.0    0 13.1 28 290   M    M   6        40 280
24  52  34  43  -1  22   0 0.00  0.0    0  3.6  9  10   M    M   5        17  30
25  58  43  51   8  14   0 0.01  0.0    0  5.4 18 230   M    M   9        32 190
26  70  49  60  17   5   0 0.08  0.0    0  4.6 17 240   M    M   7 1      27 250
27  60  49  55  13  10   0 0.00  0.0    0  0.9  6 250   M    M   9        10  60
28  59  36  48   6  17   0 0.00  0.0    0  5.9 22 290   M    M   3        32 310
29  59  30  45   3  20   0 0.00  0.0    0  2.8 12 130   M    M   4        14 120
================================================================================
SM 1848 1182       361   0  3.61  0.0    166.2          M      140
================================================================================
AV 63.7 40.8                               5.7 FASTST   M    M   5    MAX(MPH)
                                 MISC ---->    36 280                 51 280
================================================================================
NOTES:
# LAST OF SEVERAL OCCURRENCES

COLUMN 17 PEAK WIND IN M.P.H.

PRELIMINARY LOCAL CLIMATOLOGICAL DATA (WS FORM: F-6) , PAGE 2

                                          STATION:   BALTIMORE MD
                                          MONTH:     NOVEMBER
                                          YEAR:      2020
                                          LATITUDE:   39 10 N
                                          LONGITUDE:  76 40 W

[TEMPERATURE DATA]      [PRECIPITATION DATA]       SYMBOLS USED IN COLUMN 16

AVERAGE MONTHLY: 52.2   TOTAL FOR MONTH:   3.61    1 = FOG OR MIST
DPTR FM NORMAL:   5.7   DPTR FM NORMAL:    0.43    2 = FOG REDUCING VISIBILITY
HIGHEST:    78 ON 10, 8  GRTST 24HR  2.62 ON 11-12      TO 1/4 MILE OR LESS
LOWEST:     25 ON 19                               3 = THUNDER
                        SNOW, ICE PELLETS, HAIL    4 = ICE PELLETS
                        TOTAL MONTH:   0.0 INCH    5 = HAIL
                        GRTST 24HR  0.0            6 = FREEZING RAIN OR DRIZZLE
                        GRTST DEPTH:  0            7 = DUSTSTORM OR SANDSTORM:
                                                       VSBY 1/2 MILE OR LESS
                                                   8 = SMOKE OR HAZE
[NO. OF DAYS WITH]      [WEATHER - DAYS WITH]      9 = BLOWING SNOW
                                                   X = TORNADO
MAX 32 OR BELOW:   0    0.01 INCH OR MORE:   8
MAX 90 OR ABOVE:   0    0.10 INCH OR MORE:   4
MIN 32 OR BELOW:   3    0.50 INCH OR MORE:   2
MIN  0 OR BELOW:   0    1.00 INCH OR MORE:   1

[HDD (BASE 65) ]
TOTAL THIS MO.   361    CLEAR  (SCALE 0-3)   9
DPTR FM NORMAL  -173    PTCLDY (SCALE 4-7)  15
TOTAL FM JUL 1   578    CLOUDY (SCALE 8-10)  5
DPTR FM NORMAL  -303

[CDD (BASE 65) ]
TOTAL THIS MO.     0
DPTR FM NORMAL     0    [PRESSURE DATA]
TOTAL FM JAN 1  1568    HIGHEST SLP M ON M
DPTR FM NORMAL   405    LOWEST  SLP 29.68 ON 15

[REMARKS]
