000
CXUS55 KPIH 301200
CF6BYI

PRELIMINARY LOCAL CLIMATOLOGICAL DATA (WS FORM: F-6)

                                          STATION:   BURLEY ID
                                          MONTH:     NOVEMBER
                                          YEAR:      2020
                                          LATITUDE:   42 32 N
                                          LONGITUDE: 113 46 W

  TEMPERATURE IN F:       :PCPN:    SNOW:  WIND      :SUNSHINE: SKY     :PK WND
================================================================================
1   2   3   4   5  6A  6B    7    8   9   10  11  12  13   14  15   16   17  18
                                     12Z  AVG MX 2MIN
DY MAX MIN AVG DEP HDD CDD  WTR  SNW DPTH SPD SPD DIR MIN PSBL S-S WX    SPD DR
================================================================================

 1  67  25  46   4  19   0 0.00    M    M  6.1 16  80   M    M   0        19  80
 2  73  31  52  10  13   0 0.00    M    M  5.1 13  80   M    M   0        16  60
 3  75  30  53  12  12   0 0.00    M    M  3.5 10  50   M    M   0        14  50
 4  72  32  52  11  13   0 0.00    M    M  3.7 13 290   M    M   0        17 300
 5  74  30  52  12  13   0 0.00    M    M  5.8 22 210   M    M   0        28 210
 6  69  47  58  18   7   0 0.00    M    M  5.8 20 200   M    M   0        26 190
 7  49  35  42   3  23   0 0.11    M    M  5.9 21 260   M    M   3 3      29 270
 8  38  25  32  -7  33   0 0.01    M    M 10.7 22 270   M    M   7        29 270
 9  32  28  30  -8  35   0 0.01    M    M 10.0 20 240   M    M  10        25 250
10  36  28  32  -6  33   0 0.02    M    M 11.1 20 260   M    M   9        26 250
11  36  26  31  -7  34   0 0.10    M    M 13.7 22 270   M    M   5 1      28 260
12  42  17  30  -7  35   0 0.00    M    M  7.3 22 200   M    M   0        34 220
13  44  24  34  -3  31   0 0.64    M    M 17.9 36 210   M    M   6 1236   50 210
14  42  33  38   2  27   0    T    M    M 14.4 29 260   M    M   4        43 270
15  45  34  40   4  25   0 0.25    M    M  9.2 28 200   M    M  10 1      36 200
16  62  37  50  15  15   0    T    M    M  5.5 18 200   M    M   3        24 200
17  61  35  48  13  17   0 0.00    M    M 11.6 30 210   M    M   0        40 210
18  52  40  46  12  19   0 0.10    M    M  5.6 20 260   M    M   6 1      30 270
19  47  31  39   5  26   0 0.02    M    M  8.3 18 270   M    M   6        30 290
20  43  26  35   1  30   0 0.00    M    M  3.4 10  60   M    M   0        13  30
21  40  19  30  -3  35   0    T    M    M  1.9  7  40   M    M   2 128     9  30
22  42  21  32  -1  33   0 0.00    M    M 10.4 23  80   M    M   0        30  60
23  36  23  30  -2  35   0 0.00    M    M  4.1 13 290   M    M   5        17 260
24  41  22  32   0  33   0 0.00    M    M  3.6 12 270   M    M   3 18     17 280
25  44  26  35   3  30   0 0.01    M    M 12.8 24 260   M    M   4 1      36 190
26  38  29  34   3  31   0 0.00    M    M 10.4 18 260   M    M   9        29 270
27  39  23  31   0  34   0 0.00    M    M  5.1 13  60   M    M   3        19  60
28  44  21  33   3  32   0 0.00    M    M  6.7 17  60   M    M   1 1      24  60
29  39  18  29  -1  36   0 0.00    M    M  9.2 18  60   M    M   0        24  80
================================================================================
SM 1422  816       759   0  1.27    M    228.8          M       96
================================================================================
AV 49.0 28.1                               7.9 FASTST   M    M   3    MAX(MPH)
                                 MISC ---->  # 36 210               # 50  210
================================================================================
NOTES:
# LAST OF SEVERAL OCCURRENCES
PRECIPITATION SUSPECT DURING FREEZING/FROZEN EVENTS

COLUMN 17 PEAK WIND IN M.P.H.

PRELIMINARY LOCAL CLIMATOLOGICAL DATA (WS FORM: F-6) , PAGE 2

                                          STATION:  BURLEY ID
                                          MONTH:    NOVEMBER
                                          YEAR:     2020
                                          LATITUDE:   42 32 N
                                          LONGITUDE: 113 46 W

[TEMPERATURE DATA]      [PRECIPITATION DATA]       SYMBOLS USED IN COLUMN 16

AVERAGE MONTHLY: 38.6   TOTAL FOR MONTH:   1.27    1 = FOG OR MIST
DPTR FM NORMAL:   2.7   DPTR FM NORMAL:    0.37    2 = FOG REDUCING VISIBILITY
HIGHEST:    75 ON  3    GRTST 24HR  0.64 ON 13-13      TO 1/4 MILE OR LESS
LOWEST:     17 ON 12                               3 = THUNDER
                        SNOW, ICE PELLETS, HAIL    4 = ICE PELLETS
                        TOTAL MONTH:    M          5 = HAIL
                        GRTST 24HR    M  ON   M    6 = FREEZING RAIN OR DRIZZLE
                        GRTST DEPTH:  M  ON   M    7 = DUSTSTORM OR SANDSTORM:
                                                       VSBY 1/2 MILE OR LESS
                                                   8 = SMOKE OR HAZE
[NO. OF DAYS WITH]      [WEATHER - DAYS WITH]      9 = BLOWING SNOW
                                                   X = TORNADO
MAX 32 OR BELOW:   1    0.01 INCH OR MORE:  10
MAX 90 OR ABOVE:   0    0.10 INCH OR MORE:   5
MIN 32 OR BELOW:  22    0.50 INCH OR MORE:   1
MIN  0 OR BELOW:   0    1.00 INCH OR MORE:   0

[HDD (BASE 65) ]
TOTAL THIS MO.   759    CLEAR  (SCALE 0-3)  15
DPTR FM NORMAL   -86    PTCLDY (SCALE 4-7)  10
TOTAL FM JUL 1  1327    CLOUDY (SCALE 8-10)  4
DPTR FM NORMAL  -326

[CDD (BASE 65) ]
TOTAL THIS MO.     0
DPTR FM NORMAL     0    [PRESSURE DATA]
TOTAL FM JAN 1   579    HIGHEST SLP M ON M
DPTR FM NORMAL   214    LOWEST  SLP 29.20 ON  7

[REMARKS]
