000
CXUS51 KCLE 300900
CF6CAK
PRELIMINARY LOCAL CLIMATOLOGICAL DATA (WS FORM: F-6)

                                          STATION:   AKRON CANTON OH
                                          MONTH:     NOVEMBER
                                          YEAR:      2020
                                          LATITUDE:   40 55 N
                                          LONGITUDE:  81 26 W

  TEMPERATURE IN F:       :PCPN:    SNOW:  WIND      :SUNSHINE: SKY     :PK WND
================================================================================
1   2   3   4   5  6A  6B    7    8   9   10  11  12  13   14  15   16   17  18
                                     12Z  AVG MX 2MIN
DY MAX MIN AVG DEP HDD CDD  WTR  SNW DPTH SPD SPD DIR MIN PSBL S-S WX    SPD DR
================================================================================

 1  51  31  41  -6  24   0 0.10  0.3    0 18.9 35 290   M    M   9 18     52 280
 2  44  31  38  -8  27   0    T    T    T 14.4 23 280   M    M   8 1      29 250
 3  59  33  46   0  19   0 0.00  0.0    0  9.3 15 220   M    M   2        19 270
 4  68  42  55   9  10   0 0.00  0.0    0 11.2 21 210   M    M   0        28 210
 5  70  47  59  13   6   0 0.00  0.0    0  9.8 18 220   M    M   5        23 220
 6  69  46  58  13   7   0 0.00  0.0    0  7.3 16 220   M    M   2        19 230
 7  72  46  59  14   6   0 0.00  0.0    0  5.5 10 230   M    M   1 8      14 230
 8  76  48  62  18   3   0 0.00  0.0    0  3.7  8 130   M    M   0 8      10 130
 9  76  51  64  20   1   0 0.00  0.0    0  7.1 15 200   M    M   0        18 220
10  77  57  67  23   0   2 0.00  0.0    0 11.5 26 190   M    M   1        34 190
11  71  41  56  13   9   0 0.36  0.0    0  9.4 22 190   M    M   8 1      27 200
12  54  37  46   3  19   0 0.00  0.0    0  7.6 15  40   M    M   4        21  30
13  55  33  44   1  21   0 0.00  0.0    0  7.9 17 280   M    M   3 8      23 270
14  48  25  37  -5  28   0    T  0.0    0  6.8 18 150   M    M   5 18     24 150
15  59  38  49   7  16   0 0.20  0.0    0 21.9 46 270   M    M   9 138    63 270
16  48  37  43   1  22   0    T  0.0    0 13.1 28 270   M    M   6        37 270
17  42  32  37  -4  28   0 0.04  0.4    0 11.6 32 300   M    M   9 189    45 300
18  43  29  36  -5  29   0    T    T    0  8.2 17 320   M    M   5        23 310
19  65  36  51  11  14   0 0.00  0.0    0 17.7 32 220   M    M   5        41 220
20  63  50  57  17   8   0 0.00  0.0    0 12.5 24 230   M    M   6        30 230
21  50  35  43   3  22   0    T  0.0    0  7.7 13 330   M    M   9        15 320
22  45  35  40   1  25   0 0.62    T    0  9.7 21 330   M    M  10 18     26 330
23  43  34  39   0  26   0    T  0.0    0  8.4 18 310   M    M   9 18     27 310
24  43  29  36  -2  29   0    T  0.0    0  8.2 16 150   M    M   7        19 160
25  55  37  46   8  19   0 0.50  0.0    0 12.0 20 200   M    M   8 1      24 160
26  55  47  51  13  14   0 0.06  0.0    0 10.8 22 240   M    M  10 1      28 230
27  50  43  47  10  18   0 0.01  0.0    0  6.4 12 230   M    M  10        15 240
28  45  33  39   2  26   0    T  0.0    0  7.6 17 320   M    M   4        20 320
29  52  30  41   5  24   0 0.00  0.0    0  6.6 16 200   M    M   4 8      19 190
================================================================================
SM 1648 1113       500   2  1.89  0.7    292.8          M      159
================================================================================
AV 56.8 38.4                              10.1 FASTST   M    M   5    MAX(MPH)
                                 MISC ---->    46 270                 63 270
================================================================================
NOTES:
# LAST OF SEVERAL OCCURRENCES

COLUMN 17 PEAK WIND IN M.P.H.

PRELIMINARY LOCAL CLIMATOLOGICAL DATA (WS FORM: F-6) , PAGE 2

                                          STATION:   AKRON CANTON OH
                                          MONTH:     NOVEMBER
                                          YEAR:      2020
                                          LATITUDE:   40 55 N
                                          LONGITUDE:  81 26 W

[TEMPERATURE DATA]      [PRECIPITATION DATA]       SYMBOLS USED IN COLUMN 16

AVERAGE MONTHLY: 47.6   TOTAL FOR MONTH:   1.89    1 = FOG OR MIST
DPTR FM NORMAL:   5.8   DPTR FM NORMAL:   -1.30    2 = FOG REDUCING VISIBILITY
HIGHEST:    77 ON 10    GRTST 24HR  0.62 ON 22-22      TO 1/4 MILE OR LESS
LOWEST:     25 ON 14                               3 = THUNDER
                        SNOW, ICE PELLETS, HAIL    4 = ICE PELLETS
                        TOTAL MONTH:   0.7 INCH    5 = HAIL
                        GRTST 24HR   0.4 ON 17-17  6 = FREEZING RAIN OR DRIZZLE
                        GRTST DEPTH:  T            7 = DUSTSTORM OR SANDSTORM:
                                                       VSBY 1/2 MILE OR LESS
                                                   8 = SMOKE OR HAZE
[NO. OF DAYS WITH]      [WEATHER - DAYS WITH]      9 = BLOWING SNOW
                                                   X = TORNADO
MAX 32 OR BELOW:   0    0.01 INCH OR MORE:   8
MAX 90 OR ABOVE:   0    0.10 INCH OR MORE:   5
MIN 32 OR BELOW:   7    0.50 INCH OR MORE:   2
MIN  0 OR BELOW:   0    1.00 INCH OR MORE:   0

[HDD (BASE 65) ]
TOTAL THIS MO.   500    CLEAR  (SCALE 0-3)   8
DPTR FM NORMAL  -175    PTCLDY (SCALE 4-7)  12
TOTAL FM JUL 1   920    CLOUDY (SCALE 8-10)  9
DPTR FM NORMAL  -310

[CDD (BASE 65) ]
TOTAL THIS MO.     2
DPTR FM NORMAL     2    [PRESSURE DATA]
TOTAL FM JAN 1  1057    HIGHEST SLP M ON M
DPTR FM NORMAL   405    LOWEST  SLP 29.47 ON 15

[REMARKS]
