000
CXUS53 KARX 301000
CF6CCY
PRELIMINARY LOCAL CLIMATOLOGICAL DATA (WS FORM: F-6)

                                          STATION:   CHARLES_CITY IA
                                          MONTH:     NOVEMBER
                                          YEAR:      2020
                                          LATITUDE:   43  4 N
                                          LONGITUDE:  92 37 W

  TEMPERATURE IN F:       :PCPN:    SNOW:  WIND      :SUNSHINE: SKY     :PK WND
================================================================================
1   2   3   4   5  6A  6B    7    8   9   10  11  12  13   14  15   16   17  18
                                     12Z  AVG MX 2MIN
DY MAX MIN AVG DEP HDD CDD  WTR  SNW DPTH SPD SPD DIR MIN PSBL S-S WX    SPD DR
================================================================================

 1  39  23  31 -12  34   0 0.00  0.0    0 18.4 32 310   M    M   0        43 310
 2  57  18  38  -5  27   0 0.00  0.0    0  9.2 18 240   M    M   0        18 260
 3  75  32  54  12  11   0 0.00  0.0    0 10.5 18 200   M    M   0        28 210
 4  70  39  55  13  10   0 0.00  0.0    0  8.0 10 200   M    M   1        17 190
 5  73  39  56  15   9   0 0.00  0.0    0  3.7  9 180   M    M   1 18      M   M
 6  73  41  57  16   8   0 0.00  0.0    0 13.0 22 200   M    M   0 1      28 200
 7  72  52  62  22   3   0 0.00  0.0    M 16.0 28 200   M    M   0        36 200
 8  73  54  64  24   1   0 0.00  0.0    0 18.3 28 170   M    M   2        35 180
 9  66  36  51  12  14   0 0.35  0.0    0 17.7 25 170   M    M   9 1      31 170
10  37  28  33  -5  32   0 0.47    M    0 15.1 30 280   M    M  10 1      39 280
11  45  23  34  -4  31   0 0.00  0.0    0  9.6 16 210   M    M   2        23 210
12  43  21  32  -5  33   0    M    M    0 10.6 20 340   M    M   4 1      28 330
13  37  14  26 -11  39   0 0.00  0.0    0  8.8 20 160   M    M   0        23 160
14  46  28  37   1  28   0 0.02  0.0    0 15.0 21 150   M    M   7 12     29 150
15  41  27  34  -1  31   0 0.00  0.0    0 19.4 29 300   M    M   7        44 290
16  48  23  36   1  29   0 0.00  0.0    0 13.0 27 300   M    M   1        37 300
17  37  18  28  -6  37   0 0.00  0.0    0  8.0 13 330   M    M   2        16 150
18  55  28  42   8  23   0 0.00  0.0    0 18.4 27 170   M    M   0        33 170
19  64  39  52  19  13   0 0.00  0.0    0 11.8 18 220   M    M   3        27 220
20  45  28  37   5  28   0 0.00  0.0    0 10.9 17 340   M    M   5 1      24 320
21  43  21  32   0  33   0 0.00  0.0    0  3.5  9 340   M    M   2 1       M   M
22  46  25  36   5  29   0 0.00  0.0    0  9.2 21 300   M    M   5        28 300
23  39  18  29  -1  36   0 0.00  0.0    0  6.0 12 150   M    M   5 1       M   M
24  36  32  34   4  31   0    M    M    0  9.7 18 130   M    M  10 12     25 140
25  37  34  36   7  29   0 0.00  0.0    0  8.3 14  20   M    M  10 1      18  20
26  39  30  35   6  30   0    M  0.0    M 10.2 18 190   M    M  10 1      21 190
27  36  25  31   3  34   0 0.00  0.0    0  9.1 20 310   M    M   2 1      22 290
28  52  23  38  10  27   0 0.00  0.0    0  9.0 15 240   M    M   0        16 210
29  37  25  31   4  34   0 0.00  0.0    0 17.9 27 320   M    M   5        36 320
================================================================================
SM 1461  844       724   0  0.84  0.0    338.3          M      103
================================================================================
AV 50.4 29.1                              11.7 FASTST   M    M   4    MAX(MPH)
                                 MISC ---->    32 310                 44 290
================================================================================
NOTES:
# LAST OF SEVERAL OCCURRENCES

COLUMN 17 PEAK WIND IN M.P.H.

PRELIMINARY LOCAL CLIMATOLOGICAL DATA (WS FORM: F-6) , PAGE 2

                                          STATION:   CHARLES_CITY IA
                                          MONTH:     NOVEMBER
                                          YEAR:      2020
                                          LATITUDE:   43  4 N
                                          LONGITUDE:  92 37 W

[TEMPERATURE DATA]      [PRECIPITATION DATA]       SYMBOLS USED IN COLUMN 16

AVERAGE MONTHLY: 39.7   TOTAL FOR MONTH:   0.84    1 = FOG OR MIST
DPTR FM NORMAL:   4.4   DPTR FM NORMAL:   -1.05    2 = FOG REDUCING VISIBILITY
HIGHEST:    75 ON  3    GRTST 24HR  0.47 ON 10-10      TO 1/4 MILE OR LESS
LOWEST:     14 ON 13                               3 = THUNDER
                        SNOW, ICE PELLETS, HAIL    4 = ICE PELLETS
                        TOTAL MONTH:   0.0 INCH    5 = HAIL
                        GRTST 24HR  0.0            6 = FREEZING RAIN OR DRIZZLE
                        GRTST DEPTH:  0            7 = DUSTSTORM OR SANDSTORM:
                                                       VSBY 1/2 MILE OR LESS
                                                   8 = SMOKE OR HAZE
[NO. OF DAYS WITH]      [WEATHER - DAYS WITH]      9 = BLOWING SNOW
                                                   X = TORNADO
MAX 32 OR BELOW:   0    0.01 INCH OR MORE:   3
MAX 90 OR ABOVE:   0    0.10 INCH OR MORE:   2
MIN 32 OR BELOW:  21    0.50 INCH OR MORE:   0
MIN  0 OR BELOW:   0    1.00 INCH OR MORE:   0

[HDD (BASE 65) ]
TOTAL THIS MO.   724    CLEAR  (SCALE 0-3)  17
DPTR FM NORMAL  -136    PTCLDY (SCALE 4-7)   7
TOTAL FM JUL 1  1545    CLOUDY (SCALE 8-10)  5
DPTR FM NORMAL    24

[CDD (BASE 65) ]
TOTAL THIS MO.     0
DPTR FM NORMAL     0    [PRESSURE DATA]
TOTAL FM JAN 1   727    HIGHEST SLP M ON M
DPTR FM NORMAL    61    LOWEST  SLP M ON M

[REMARKS]
