000
CXUS56 KSLC 301230
CF6CDC
PRELIMINARY LOCAL CLIMATOLOGICAL DATA (WS FORM: F-6)

                                          STATION:   CEDAR CITY UT
                                          MONTH:     NOVEMBER
                                          YEAR:      2020
                                          LATITUDE:   37 42 N
                                          LONGITUDE: 113  6 W

  TEMPERATURE IN F:       :PCPN:    SNOW:  WIND      :SUNSHINE: SKY     :PK WND
================================================================================
1   2   3   4   5  6A  6B    7    8   9   10  11  12  13   14  15   16   17  18
                                     12Z  AVG MX 2MIN
DY MAX MIN AVG DEP HDD CDD  WTR  SNW DPTH SPD SPD DIR MIN PSBL S-S WX    SPD DR
================================================================================

 1  71  28  50   6  15   0 0.00  0.0    0  3.5  9 150   M    M   0 8      12  30
 2  71  31  51   8  14   0 0.01    M    0  2.8 21 140   M    M   2 3      30 140
 3  74  41  58  15   7   0    T    M    0  6.4 23 130   M    M   3 38     32 130
 4  74  35  55  13  10   0 0.00  0.0    0  3.0 10 350   M    M   0        15  10
 5  76  34  55  13  10   0 0.00    M    0  3.9 21 160   M    M   0 8      30 170
 6  74  51  63  21   2   0    T  0.0    0 20.4 37 170   M    M   0 8      53 190
 7  59  31  45   4  20   0 0.13    M    0 20.9 38 180   M    M   7 1      49 180
 8  36  26  31 -10  34   0 0.12    M    0 14.5 30 200   M    M   9 12     38 210
 9  32  23  28 -12  37   0 0.06    M    0  5.9 15 210   M    M   8 1      19 200
10  39  16  28 -12  37   0 0.00  0.0    0  2.8  8 170   M    M   1        10 330
11  50  23  37  -3  28   0 0.00  0.0    0  6.5 17 230   M    M   0        19 230
12  45  23  34  -5  31   0 0.00  0.0    0  1.5  8 210   M    M   1        10  40
13  54  24  39   0  26   0 0.00  0.0    0 15.6 39 210   M    M   3        46 210
14  48  24  36  -2  29   0 0.00  0.0    0  7.7 39 210   M    M   1        47 210
15  62  25  44   6  21   0 0.00  0.0    0  5.7 13 220   M    M   0        17 230
16  69  27  48  11  17   0 0.00  0.0    0  6.0 17 220   M    M   0        21 210
17  69  39  54  17  11   0 0.00  0.0    0 13.5 31 210   M    M   0        39 210
18  66  49  58  22   7   0 0.00  0.0    0 22.7 41 200   M    M   0        54 200
19  61  32  47  11  18   0 0.00  0.0    0  4.5 12  20   M    M   0        15  40
20  49  25  37   1  28   0 0.00  0.0    0  2.3  8 340   M    M   2        10 330
21  52  25  39   4  26   0 0.00  0.0    0  3.2 12 330   M    M   0        13 330
22  50  21  36   1  29   0 0.00  0.0    0  2.0  7 130   M    M   0         9 340
23  51  23  37   3  28   0 0.04    M    0  6.7 18 150   M    M   5 18     24 150
24  41  22  32  -2  33   0 0.01    M    0  7.6 18 360   M    M   4 1      22 350
25  51  14  33  -1  32   0 0.00  0.0    0 10.4 26 230   M    M   0        32 200
26  37  18  28  -5  37   0    T    M    0 10.2 23  10   M    M   6        30 360
27  39   9  24  -9  41   0 0.00  0.0    0  5.7 14 360   M    M   0        18  10
28  48   9  29  -3  36   0 0.00  0.0    0  3.5  8  40   M    M   0        10  10
29  47  16  32   0  33   0 0.00  0.0    0  2.3  8 340   M    M   0        10 200
================================================================================
SM 1595  764       697   0  0.37     0.0 221.7          M       52
================================================================================
AV 55.0 26.3                               7.6 FASTST   M    M   2    MAX(MPH)
                                 MISC ---->  # 41 200               # 54  200
================================================================================
NOTES:
# LAST OF SEVERAL OCCURRENCES

COLUMN 17 PEAK WIND IN M.P.H.

PRELIMINARY LOCAL CLIMATOLOGICAL DATA (WS FORM: F-6) , PAGE 2

                                          STATION:  CEDAR CITY UT
                                          MONTH:    NOVEMBER
                                          YEAR:     2020
                                          LATITUDE:   37 42 N
                                          LONGITUDE: 113  6 W

[TEMPERATURE DATA]      [PRECIPITATION DATA]       SYMBOLS USED IN COLUMN 16

AVERAGE MONTHLY: 40.7   TOTAL FOR MONTH:   0.37    1 = FOG OR MIST
DPTR FM NORMAL:   2.9   DPTR FM NORMAL:   -0.53    2 = FOG REDUCING VISIBILITY
HIGHEST:    76 ON  5    GRTST 24HR  0.13 ON  7- 7      TO 1/4 MILE OR LESS
LOWEST:      9 ON 28,27                            3 = THUNDER
                        SNOW, ICE PELLETS, HAIL    4 = ICE PELLETS
                        TOTAL MONTH:   0.0 INCH    5 = HAIL
                        GRTST 24HR     0.0         6 = FREEZING RAIN OR DRIZZLE
                        GRTST DEPTH:   0           7 = DUSTSTORM OR SANDSTORM:
                                                       VSBY 1/2 MILE OR LESS
                                                   8 = SMOKE OR HAZE
[NO. OF DAYS WITH]      [WEATHER - DAYS WITH]      9 = BLOWING SNOW
                                                   X = TORNADO
MAX 32 OR BELOW:   1    0.01 INCH OR MORE:   6
MAX 90 OR ABOVE:   0    0.10 INCH OR MORE:   2
MIN 32 OR BELOW:  23    0.50 INCH OR MORE:   0
MIN  0 OR BELOW:   0    1.00 INCH OR MORE:   0

[HDD (BASE 65) ]
TOTAL THIS MO.   697    CLEAR  (SCALE 0-3)  23
DPTR FM NORMAL   -94    PTCLDY (SCALE 4-7)   4
TOTAL FM JUL 1  1127    CLOUDY (SCALE 8-10)  2
DPTR FM NORMAL  -283

[CDD (BASE 65) ]
TOTAL THIS MO.     0
DPTR FM NORMAL     0    [PRESSURE DATA]
TOTAL FM JAN 1   968    HIGHEST SLP M ON M
DPTR FM NORMAL   380    LOWEST  SLP 29.35 ON  7

[REMARKS]
