000
CXUS53 KILX 301000
CF6CMI
PRELIMINARY LOCAL CLIMATOLOGICAL DATA (WS FORM: F-6)

                                          STATION:   CHAMPAIGN IL AIRPORT
                                          MONTH:     NOVEMBER
                                          YEAR:      2020
                                          LATITUDE:   40  1 N
                                          LONGITUDE:  88 17 W

  TEMPERATURE IN F:       :PCPN:    SNOW:  WIND      :SUNSHINE: SKY     :PK WND
================================================================================
1   2   3   4   5  6A  6B    7    8   9   10  11  12  13   14  15   16   17  18
                                     12Z  AVG MX 2MIN
DY MAX MIN AVG DEP HDD CDD  WTR  SNW DPTH SPD SPD DIR MIN PSBL S-S WX    SPD DR
================================================================================

 1  53  23  38 -10  27   0 0.00    M    M 19.6 33 290   M    M   1        44 290
 2  54  18  36 -12  29   0 0.00    M    M 10.0 21 220   M    M   0        27 220
 3  70  32  51   4  14   0 0.00    M    M 10.8 18 200   M    M   0        24 190
 4  76  43  60  13   5   0 0.00    M    M 13.6 24 200   M    M   0        32 180
 5  73  47  60  13   5   0 0.00    M    M 11.1 20 220   M    M   0        25 230
 6  74  40  57  11   8   0 0.00    M    M  9.2 17 190   M    M   0 1      27 170
 7  73   M   M   M   M   M 0.00    M    M  9.2 18 220   M    M   0        25 230
 8  77  50  64  19   1   0 0.00    M    M 10.8 23 190   M    M   3        31 180
 9  78  54  66  21   0   1 0.00    M    M 13.5 25 200   M    M   4 8      32 170
10  75  45  60  16   5   0 0.17    M    M 20.1 37 270   M    M   9 138    47 260
11  47  31  39  -5  26   0 0.01    M    M  8.5 23 280   M    M   5        30 290
12  55  28  42  -2  23   0 0.00    M    M  5.3 15 120   M    M   2 1      19 130
13  44  24  34  -9  31   0 0.00    M    M  8.7 28 320   M    M   1        35 320
14  53  22  38  -4  27   0 0.58    M    M 15.3 29 150   M    M   6 13     39 130
15  57  32  45   3  20   0 0.14    M    M 20.8 39 270   M    M   5 1      52 270
16  57  29  43   1  22   0 0.00    M    M 12.9 26 210   M    M   0        36 210
17  45  29  37  -4  28   0 0.00    M    M 10.0 23 300   M    M   2        31 300
18  52  25  39  -1  26   0 0.00    M    M 16.0 29 170   M    M   0        36 170
19  68  43  56  16   9   0 0.00    M    M 23.8 40 190   M    M   0        52 190
20  68  49  59  19   6   0 0.13    M    M 12.5 25 190   M    M   7 1      34 190
21  49  40  45   6  20   0 0.21    M    M 12.1 20  30   M    M  10 1      25  20
22  45  34  40   2  25   0 0.30    M    M 13.4 23  70   M    M   9 1      31  70
23  48  28  38   0  27   0 0.04    M    M  4.9 12 220   M    M   2 1      14 230
24  50  40  45   7  20   0 0.38    M    M 14.2 24 150   M    M   9 1      32 140
25  56  46  51  14  14   0 0.33    M    M 12.6 24 280   M    M  10 1      30 280
26  47  39  43   7  22   0    M    M    M 11.0 17 270   M    M  10 1      24 270
27  48  29  39   3  26   0 0.00    M    M  6.5 16 320   M    M   4 12     20 320
28  48  24  36   1  29   0 0.00    M    M  6.9 15 190   M    M   0 1      19 190
29  49  30  40   5  25   0 0.05    M    M 10.1 25 340   M    M   2        34 340
================================================================================
SM 1689  974       520   1  2.34    M    353.4          M      101
================================================================================
AV 58.2 34.8                              12.2 FASTST   M    M   3    MAX(MPH)
                                 MISC ---->    40 190               # 52 270
================================================================================
NOTES:
# LAST OF SEVERAL OCCURRENCES

COLUMN 17 PEAK WIND IN M.P.H.

PRELIMINARY LOCAL CLIMATOLOGICAL DATA (WS FORM: F-6) , PAGE 2

                                          STATION:   CHAMPAIGN IL AIRPORT
                                          MONTH:     NOVEMBER
                                          YEAR:      2020
                                          LATITUDE:   40  1 N
                                          LONGITUDE:  88 17 W

[TEMPERATURE DATA]      [PRECIPITATION DATA]       SYMBOLS USED IN COLUMN 16

AVERAGE MONTHLY: 46.5   TOTAL FOR MONTH:   2.34    1 = FOG OR MIST
DPTR FM NORMAL:   4.7   DPTR FM NORMAL:   -1.05    2 = FOG REDUCING VISIBILITY
HIGHEST:    78 ON  9    GRTST 24HR  0.72 ON 14-15      TO 1/4 MILE OR LESS
LOWEST:     18 ON  2                               3 = THUNDER
                        SNOW, ICE PELLETS, HAIL    4 = ICE PELLETS
                        TOTAL MONTH:  M            5 = HAIL
                        GRTST 24HR    M  ON   M    6 = FREEZING RAIN OR DRIZZLE
                        GRTST DEPTH:  M  ON   M    7 = DUSTSTORM OR SANDSTORM:
                                                       VSBY 1/2 MILE OR LESS
                                                   8 = SMOKE OR HAZE
[NO. OF DAYS WITH]      [WEATHER - DAYS WITH]      9 = BLOWING SNOW
                                                   X = TORNADO
MAX 32 OR BELOW:   0    0.01 INCH OR MORE:  11
MAX 90 OR ABOVE:   0    0.10 INCH OR MORE:   8
MIN 32 OR BELOW:  15    0.50 INCH OR MORE:   1
MIN  0 OR BELOW:   0    1.00 INCH OR MORE:   0

[HDD (BASE 65) ]
TOTAL THIS MO.   520    CLEAR  (SCALE 0-3)  17
DPTR FM NORMAL  -153    PTCLDY (SCALE 4-7)   6
TOTAL FM JUL 1   986    CLOUDY (SCALE 8-10)  6
DPTR FM NORMAL  -148

[CDD (BASE 65) ]
TOTAL THIS MO.     1
DPTR FM NORMAL     1    [PRESSURE DATA]
TOTAL FM JAN 1  1060    HIGHEST SLP M ON M
DPTR FM NORMAL   116    LOWEST  SLP 29.43 ON 15

[REMARKS]
