000
CXUS54 KMAF 301210
CF6CNM
PRELIMINARY LOCAL CLIMATOLOGICAL DATA (WS FORM: F-6)

                                          STATION:   CARLSBAD
                                          MONTH:     NOVEMBER
                                          YEAR:      2020
                                          LATITUDE:   32 20 N
                                          LONGITUDE: 104 15 W

  TEMPERATURE IN F:       :PCPN:    SNOW:  WIND      :SUNSHINE: SKY     :PK WND
================================================================================
1   2   3   4   5  6A  6B    7    8   9   10  11  12  13   14  15   16   17  18
                                     12Z  AVG MX 2MIN
DY MAX MIN AVG DEP HDD CDD  WTR  SNW DPTH SPD SPD DIR MIN PSBL S-S WX    SPD DR
================================================================================

 1  70  46  58   1   7   0 0.00    M    M  5.6 12 340   M    M   0        13 350
 2  73  38  56  -1   9   0 0.00    M    M  7.9 15 140   M    M   0        20 120
 3  81  38  60   3   5   0 0.00    M    M  7.8 20 190   M    M   0        25 200
 4  83  40  62   6   3   0 0.00    M    M  4.6 14 270   M    M   0        15 270
 5  84  50  67  11   0   2 0.00    M    M  8.3 21 330   M    M   0        24 340
 6  80  43  62   7   3   0 0.00    M    M  7.6 17 150   M    M   0 8      22 160
 7  80  47  64   9   1   0 0.00    M    M 13.7 25 140   M    M   0        35 150
 8  85  49  67  12   0   2 0.00    M    M 11.1 30 210   M    M   2        38 210
 9  82  47  65  11   0   0 0.00    M    M 11.6 28 200   M    M   0        36 210
10  65  39  52  -2  13   0 0.00    M    M  7.7 20 230   M    M   0        22 240
11  72  35  54   1  11   0 0.00    M    M  7.0 16 260   M    M   0        22 250
12  76  35  56   3   9   0 0.00    M    M  5.6 16 280   M    M   0        20 280
13  60  41  51  -1  14   0 0.00    M    M  9.3 17 320   M    M   2        21 320
14  78  36  57   5   8   0 0.00    M    M 13.9 38 260   M    M   0 8      46 260
15  64  30  47  -5  18   0 0.00    M    M 10.3 22 160   M    M   0        29 160
16  76  33  55   4  10   0 0.00    M    M  5.4 12 250   M    M   0        12  10
17  71  38  55   4  10   0 0.00    M    M  7.9 16 160   M    M   0        19 150
18  77  36  57   7   8   0 0.00    M    M  8.8 18 150   M    M   0        22 150
19  86  40  63  13   2   0 0.00    M    M  5.5 17 260   M    M   0        20 250
20  72  43  58   8   7   0 0.00    M    M  8.9 22 320   M    M   0        26 350
21  67  46  57   8   8   0 0.00    M    M  7.3 17 330   M    M   0        20 320
22  53  45  49   0  16   0 0.06    M    M  9.2 23 340   M    M   8 18     28 340
23  65  48  57   8   8   0 0.04    M    M  6.4 18 160   M    M   6 1      21 160
24  70  41  56   8   9   0    T    M    M 14.5 38 250   M    M   0 12     46 250
25  70  30  50   2  15   0 0.00    M    M 10.0 26 250   M    M   0        30 260
26  74  39  57   9   8   0 0.00    M    M 10.1 23 250   M    M   0        30 280
27  53  38  46  -1  19   0 0.00    M    M  9.2 17 360   M    M   6        21 350
28  57  34  46  -1  19   0 0.00    M    M  4.7 12 330   M    M   3        14 310
29  59  27  43  -3  22   0 0.00    M    M 11.1 26 360   M    M   0        32  10
================================================================================
SM 2083 1152       262   4  0.10    M    251.0          M       27
================================================================================
AV 71.8 39.7                               8.7 FASTST   M    M   1    MAX(MPH)
                                 MISC ---->  # 38 260               # 46 260
================================================================================
NOTES:
# LAST OF SEVERAL OCCURRENCES

COLUMN 17 PEAK WIND IN M.P.H.

PRELIMINARY LOCAL CLIMATOLOGICAL DATA (WS FORM: F-6) , PAGE 2

                                          STATION:   CARLSBAD
                                          MONTH:     NOVEMBER
                                          YEAR:      2020
                                          LATITUDE:   32 20 N
                                          LONGITUDE: 104 15 W

[TEMPERATURE DATA]      [PRECIPITATION DATA]       SYMBOLS USED IN COLUMN 16

AVERAGE MONTHLY: 55.8   TOTAL FOR MONTH:   0.10    1 = FOG OR MIST
DPTR FM NORMAL:   4.0   DPTR FM NORMAL:   -0.51    2 = FOG REDUCING VISIBILITY
HIGHEST:    86 ON 19    GRTST 24HR  0.10 ON 22-23      TO 1/4 MILE OR LESS
LOWEST:     27 ON 29                               3 = THUNDER
                        SNOW, ICE PELLETS, HAIL    4 = ICE PELLETS
                        TOTAL MONTH:  M            5 = HAIL
                        GRTST 24HR    M  ON   M    6 = FREEZING RAIN OR DRIZZLE
                        GRTST DEPTH:  M  ON   M    7 = DUSTSTORM OR SANDSTORM:
                                                       VSBY 1/2 MILE OR LESS
                                                   8 = SMOKE OR HAZE
[NO. OF DAYS WITH]      [WEATHER - DAYS WITH]      9 = BLOWING SNOW
                                                   X = TORNADO
MAX 32 OR BELOW:   0    0.01 INCH OR MORE:   2
MAX 90 OR ABOVE:   0    0.10 INCH OR MORE:   0
MIN 32 OR BELOW:   3    0.50 INCH OR MORE:   0
MIN  0 OR BELOW:   0    1.00 INCH OR MORE:   0

[HDD (BASE 65) ]
TOTAL THIS MO.   262    CLEAR  (SCALE 0-3)  26
DPTR FM NORMAL  -124    PTCLDY (SCALE 4-7)   3
TOTAL FM JUL 1   459    CLOUDY (SCALE 8-10)  0
DPTR FM NORMAL   -55

[CDD (BASE 65) ]
TOTAL THIS MO.     4
DPTR FM NORMAL     4    [PRESSURE DATA]
TOTAL FM JAN 1  2601    HIGHEST SLP M ON M
DPTR FM NORMAL   516    LOWEST  SLP 29.59 ON  8

[REMARKS]
