000
CXUS54 KFWD 300830
CF6DAL
PRELIMINARY LOCAL CLIMATOLOGICAL DATA (WS FORM: F-6)

                                          STATION:   DALLAS LOVE FIELD
                                          MONTH:     NOVEMBER
                                          YEAR:      2020
                                          LATITUDE:   32 50 N
                                          LONGITUDE:  96 51 W

  TEMPERATURE IN F:       :PCPN:    SNOW:  WIND      :SUNSHINE: SKY     :PK WND
================================================================================
1   2   3   4   5  6A  6B    7    8   9   10  11  12  13   14  15   16   17  18
                                     12Z  AVG MX 2MIN
DY MAX MIN AVG DEP HDD CDD  WTR  SNW DPTH SPD SPD DIR MIN PSBL S-S WX    SPD DR
================================================================================

 1  74  46  60  -3   5   0 0.00  0.0    0  5.0 16  10   M    M   3        24  60
 2  72  40  56  -7   9   0 0.00  0.0    0  3.4 13 140   M    M   2        17 140
 3  79  44  62   0   3   0 0.00  0.0    0  6.6 14 160   M    M   2        22 160
 4  75  53  64   2   1   0 0.00  0.0    0 10.3 20 160   M    M   6        28 180
 5  77  59  68   6   0   3 0.00  0.0    0  9.4 16 180   M    M   5        25 170
 6  76  61  69   8   0   4 0.00  0.0    0  8.3 15 150   M    M   4        21 140
 7  77  54  66   5   0   1 0.00  0.0    0  6.3 14 130   M    M   1        19 140
 8  75  60  68   8   0   3    T  0.0    0  9.3 17 120   M    M   4 1      23 130
 9  82  65  74  14   0   9    T  0.0    0 11.1 21 140   M    M   5 1      30 150
10  77  55  66   6   0   1 0.00  0.0    0  8.8 21 310   M    M   5        34 170
11  75  46  61   2   4   0 0.00    M    0  3.0 12 110   M    M   0 8      16 120
12  81  55  68   9   0   3 0.00  0.0    0  7.7 16 180   M    M   3        25  10
13  77  58  68  10   0   3 0.00  0.0    0  4.5 16 330   M    M   5        22 330
14  83  67  75  17   0  10    T  0.0    0 11.4 23 200   M    M   7        39 190
15  76  45  61   3   4   0 0.00  0.0    0  8.2 31 340   M    M   1        42 330
16  72  39  56  -1   9   0 0.00  0.0    0  3.0 12 170   M    M   0        16 170
17  74  42  58   1   7   0 0.00  0.0    0  3.6 16 150   M    M   2        21 140
18  75  50  63   7   2   0 0.00  0.0    0 11.0 18 160   M    M   2        29 160
19  77  55  66  10   0   1 0.00  0.0    M 12.5 20 180   M    M   3 8      30 180
20  75  62  69  13   0   4 0.00  0.0    0  9.3 17 170   M    M   5        25 180
21  78  63  71  16   0   6 0.00  0.0    M  6.4 13 160   M    M   7 1      18 170
22  67  48  58   3   7   0    T    M    M  7.2 17 350   M    M   7        30  10
23  60  46  53  -1  12   0 0.00  0.0    0  7.0 15 150   M    M   8        20 160
24  73  53  63   9   2   0 0.26  0.0    0 10.5 24 310   M    M   8 138    31 310
25  65  46  56   3   9   0 0.00  0.0    0  7.3 21 320   M    M   1        30 320
26  74  43  59   6   6   0 0.00  0.0    0  6.4 14 170   M    M   2        20 170
27  65  54  60   7   5   0 0.00  0.0    0  7.5 15  30   M    M   8        23 290
28  60  47  54   2  11   0 0.45  0.0    0  7.2 14  90   M    M   9 1      23  90
29  54  45  50  -2  15   0 0.02  0.0    0 11.8 26 340   M    M   7 1      40 340
================================================================================
SM 2125 1501       111  48  0.73  0.0    224.0          M      122
================================================================================
AV 73.3 51.8                               7.7 FASTST   M    M   4    MAX(MPH)
                                 MISC ---->    31 340                 42 330
================================================================================
NOTES:
# LAST OF SEVERAL OCCURRENCES

COLUMN 17 PEAK WIND IN M.P.H.

PRELIMINARY LOCAL CLIMATOLOGICAL DATA (WS FORM: F-6) , PAGE 2

                                          STATION:   DALLAS LOVE FIELD
                                          MONTH:     NOVEMBER
                                          YEAR:      2020
                                          LATITUDE:   32 50 N
                                          LONGITUDE:  96 51 W

[TEMPERATURE DATA]      [PRECIPITATION DATA]       SYMBOLS USED IN COLUMN 16

AVERAGE MONTHLY: 62.5   TOTAL FOR MONTH:   0.73    1 = FOG OR MIST
DPTR FM NORMAL:   5.0   DPTR FM NORMAL:   -2.07    2 = FOG REDUCING VISIBILITY
HIGHEST:    83 ON 14    GRTST 24HR  0.47 ON 28-29      TO 1/4 MILE OR LESS
LOWEST:     39 ON 16                               3 = THUNDER
                        SNOW, ICE PELLETS, HAIL    4 = ICE PELLETS
                        TOTAL MONTH:   0.0 INCH    5 = HAIL
                        GRTST 24HR  0.0            6 = FREEZING RAIN OR DRIZZLE
                        GRTST DEPTH:  0            7 = DUSTSTORM OR SANDSTORM:
                                                       VSBY 1/2 MILE OR LESS
                                                   8 = SMOKE OR HAZE
[NO. OF DAYS WITH]      [WEATHER - DAYS WITH]      9 = BLOWING SNOW
                                                   X = TORNADO
MAX 32 OR BELOW:   0    0.01 INCH OR MORE:   3
MAX 90 OR ABOVE:   0    0.10 INCH OR MORE:   2
MIN 32 OR BELOW:   0    0.50 INCH OR MORE:   0
MIN  0 OR BELOW:   0    1.00 INCH OR MORE:   0

[HDD (BASE 65) ]
TOTAL THIS MO.   111    CLEAR  (SCALE 0-3)  12
DPTR FM NORMAL  -137    PTCLDY (SCALE 4-7)  15
TOTAL FM JUL 1   230    CLOUDY (SCALE 8-10)  2
DPTR FM NORMAL   -81

[CDD (BASE 65) ]
TOTAL THIS MO.    48
DPTR FM NORMAL    17    [PRESSURE DATA]
TOTAL FM JAN 1  3093    HIGHEST SLP M ON M
DPTR FM NORMAL   155    LOWEST  SLP 29.68 ON 14

[REMARKS]
