000
CXUS54 KAMA 290810
CF6DHT
PRELIMINARY LOCAL CLIMATOLOGICAL DATA (WS FORM: F-6)

                                          STATION:   DALHART
                                          MONTH:     NOVEMBER
                                          YEAR:      2020
                                          LATITUDE:   36  1 N
                                          LONGITUDE: 102 33 W

  TEMPERATURE IN F:       :PCPN:    SNOW:  WIND      :SUNSHINE: SKY     :PK WND
================================================================================
1   2   3   4   5  6A  6B    7    8   9   10  11  12  13   14  15   16   17  18
                                     12Z  AVG MX 2MIN
DY MAX MIN AVG DEP HDD CDD  WTR  SNW DPTH SPD SPD DIR MIN PSBL S-S WX    SPD DR
================================================================================

 1  68  32  50   0  15   0 0.00  0.0    0 10.9 26 230   M    M   0        32 210
 2  73  34  54   4  11   0 0.00  0.0    0 10.7 22 240   M    M   0        27 230
 3  77  35  56   7   9   0 0.00  0.0    0  9.3 23 210   M    M   0        27 210
 4  82  37  60  11   5   0 0.00  0.0    0  8.9 18  20   M    M   0        24 360
 5  80  47  64  15   1   0 0.00  0.0    0  9.2 21  10   M    M   0 8      26  10
 6  81  38  60  12   5   0 0.00  0.0    0 11.0 26 220   M    M   0 8      31 200
 7  76  41  59  11   6   0 0.00  0.0    M 18.6 33 170   M    M   0        40 160
 8  76  51  64  17   1   0 0.00  0.0    0 21.3 36 210   M    M   1        48 200
 9  75  33  54   7  11   0 0.00  0.0    0 16.9 30 240   M    M   3        48 230
10  59  25  42  -4  23   0 0.00  0.0    0 10.1 20 210   M    M   0        25 200
11  57  23  40  -6  25   0 0.00  0.0    0  6.7 14 160   M    M   0        16 170
12  58  23  41  -5  24   0 0.00  0.0    0 10.0 16  70   M    M   0        19  60
13  50  25  38  -7  27   0 0.00  0.0    0 12.1 24 210   M    M   0        27 220
14  69  28  49   4  16   0 0.00  0.0    0 19.4 44 260   M    M   1 8      55 260
15  63  19  41  -3  24   0 0.00  0.0    0  9.9 26 190   M    M   0        33 180
16  68  31  50   6  15   0 0.00  0.0    0  8.8 21  50   M    M   0        24  50
17  71  28  50   7  15   0 0.00  0.0    0 10.5 23 200   M    M   0        28 200
18  81  38  60  17   5   0 0.00  0.0    0 17.1 33 220   M    M   0        42 220
19  83  44  64  22   1   0 0.00  0.0    0 13.8 24 240   M    M   0        30 220
20  62  41  52  10  13   0 0.00  0.0    0 14.0 29  10   M    M   0        34 360
21  54  41  48   7  17   0 0.00  0.0    0  6.6 13 150   M    M   6        15 200
22  52  41  47   6  18   0 0.00  0.0    0 13.4 22  20   M    M  10 1      27  20
23  53  42  48   8  17   0 0.01  0.0    0 20.3 35 200   M    M  10 1      41 190
24  57  34  46   6  19   0 0.18  0.0    0 14.1 32 350   M    M   7 123    41 360
25  54  27  41   1  24   0 0.00  0.0    0  7.8 20 180   M    M   0        23 170
26  57  25  41   2  24   0 0.00  0.0    0 11.1 28 360   M    M   0        32 360
27  50  29  40   1  25   0    T  0.0    0 11.5 20  50   M    M   2        28  40
28  37  27  32  -6  33   0 0.35  3.2    0  3.2 17 330   M    M   9 128    19 170
================================================================================
SM 1823  939       429   0  0.54  3.2    337.2          M       49
================================================================================
AV 65.1 33.5                              12.0 FASTST   M    M   2    MAX(MPH)
                                 MISC ---->    44 260                 55 260
================================================================================
NOTES:
# LAST OF SEVERAL OCCURRENCES

COLUMN 17 PEAK WIND IN M.P.H.

PRELIMINARY LOCAL CLIMATOLOGICAL DATA (WS FORM: F-6) , PAGE 2

                                          STATION:   DALHART
                                          MONTH:     NOVEMBER
                                          YEAR:      2020
                                          LATITUDE:   36  1 N
                                          LONGITUDE: 102 33 W

[TEMPERATURE DATA]      [PRECIPITATION DATA]       SYMBOLS USED IN COLUMN 16

AVERAGE MONTHLY: 49.3   TOTAL FOR MONTH:   0.54    1 = FOG OR MIST
DPTR FM NORMAL:   5.0   DPTR FM NORMAL:   -0.01    2 = FOG REDUCING VISIBILITY
HIGHEST:    83 ON 19    GRTST 24HR  0.35 ON 27-28      TO 1/4 MILE OR LESS
LOWEST:     19 ON 15                               3 = THUNDER
                        SNOW, ICE PELLETS, HAIL    4 = ICE PELLETS
                        TOTAL MONTH:   3.2 INCHES  5 = HAIL
                        GRTST 24HR   3.2 ON 28-28  6 = FREEZING RAIN OR DRIZZLE
                        GRTST DEPTH:  0            7 = DUSTSTORM OR SANDSTORM:
                                                       VSBY 1/2 MILE OR LESS
                                                   8 = SMOKE OR HAZE
[NO. OF DAYS WITH]      [WEATHER - DAYS WITH]      9 = BLOWING SNOW
                                                   X = TORNADO
MAX 32 OR BELOW:   0    0.01 INCH OR MORE:   3
MAX 90 OR ABOVE:   0    0.10 INCH OR MORE:   2
MIN 32 OR BELOW:  13    0.50 INCH OR MORE:   0
MIN  0 OR BELOW:   0    1.00 INCH OR MORE:   0

[HDD (BASE 65) ]
TOTAL THIS MO.   429    CLEAR  (SCALE 0-3)  23
DPTR FM NORMAL  -150    PTCLDY (SCALE 4-7)   2
TOTAL FM JUL 1   841    CLOUDY (SCALE 8-10)  3
DPTR FM NORMAL   -98

[CDD (BASE 65) ]
TOTAL THIS MO.     0
DPTR FM NORMAL     0    [PRESSURE DATA]
TOTAL FM JAN 1  1631    HIGHEST SLP M ON M
DPTR FM NORMAL   493    LOWEST  SLP 29.57 ON  8

[REMARKS]
