000
CXUS54 KFWD 300830
CF6DTO
PRELIMINARY LOCAL CLIMATOLOGICAL DATA (WS FORM: F-6)

                                          STATION:   DENTON
                                          MONTH:     NOVEMBER
                                          YEAR:      2020
                                          LATITUDE:   33 12 N
                                          LONGITUDE:  97 12 W

  TEMPERATURE IN F:       :PCPN:    SNOW:  WIND      :SUNSHINE: SKY     :PK WND
================================================================================
1   2   3   4   5  6A  6B    7    8   9   10  11  12  13   14  15   16   17  18
                                     12Z  AVG MX 2MIN
DY MAX MIN AVG DEP HDD CDD  WTR  SNW DPTH SPD SPD DIR MIN PSBL S-S WX    SPD DR
================================================================================

 1  72  40  56  -4   9   0 0.00    M    M  6.6 17  30   M    M   0 1      22  30
 2  71  31  51  -8  14   0 0.00    M    M  3.2 13 160   M    M   0 8      17 160
 3  79  35  57  -2   8   0 0.00    M    M  5.9 20 200   M    M   0 18     25 190
 4  77  45  61   2   4   0 0.00    M    M 10.6 23 160   M    M   0        29 160
 5  79  57  68  10   0   3 0.00    M    M  9.5 22 180   M    M   1        28 200
 6  78  58  68  10   0   3 0.00    M    M  8.9 17 160   M    M   5        22 140
 7  76  47  62   4   3   0 0.00    M    M  5.4 15 130   M    M   0 1      21 130
 8  73  52  63   6   2   0 0.00    M    M  9.7 21 160   M    M   4 1      29 160
 9  80  62  71  14   0   6 0.00    M    M 12.8 24 170   M    M   4 1      35 170
10  71  43  57   1   8   0 0.00    M    M  9.7 21 320   M    M   4        30 170
11  74  36  55  -1  10   0 0.00    M    M  2.3  7  90   M    M   0        11  40
12  80  44  62   6   3   0    T  0.0    0  8.8 21 200   M    M   3        30 210
13  71  53  62   7   3   0 0.00  0.0    0  5.3 16  30   M    M   3        23  20
14  83  56  70  15   0   5    T  0.0    0 15.1 32 200   M    M   6        45 210
15  67  34  51  -4  14   0 0.00  0.0    0  5.9 29 350   M    M   0        43 350
16  71  29  50  -4  15   0 0.00  0.0    0  2.6 13 180   M    M   0        17 180
17  74  32  53  -1  12   0 0.00  0.0    0  4.6 16 150   M    M   0        21 160
18  76  37  57   4   8   0 0.00  0.0    0 10.6 22 180   M    M   0        29 150
19  77  54  66  13   0   1 0.00    M    M 14.6 23 190   M    M   1        31 180
20  76  58  67  14   0   2 0.00    M    M 10.5 21 170   M    M   2        31 180
21  79  58  69  17   0   4 0.00    M    M  6.6 16 190   M    M   8        22 190
22  62  39  51  -1  14   0    T    M    M 10.2 20 360   M    M   7        26  20
23  59  37  48  -3  17   0 0.00    M    M  8.5 16 140   M    M   7        23 160
24  73  52  63  12   2   0 0.69    M    M 13.6 46 310   M    M   7 13     55 300
25  64  37  51   1  14   0 0.00    M    M  6.8 22 310   M    M   0        31 310
26  73  33  53   3  12   0 0.00    M    M  7.4 17 160   M    M   0        24 190
27  65  48  57   7   8   0 0.00    M    M 10.1 20  10   M    M   3        24  20
28  60  42  51   2  14   0 0.42    M    M  6.8 15  70   M    M   5 1      22  80
29  54  41  48  -1  17   0 0.01    M    M 11.5 25 330   M    M   8 1      35 330
================================================================================
SM 2094 1290       211  24  1.12  0.0    244.1          M       78
================================================================================
AV 72.2 44.5                               8.4 FASTST   M    M   3    MAX(MPH)
                                 MISC ---->    46 310                 55 300
================================================================================
NOTES:
# LAST OF SEVERAL OCCURRENCES

COLUMN 17 PEAK WIND IN M.P.H.

PRELIMINARY LOCAL CLIMATOLOGICAL DATA (WS FORM: F-6) , PAGE 2

                                          STATION:   DENTON
                                          MONTH:     NOVEMBER
                                          YEAR:      2020
                                          LATITUDE:   33 12 N
                                          LONGITUDE:  97 12 W

[TEMPERATURE DATA]      [PRECIPITATION DATA]       SYMBOLS USED IN COLUMN 16

AVERAGE MONTHLY: 58.3   TOTAL FOR MONTH:   1.12    1 = FOG OR MIST
DPTR FM NORMAL:   3.9   DPTR FM NORMAL:   -1.68    2 = FOG REDUCING VISIBILITY
HIGHEST:    83 ON 14    GRTST 24HR  0.69 ON 24-24      TO 1/4 MILE OR LESS
LOWEST:     29 ON 16                               3 = THUNDER
                        SNOW, ICE PELLETS, HAIL    4 = ICE PELLETS
                        TOTAL MONTH:   0.0 INCH    5 = HAIL
                        GRTST 24HR  0.0            6 = FREEZING RAIN OR DRIZZLE
                        GRTST DEPTH:  0            7 = DUSTSTORM OR SANDSTORM:
                                                       VSBY 1/2 MILE OR LESS
                                                   8 = SMOKE OR HAZE
[NO. OF DAYS WITH]      [WEATHER - DAYS WITH]      9 = BLOWING SNOW
                                                   X = TORNADO
MAX 32 OR BELOW:   0    0.01 INCH OR MORE:   3
MAX 90 OR ABOVE:   0    0.10 INCH OR MORE:   2
MIN 32 OR BELOW:   3    0.50 INCH OR MORE:   1
MIN  0 OR BELOW:   0    1.00 INCH OR MORE:   0

[HDD (BASE 65) ]
TOTAL THIS MO.   211    CLEAR  (SCALE 0-3)  17
DPTR FM NORMAL  -109    PTCLDY (SCALE 4-7)  12
TOTAL FM JUL 1   387    CLOUDY (SCALE 8-10)  0
DPTR FM NORMAL   -43

[CDD (BASE 65) ]
TOTAL THIS MO.    24
DPTR FM NORMAL    12    [PRESSURE DATA]
TOTAL FM JAN 1  2568    HIGHEST SLP M ON M
DPTR FM NORMAL   152    LOWEST  SLP 29.66 ON 14

[REMARKS]
